{"id":97408,"date":"2018-12-10T18:19:51","date_gmt":"2018-12-10T17:19:51","guid":{"rendered":"https:\/\/cyclingpro.net\/velopro\/?page_id=97408"},"modified":"2018-12-10T18:19:51","modified_gmt":"2018-12-10T17:19:51","slug":"calendrier-francais-2019","status":"publish","type":"page","link":"https:\/\/cyclingpro.net\/velopro\/calendrier-route-2019\/calendrier-francais-2019\/","title":{"rendered":"Calendrier fran\u00e7ais 2019"},"content":{"rendered":"<table style=\"border-collapse: collapse; width: 628px;\" border=\"0\" width=\"348\" cellspacing=\"0\" cellpadding=\"0\">\n<colgroup>\n<col style=\"width: 65pt;\" span=\"4\" width=\"87\" \/> <\/colgroup>\n<tbody>\n<tr style=\"height: 16.0pt;\">\n<td class=\"xl66\" style=\"height: 16pt; width: 106.25px; text-align: left;\" align=\"right\" height=\"21\">03\/02<\/td>\n<td class=\"xl67\" style=\"width: 410px;\"><a href=\"https:\/\/cyclingpro.net\/velopro\/category\/course\/grand-prix-douverture-la-marseillaise\/\">Grand Prix d&rsquo;ouverture La Marseillaise<\/a><\/td>\n<td style=\"width: 48.75px;\">France<\/td>\n<td style=\"width: 56.25px;\">1.1<\/td>\n<\/tr>\n<tr style=\"height: 16.0pt;\">\n<td style=\"height: 16pt; text-align: left; width: 106.25px;\" height=\"21\">07\/02-10\/02<\/td>\n<td class=\"xl67\" style=\"width: 410px;\"><a href=\"https:\/\/cyclingpro.net\/velopro\/category\/course\/etoile-de-besseges\/\">\u00c9toile de Bess\u00e8ges<\/a><\/td>\n<td style=\"width: 48.75px;\">France<\/td>\n<td style=\"width: 56.25px;\">2.1<\/td>\n<\/tr>\n<tr style=\"height: 16.0pt;\">\n<td style=\"height: 16pt; text-align: left; width: 106.25px;\" height=\"21\">14\/02-17\/02<\/td>\n<td class=\"xl67\" style=\"width: 410px;\"><a href=\"https:\/\/cyclingpro.net\/velopro\/category\/course\/tour-la-provence\/\">Tour La Provence<\/a><\/td>\n<td style=\"width: 48.75px;\">France<\/td>\n<td style=\"width: 56.25px;\">2.1<\/td>\n<\/tr>\n<tr style=\"height: 16.0pt;\">\n<td style=\"height: 16pt; text-align: left; width: 106.25px;\" height=\"21\">22\/02-24\/02<\/td>\n<td class=\"xl67\" style=\"width: 410px;\"><a href=\"https:\/\/cyclingpro.net\/velopro\/category\/course\/tour-du-haut-var\/\">Tour du Haut Var<\/a><\/td>\n<td style=\"width: 48.75px;\">France<\/td>\n<td style=\"width: 56.25px;\">2.1<\/td>\n<\/tr>\n<tr style=\"height: 16.0pt;\">\n<td class=\"xl66\" style=\"height: 16pt; text-align: left; width: 106.25px;\" align=\"right\" height=\"21\">02\/03<\/td>\n<td class=\"xl67\" style=\"width: 410px;\"><a href=\"https:\/\/cyclingpro.net\/velopro\/category\/course\/boucles-drome-ardeche\/\">Classic de l&rsquo;Ard\u00e8che (Faun Environnement &#8211; Classic de l&rsquo;Ard\u00e8che Rh\u00f4ne Crussol)<\/a><\/td>\n<td style=\"width: 48.75px;\">France<\/td>\n<td style=\"width: 56.25px;\">1.1<\/td>\n<\/tr>\n<tr style=\"height: 16.0pt;\">\n<td class=\"xl66\" style=\"height: 16pt; text-align: left; width: 106.25px;\" align=\"right\" height=\"21\">03\/03<\/td>\n<td class=\"xl67\" style=\"width: 410px;\"><a href=\"https:\/\/cyclingpro.net\/velopro\/category\/course\/boucles-drome-ardeche\/\">Dr\u00f4me Classic (Royal Bernard Dr\u00f4me Classic)<\/a><\/td>\n<td style=\"width: 48.75px;\">France<\/td>\n<td style=\"width: 56.25px;\">1.1<\/td>\n<\/tr>\n<tr style=\"height: 16.0pt;\">\n<td style=\"height: 16pt; text-align: left; width: 106.25px;\" height=\"21\">10\/03-17\/03<\/td>\n<td class=\"xl67\" style=\"width: 410px;\"><a href=\"https:\/\/cyclingpro.net\/velopro\/category\/course\/paris-nice\/\">Paris-Nice<\/a><\/td>\n<td style=\"width: 48.75px;\">France<\/td>\n<td style=\"width: 56.25px;\">2.UWT<\/td>\n<\/tr>\n<tr style=\"height: 16.0pt;\">\n<td class=\"xl66\" style=\"height: 16pt; text-align: left; width: 106.25px;\" align=\"right\" height=\"21\">24\/03<\/td>\n<td class=\"xl67\" style=\"width: 410px;\"><a href=\"https:\/\/cyclingpro.net\/velopro\/category\/course\/grand-prix-de-denain\/\">Grand Prix de Denain<\/a><\/td>\n<td style=\"width: 48.75px;\">France<\/td>\n<td style=\"width: 56.25px;\">1.HC<\/td>\n<\/tr>\n<tr style=\"height: 16.0pt;\">\n<td class=\"xl66\" style=\"height: 16pt; text-align: left; width: 106.25px;\" align=\"right\" height=\"21\">30\/03<\/td>\n<td class=\"xl67\" style=\"width: 410px;\"><a href=\"https:\/\/cyclingpro.net\/velopro\/category\/course\/classic-loire-atlantique\/\">Classic Loire-Atlantique<\/a><\/td>\n<td style=\"width: 48.75px;\">France<\/td>\n<td style=\"width: 56.25px;\">1.1<\/td>\n<\/tr>\n<tr style=\"height: 16.0pt;\">\n<td class=\"xl66\" style=\"height: 16pt; text-align: left; width: 106.25px;\" align=\"right\" height=\"21\">31\/03<\/td>\n<td class=\"xl67\" style=\"width: 410px;\"><a href=\"https:\/\/cyclingpro.net\/velopro\/category\/course\/cholet-pays-de-la-loire\/\">Cholet Pays de la Loire<\/a><\/td>\n<td style=\"width: 48.75px;\">France<\/td>\n<td style=\"width: 56.25px;\">1.1<\/td>\n<\/tr>\n<tr style=\"height: 16.0pt;\">\n<td class=\"xl66\" style=\"height: 16pt; text-align: left; width: 106.25px;\" align=\"right\" height=\"21\">05\/04<\/td>\n<td class=\"xl67\" style=\"width: 410px;\"><a href=\"https:\/\/cyclingpro.net\/velopro\/category\/course\/route-adelie-de-vitre\/\">Route Ad\u00e9lie de Vitr\u00e9<\/a><\/td>\n<td style=\"width: 48.75px;\">France<\/td>\n<td style=\"width: 56.25px;\">1.1<\/td>\n<\/tr>\n<tr style=\"height: 16.0pt;\">\n<td class=\"xl66\" style=\"height: 16pt; text-align: left; width: 106.25px;\" align=\"right\" height=\"21\">07\/04<\/td>\n<td class=\"xl67\" style=\"width: 410px;\"><a href=\"https:\/\/cyclingpro.net\/velopro\/category\/course\/roue-tourangelle\/\">La Roue Tourangelle<\/a><\/td>\n<td style=\"width: 48.75px;\">France<\/td>\n<td style=\"width: 56.25px;\">1.1<\/td>\n<\/tr>\n<tr style=\"height: 16.0pt;\">\n<td style=\"height: 16pt; text-align: left; width: 106.25px;\" height=\"21\">09\/04-12\/04<\/td>\n<td class=\"xl67\" style=\"width: 410px;\"><a href=\"https:\/\/cyclingpro.net\/velopro\/category\/course\/circuit-de-la-sarthe\/\">Circuit de la Sarthe<\/a><\/td>\n<td style=\"width: 48.75px;\">France<\/td>\n<td style=\"width: 56.25px;\">2.1<\/td>\n<\/tr>\n<tr style=\"height: 16.0pt;\">\n<td class=\"xl66\" style=\"height: 16pt; text-align: left; width: 106.25px;\" align=\"right\" height=\"21\">14\/04<\/td>\n<td class=\"xl67\" style=\"width: 410px;\"><a href=\"https:\/\/cyclingpro.net\/velopro\/category\/course\/paris-roubaix\/\">Paris-Roubaix<\/a><\/td>\n<td style=\"width: 48.75px;\">France<\/td>\n<td style=\"width: 56.25px;\">1.UWT<\/td>\n<\/tr>\n<tr style=\"height: 16.0pt;\">\n<td class=\"xl66\" style=\"height: 16pt; text-align: left; width: 106.25px;\" align=\"right\" height=\"21\">16\/04<\/td>\n<td class=\"xl67\" style=\"width: 410px;\"><a href=\"https:\/\/cyclingpro.net\/velopro\/category\/course\/paris-camembert\/\">Paris-Camembert<\/a><\/td>\n<td style=\"width: 48.75px;\">France<\/td>\n<td style=\"width: 56.25px;\">1.1<\/td>\n<\/tr>\n<tr style=\"height: 16.0pt;\">\n<td class=\"xl66\" style=\"height: 16pt; text-align: left; width: 106.25px;\" align=\"right\" height=\"21\">20\/04<\/td>\n<td class=\"xl67\" style=\"width: 410px;\"><a href=\"https:\/\/cyclingpro.net\/velopro\/category\/course\/tour-du-finistere\/\">Tour du Finist\u00e8re<\/a><\/td>\n<td style=\"width: 48.75px;\">France<\/td>\n<td style=\"width: 56.25px;\">1.1<\/td>\n<\/tr>\n<tr style=\"height: 16.0pt;\">\n<td class=\"xl66\" style=\"height: 16pt; text-align: left; width: 106.25px;\" align=\"right\" height=\"21\">22\/04<\/td>\n<td class=\"xl67\" style=\"width: 410px;\"><a href=\"https:\/\/cyclingpro.net\/velopro\/category\/course\/tro-bro-leon\/\">Tro Bro Leon<\/a><\/td>\n<td style=\"width: 48.75px;\">France<\/td>\n<td style=\"width: 56.25px;\">1.1<\/td>\n<\/tr>\n<tr style=\"height: 16.0pt;\">\n<td style=\"height: 16pt; text-align: left; width: 106.25px;\" height=\"21\">14\/05-19\/05<\/td>\n<td class=\"xl67\" style=\"width: 410px;\"><a href=\"https:\/\/cyclingpro.net\/velopro\/category\/course\/quatre-jours-de-dunkerque-grand-prix-des-hauts-de-france\/\">4 Jours de Dunkerque &#8211; Grand Prix des Hauts de France<\/a><\/td>\n<td style=\"width: 48.75px;\">France<\/td>\n<td style=\"width: 56.25px;\">2.HC<\/td>\n<\/tr>\n<tr style=\"height: 16.0pt;\">\n<td style=\"height: 16pt; text-align: left; width: 106.25px;\" height=\"21\">24\/05-26\/05<\/td>\n<td class=\"xl67\" style=\"width: 410px;\"><a href=\"https:\/\/cyclingpro.net\/velopro\/category\/course\/tour-de-lain\/\">Tour de l&rsquo;Ain<\/a><\/td>\n<td style=\"width: 48.75px;\">France<\/td>\n<td style=\"width: 56.25px;\">2.1<\/td>\n<\/tr>\n<tr style=\"height: 16.0pt;\">\n<td class=\"xl66\" style=\"height: 16pt; text-align: left; width: 106.25px;\" align=\"right\" height=\"21\">01\/06<\/td>\n<td class=\"xl67\" style=\"width: 410px;\"><a href=\"https:\/\/cyclingpro.net\/velopro\/category\/course\/grand-prix-de-plumelec\/\">Grand Prix de Plumelec<\/a><\/td>\n<td style=\"width: 48.75px;\">France<\/td>\n<td style=\"width: 56.25px;\">1.1<\/td>\n<\/tr>\n<tr style=\"height: 16.0pt;\">\n<td class=\"xl66\" style=\"height: 16pt; text-align: left; width: 106.25px;\" align=\"right\" height=\"21\">02\/06<\/td>\n<td class=\"xl67\" style=\"width: 410px;\"><a href=\"https:\/\/cyclingpro.net\/velopro\/category\/course\/boucles-de-laulne\/\">Boucles de l&rsquo;Aulne<\/a><\/td>\n<td style=\"width: 48.75px;\">France<\/td>\n<td style=\"width: 56.25px;\">1.1<\/td>\n<\/tr>\n<tr style=\"height: 16.0pt;\">\n<td style=\"height: 16pt; text-align: left; width: 106.25px;\" height=\"21\">06\/06-08\/06<\/td>\n<td class=\"xl67\" style=\"width: 410px;\"><a href=\"https:\/\/cyclingpro.net\/velopro\/category\/course\/boucles-de-la-mayenne\/\">Boucles de la Mayenne<\/a><\/td>\n<td style=\"width: 48.75px;\">France<\/td>\n<td style=\"width: 56.25px;\">2.1<\/td>\n<\/tr>\n<tr style=\"height: 16.0pt;\">\n<td style=\"height: 16pt; text-align: left; width: 106.25px;\" height=\"21\">09\/06-16\/06<\/td>\n<td class=\"xl67\" style=\"width: 410px;\"><a href=\"https:\/\/cyclingpro.net\/velopro\/category\/course\/criterium-du-dauphine\/\">Crit\u00e9rium du Dauphin\u00e9<\/a><\/td>\n<td style=\"width: 48.75px;\">France<\/td>\n<td style=\"width: 56.25px;\">2.UWT<\/td>\n<\/tr>\n<tr style=\"height: 16.0pt;\">\n<td class=\"xl66\" style=\"height: 16pt; text-align: left; width: 106.25px;\" align=\"right\" height=\"21\">17\/06<\/td>\n<td class=\"xl67\" style=\"width: 410px;\"><a href=\"https:\/\/cyclingpro.net\/velopro\/category\/course\/mont-ventoux-denivele-challenge\/\">Mont Ventoux D\u00e9nivel\u00e9 Challenge<\/a><\/td>\n<td style=\"width: 48.75px;\">France<\/td>\n<td style=\"width: 56.25px;\">1.1<\/td>\n<\/tr>\n<tr style=\"height: 16.0pt;\">\n<td style=\"height: 16pt; text-align: left; width: 106.25px;\" height=\"21\">20\/06-23\/06<\/td>\n<td class=\"xl67\" style=\"width: 410px;\"><a href=\"https:\/\/cyclingpro.net\/velopro\/category\/course\/route-doccitanie\/\">Route d&rsquo;Occitanie<\/a><\/td>\n<td style=\"width: 48.75px;\">France<\/td>\n<td style=\"width: 56.25px;\">2.1<\/td>\n<\/tr>\n<tr style=\"height: 16.0pt;\">\n<td style=\"height: 16pt; text-align: left; width: 106.25px;\" height=\"21\">06\/07-28\/07<\/td>\n<td class=\"xl67\" style=\"width: 410px;\"><a href=\"https:\/\/cyclingpro.net\/velopro\/category\/course\/tour-de-france\/\">Tour de France<\/a><\/td>\n<td style=\"width: 48.75px;\">France<\/td>\n<td style=\"width: 56.25px;\">2.UWT<\/td>\n<\/tr>\n<tr style=\"height: 16.0pt;\">\n<td class=\"xl65\" style=\"height: 16pt; text-align: left; width: 106.25px;\" height=\"21\">16\/08-25\/08<\/td>\n<td class=\"xl67\" style=\"width: 410px;\"><a href=\"https:\/\/cyclingpro.net\/velopro\/category\/course\/tour-de-lavenir\/\">Tour de l&rsquo;Avenir<\/a><\/td>\n<td class=\"xl65\" style=\"width: 48.75px;\">France<\/td>\n<td class=\"xl65\" style=\"width: 56.25px;\">Espoirs<\/td>\n<\/tr>\n<tr style=\"height: 16.0pt;\">\n<td class=\"xl66\" style=\"height: 16pt; text-align: left; width: 106.25px;\" align=\"right\" height=\"21\">18\/08<\/td>\n<td class=\"xl67\" style=\"width: 410px;\"><a href=\"https:\/\/cyclingpro.net\/velopro\/category\/course\/polynormande\/\">La Polynormande<\/a><\/td>\n<td style=\"width: 48.75px;\">France<\/td>\n<td style=\"width: 56.25px;\">1.1<\/td>\n<\/tr>\n<tr style=\"height: 16.0pt;\">\n<td style=\"height: 16pt; text-align: left; width: 106.25px;\" height=\"21\">21\/08-24\/08<\/td>\n<td class=\"xl67\" style=\"width: 410px;\"><a href=\"https:\/\/cyclingpro.net\/velopro\/category\/course\/tourdulimousin\/\">Tour du Limousin<\/a><\/td>\n<td style=\"width: 48.75px;\">France<\/td>\n<td style=\"width: 56.25px;\">2.1<\/td>\n<\/tr>\n<tr style=\"height: 16.0pt;\">\n<td style=\"height: 16pt; text-align: left; width: 106.25px;\" height=\"21\">27\/08-30\/08<\/td>\n<td class=\"xl67\" style=\"width: 410px;\"><a href=\"https:\/\/cyclingpro.net\/velopro\/category\/course\/tour-poitou-charentes\/\">Tour Poitou-Charente<\/a><\/td>\n<td style=\"width: 48.75px;\">France<\/td>\n<td style=\"width: 56.25px;\">2.1<\/td>\n<\/tr>\n<tr style=\"height: 16.0pt;\">\n<td class=\"xl66\" style=\"height: 16pt; text-align: left; width: 106.25px;\" align=\"right\" height=\"21\">01\/09<\/td>\n<td class=\"xl67\" style=\"width: 410px;\"><a href=\"https:\/\/cyclingpro.net\/velopro\/category\/course\/bretagne-classic\/\">Bretagne Classic (Grand Prix de Plouay)<\/a><\/td>\n<td style=\"width: 48.75px;\">France<\/td>\n<td style=\"width: 56.25px;\">1.UWT<\/td>\n<\/tr>\n<tr style=\"height: 16.0pt;\">\n<td class=\"xl66\" style=\"height: 16pt; text-align: left; width: 106.25px;\" align=\"right\" height=\"21\">08\/09<\/td>\n<td class=\"xl67\" style=\"width: 410px;\"><a href=\"https:\/\/cyclingpro.net\/velopro\/category\/course\/grand-prix-de-fourmies\/\">Grand Prix de Fourmies<\/a><\/td>\n<td style=\"width: 48.75px;\">France<\/td>\n<td style=\"width: 56.25px;\">1.HC<\/td>\n<\/tr>\n<tr style=\"height: 16.0pt;\">\n<td class=\"xl66\" style=\"height: 16pt; text-align: left; width: 106.25px;\" align=\"right\" height=\"21\">15\/09<\/td>\n<td class=\"xl67\" style=\"width: 410px;\"><a href=\"https:\/\/cyclingpro.net\/velopro\/category\/course\/tour-du-doubs\/\">Tour du Doubs<\/a><\/td>\n<td style=\"width: 48.75px;\">France<\/td>\n<td style=\"width: 56.25px;\">1.1<\/td>\n<\/tr>\n<tr style=\"height: 16.0pt;\">\n<td class=\"xl66\" style=\"height: 16pt; text-align: left; width: 106.25px;\" align=\"right\" height=\"21\">22\/09<\/td>\n<td class=\"xl67\" style=\"width: 410px;\"><a href=\"https:\/\/cyclingpro.net\/velopro\/category\/course\/grand-prix-disbergues\/\">Grand Prix d&rsquo;Isbergues<\/a><\/td>\n<td style=\"width: 48.75px;\">France<\/td>\n<td style=\"width: 56.25px;\">1.1<\/td>\n<\/tr>\n<tr style=\"height: 16.0pt;\">\n<td class=\"xl66\" style=\"height: 16pt; text-align: left; width: 106.25px;\" align=\"right\" height=\"21\">22\/09<\/td>\n<td class=\"xl67\" style=\"width: 410px;\"><a href=\"https:\/\/cyclingpro.net\/velopro\/category\/course\/duo-normand\/\">Duo Normand<\/a><\/td>\n<td style=\"width: 48.75px;\">France<\/td>\n<td style=\"width: 56.25px;\">1.1<\/td>\n<\/tr>\n<tr style=\"height: 16.0pt;\">\n<td class=\"xl66\" style=\"height: 16pt; text-align: left; width: 106.25px;\" align=\"right\" height=\"21\">29\/09<\/td>\n<td class=\"xl67\" style=\"width: 410px;\"><a href=\"https:\/\/cyclingpro.net\/velopro\/category\/course\/paris-chauny\/\">Paris-Chauny (Classique)<\/a><\/td>\n<td style=\"width: 48.75px;\">France<\/td>\n<td style=\"width: 56.25px;\">1.1<\/td>\n<\/tr>\n<tr style=\"height: 16.0pt;\">\n<td class=\"xl66\" style=\"height: 16pt; text-align: left; width: 106.25px;\" align=\"right\" height=\"21\">06\/10<\/td>\n<td class=\"xl67\" style=\"width: 410px;\"><a href=\"https:\/\/cyclingpro.net\/velopro\/category\/course\/tour-de-vendee\/\">Tour de Vend\u00e9e<\/a><\/td>\n<td style=\"width: 48.75px;\">France<\/td>\n<td style=\"width: 56.25px;\">1.1<\/td>\n<\/tr>\n<tr style=\"height: 16.0pt;\">\n<td class=\"xl66\" style=\"height: 16pt; text-align: left; width: 106.25px;\" align=\"right\" height=\"21\">10\/10<\/td>\n<td class=\"xl67\" style=\"width: 410px;\"><a href=\"https:\/\/cyclingpro.net\/velopro\/category\/course\/paris-bourges\/\">Paris-Bourges<\/a><\/td>\n<td style=\"width: 48.75px;\">France<\/td>\n<td style=\"width: 56.25px;\">1.1<\/td>\n<\/tr>\n<tr style=\"height: 16.0pt;\">\n<td class=\"xl66\" style=\"height: 16pt; text-align: left; width: 106.25px;\" align=\"right\" height=\"21\">13\/10<\/td>\n<td class=\"xl67\" style=\"width: 410px;\"><a href=\"https:\/\/cyclingpro.net\/velopro\/category\/course\/paris-tours\/\">Paris-Tours<\/a><\/td>\n<td style=\"width: 48.75px;\">France<\/td>\n<td style=\"width: 56.25px;\">1.1<\/td>\n<\/tr>\n<tr style=\"height: 16.0pt;\">\n<td class=\"xl66\" style=\"height: 16pt; text-align: left; width: 106.25px;\" align=\"right\" height=\"21\">20\/10<\/td>\n<td class=\"xl67\" style=\"width: 410px;\"><a href=\"https:\/\/cyclingpro.net\/velopro\/category\/course\/chrono-des-nations\/\">Chrono des Nations<\/a><\/td>\n<td style=\"width: 48.75px;\">France<\/td>\n<td style=\"width: 56.25px;\">1.1<\/td>\n<\/tr>\n<\/tbody>\n<\/table>\n","protected":false},"excerpt":{"rendered":"<p>03\/02 Grand Prix d&rsquo;ouverture La Marseillaise France 1.1 07\/02-10\/02 \u00c9toile de Bess\u00e8ges France 2.1 14\/02-17\/02 Tour La Provence France 2.1 22\/02-24\/02 Tour du Haut Var France 2.1 02\/03 Classic de l&rsquo;Ard\u00e8che (Faun Environnement &#8211; Classic de l&rsquo;Ard\u00e8che Rh\u00f4ne Crussol) France 1.1 03\/03 Dr\u00f4me Classic (Royal Bernard Dr\u00f4me Classic) France 1.1 10\/03-17\/03 Paris-Nice France 2.UWT 24\/03 &hellip;<\/p>\n","protected":false},"author":4,"featured_media":0,"parent":95900,"menu_order":0,"comment_status":"closed","ping_status":"closed","template":"","meta":{"footnotes":""},"class_list":["post-97408","page","type-page","status-publish","hentry"],"_links":{"self":[{"href":"https:\/\/cyclingpro.net\/velopro\/wp-json\/wp\/v2\/pages\/97408","targetHints":{"allow":["GET"]}}],"collection":[{"href":"https:\/\/cyclingpro.net\/velopro\/wp-json\/wp\/v2\/pages"}],"about":[{"href":"https:\/\/cyclingpro.net\/velopro\/wp-json\/wp\/v2\/types\/page"}],"author":[{"embeddable":true,"href":"https:\/\/cyclingpro.net\/velopro\/wp-json\/wp\/v2\/users\/4"}],"replies":[{"embeddable":true,"href":"https:\/\/cyclingpro.net\/velopro\/wp-json\/wp\/v2\/comments?post=97408"}],"version-history":[{"count":0,"href":"https:\/\/cyclingpro.net\/velopro\/wp-json\/wp\/v2\/pages\/97408\/revisions"}],"up":[{"embeddable":true,"href":"https:\/\/cyclingpro.net\/velopro\/wp-json\/wp\/v2\/pages\/95900"}],"wp:attachment":[{"href":"https:\/\/cyclingpro.net\/velopro\/wp-json\/wp\/v2\/media?parent=97408"}],"curies":[{"name":"wp","href":"https:\/\/api.w.org\/{rel}","templated":true}]}}