{"version":"1.0","provider_name":"V\u00e9loPro.fr","provider_url":"https:\/\/cyclingpro.net\/velopro","author_name":"Nicolas Horlait","author_url":"https:\/\/cyclingpro.net\/velopro\/author\/nhorlait\/","title":"Petr Vakoc : \u00ab J'ai fait beaucoup de travail psychologique \u00bb - V\u00e9loPro.fr","type":"rich","width":600,"height":338,"html":"<blockquote class=\"wp-embedded-content\" data-secret=\"OMPiT0KTJy\"><a href=\"https:\/\/cyclingpro.net\/velopro\/une\/petr-vakoc-jai-fait-beaucoup-de-travail-psychologique\/\">Petr Vakoc : \u00ab J&rsquo;ai fait beaucoup de travail psychologique \u00bb<\/a><\/blockquote><iframe sandbox=\"allow-scripts\" security=\"restricted\" src=\"https:\/\/cyclingpro.net\/velopro\/une\/petr-vakoc-jai-fait-beaucoup-de-travail-psychologique\/embed\/#?secret=OMPiT0KTJy\" width=\"600\" height=\"338\" title=\"\u00ab\u00a0Petr Vakoc : \u00ab J&rsquo;ai fait beaucoup de travail psychologique \u00bb\u00a0\u00bb &#8212; V\u00e9loPro.fr\" data-secret=\"OMPiT0KTJy\" frameborder=\"0\" marginwidth=\"0\" marginheight=\"0\" scrolling=\"no\" class=\"wp-embedded-content\"><\/iframe><script type=\"text\/javascript\">\n\/* <![CDATA[ *\/\n\/*! This file is auto-generated *\/\n!function(d,l){\"use strict\";l.querySelector&&d.addEventListener&&\"undefined\"!=typeof URL&&(d.wp=d.wp||{},d.wp.receiveEmbedMessage||(d.wp.receiveEmbedMessage=function(e){var t=e.data;if((t||t.secret||t.message||t.value)&&!\/[^a-zA-Z0-9]\/.test(t.secret)){for(var s,r,n,a=l.querySelectorAll('iframe[data-secret=\"'+t.secret+'\"]'),o=l.querySelectorAll('blockquote[data-secret=\"'+t.secret+'\"]'),c=new RegExp(\"^https?:$\",\"i\"),i=0;i<o.length;i++)o[i].style.display=\"none\";for(i=0;i<a.length;i++)s=a[i],e.source===s.contentWindow&&(s.removeAttribute(\"style\"),\"height\"===t.message?(1e3<(r=parseInt(t.value,10))?r=1e3:~~r<200&&(r=200),s.height=r):\"link\"===t.message&&(r=new URL(s.getAttribute(\"src\")),n=new URL(t.value),c.test(n.protocol))&&n.host===r.host&&l.activeElement===s&&(d.top.location.href=t.value))}},d.addEventListener(\"message\",d.wp.receiveEmbedMessage,!1),l.addEventListener(\"DOMContentLoaded\",function(){for(var e,t,s=l.querySelectorAll(\"iframe.wp-embedded-content\"),r=0;r<s.length;r++)(t=(e=s[r]).getAttribute(\"data-secret\"))||(t=Math.random().toString(36).substring(2,12),e.src+=\"#?secret=\"+t,e.setAttribute(\"data-secret\",t)),e.contentWindow.postMessage({message:\"ready\",secret:t},\"*\")},!1)))}(window,document);\n\/* ]]> *\/\n<\/script>\n","thumbnail_url":"https:\/\/cyclingpro.net\/velopro\/wp-content\/uploads\/2018\/07\/662888173.jpg","thumbnail_width":1050,"thumbnail_height":698,"description":"Renvers\u00e9 \u00e0 la fin du mois de janvier avec son co\u00e9quipier Laurens De Plus par un camion alors que les deux coureurs \u00e9taient en stage en Afrique du Sud, le coureur tch\u00e8que de la Quick-Step avait \u00e9t\u00e9 op\u00e9r\u00e9 avec succ\u00e8s dans la foul\u00e9e de l&rsquo;accident. Il avait alors plusieurs vert\u00e8bres fractur\u00e9es. Remont\u00e9 sur un v\u00e9lo &hellip;"}

VéloPro.fr

Petr Vakoc : « J'ai fait beaucoup de travail psychologique » - VéloPro.fr

<blockquote class="wp-embedded-content" data-secret="OMPiT0KTJy"><a href="https://cyclingpro.net/velopro/une/petr-vakoc-jai-fait-beaucoup-de-travail-psychologique/">Petr Vakoc : « J&rsquo;ai fait beaucoup de travail psychologique »</a></blockquote><iframe sandbox="allow-scripts" security="restricted" src="https://cyclingpro.net/velopro/une/petr-vakoc-jai-fait-beaucoup-de-travail-psychologique/embed/#?secret=OMPiT0KTJy" width="600" height="338" title="« Petr Vakoc : « J&rsquo;ai fait beaucoup de travail psychologique » » &#8212; VéloPro.fr" data-secret="OMPiT0KTJy" frameborder="0" marginwidth="0" marginheight="0" scrolling="no" class="wp-embedded-content"></iframe><script type="text/javascript">
/* <![CDATA[ */
/*! This file is auto-generated */
!function(d,l){"use strict";l.querySelector&&d.addEventListener&&"undefined"!=typeof URL&&(d.wp=d.wp||{},d.wp.receiveEmbedMessage||(d.wp.receiveEmbedMessage=function(e){var t=e.data;if((t||t.secret||t.message||t.value)&&!/[^a-zA-Z0-9]/.test(t.secret)){for(var s,r,n,a=l.querySelectorAll('iframe[data-secret="'+t.secret+'"]'),o=l.querySelectorAll('blockquote[data-secret="'+t.secret+'"]'),c=new RegExp("^https?:$","i"),i=0;i<o.length;i++)o[i].style.display="none";for(i=0;i<a.length;i++)s=a[i],e.source===s.contentWindow&&(s.removeAttribute("style"),"height"===t.message?(1e3<(r=parseInt(t.value,10))?r=1e3:~~r<200&&(r=200),s.height=r):"link"===t.message&&(r=new URL(s.getAttribute("src")),n=new URL(t.value),c.test(n.protocol))&&n.host===r.host&&l.activeElement===s&&(d.top.location.href=t.value))}},d.addEventListener("message",d.wp.receiveEmbedMessage,!1),l.addEventListener("DOMContentLoaded",function(){for(var e,t,s=l.querySelectorAll("iframe.wp-embedded-content"),r=0;r<s.length;r++)(t=(e=s[r]).getAttribute("data-secret"))||(t=Math.random().toString(36).substring(2,12),e.src+="#?secret="+t,e.setAttribute("data-secret",t)),e.contentWindow.postMessage({message:"ready",secret:t},"*")},!1)))}(window,document);
/* ]]> */
</script>

Renversé à la fin du mois de janvier avec son coéquipier Laurens De Plus par un camion alors que les deux coureurs étaient en stage en Afrique du Sud, le coureur tchèque de la Quick-Step avait été opéré avec succès dans la foulée de l&rsquo;accident. Il avait alors plusieurs vertèbres fracturées. Remonté sur un vélo &hellip;
