{"version":"1.0","provider_name":"V\u00e9loPro.fr","provider_url":"https:\/\/cyclingpro.net\/velopro","author_name":"Brice Vercelot","author_url":"https:\/\/cyclingpro.net\/velopro\/author\/bvercelot\/","title":"Nouveau sponsor pour BMC - V\u00e9loPro.fr","type":"rich","width":600,"height":338,"html":"<blockquote class=\"wp-embedded-content\" data-secret=\"Qd8MRZw0dY\"><a href=\"https:\/\/cyclingpro.net\/velopro\/sponsors\/nouveau-sponsor-pour-bmc\/\">Nouveau sponsor pour BMC<\/a><\/blockquote><iframe sandbox=\"allow-scripts\" security=\"restricted\" src=\"https:\/\/cyclingpro.net\/velopro\/sponsors\/nouveau-sponsor-pour-bmc\/embed\/#?secret=Qd8MRZw0dY\" width=\"600\" height=\"338\" title=\"\u00ab\u00a0Nouveau sponsor pour BMC\u00a0\u00bb &#8212; V\u00e9loPro.fr\" data-secret=\"Qd8MRZw0dY\" frameborder=\"0\" marginwidth=\"0\" marginheight=\"0\" scrolling=\"no\" class=\"wp-embedded-content\"><\/iframe><script type=\"text\/javascript\">\n\/* <![CDATA[ *\/\n\/*! This file is auto-generated *\/\n!function(d,l){\"use strict\";l.querySelector&&d.addEventListener&&\"undefined\"!=typeof URL&&(d.wp=d.wp||{},d.wp.receiveEmbedMessage||(d.wp.receiveEmbedMessage=function(e){var t=e.data;if((t||t.secret||t.message||t.value)&&!\/[^a-zA-Z0-9]\/.test(t.secret)){for(var s,r,n,a=l.querySelectorAll('iframe[data-secret=\"'+t.secret+'\"]'),o=l.querySelectorAll('blockquote[data-secret=\"'+t.secret+'\"]'),c=new RegExp(\"^https?:$\",\"i\"),i=0;i<o.length;i++)o[i].style.display=\"none\";for(i=0;i<a.length;i++)s=a[i],e.source===s.contentWindow&&(s.removeAttribute(\"style\"),\"height\"===t.message?(1e3<(r=parseInt(t.value,10))?r=1e3:~~r<200&&(r=200),s.height=r):\"link\"===t.message&&(r=new URL(s.getAttribute(\"src\")),n=new URL(t.value),c.test(n.protocol))&&n.host===r.host&&l.activeElement===s&&(d.top.location.href=t.value))}},d.addEventListener(\"message\",d.wp.receiveEmbedMessage,!1),l.addEventListener(\"DOMContentLoaded\",function(){for(var e,t,s=l.querySelectorAll(\"iframe.wp-embedded-content\"),r=0;r<s.length;r++)(t=(e=s[r]).getAttribute(\"data-secret\"))||(t=Math.random().toString(36).substring(2,12),e.src+=\"#?secret=\"+t,e.setAttribute(\"data-secret\",t)),e.contentWindow.postMessage({message:\"ready\",secret:t},\"*\")},!1)))}(window,document);\n\/* ]]> *\/\n<\/script>\n","thumbnail_url":"https:\/\/cyclingpro.net\/velopro\/wp-content\/uploads\/2018\/02\/BMC-StefanKung-illustr-winningTTT-stage3-vueltavalencia2018.jpg","thumbnail_width":1050,"thumbnail_height":525,"description":"Le patron de l&rsquo;\u00e9quipe BMC Jim Ochowicz avait annonc\u00e9 ces derniers mois qu&rsquo;il \u00e9tait \u00e0 la recherche d&rsquo;un nouveau sponsor principal pour l&rsquo;avenir de la formation. Il semblerait que l&rsquo;\u00e9quipe de Tejay van Garderen, Richie Porte et Greg Van Avermaet soit assur\u00e9e de son avenir. D&rsquo;apr\u00e8s le Telegraaf, c&rsquo;est la marque Deloitte (actuellement co-sponsor de &hellip;"}

VéloPro.fr

Nouveau sponsor pour BMC - VéloPro.fr

<blockquote class="wp-embedded-content" data-secret="Qd8MRZw0dY"><a href="https://cyclingpro.net/velopro/sponsors/nouveau-sponsor-pour-bmc/">Nouveau sponsor pour BMC</a></blockquote><iframe sandbox="allow-scripts" security="restricted" src="https://cyclingpro.net/velopro/sponsors/nouveau-sponsor-pour-bmc/embed/#?secret=Qd8MRZw0dY" width="600" height="338" title="« Nouveau sponsor pour BMC » &#8212; VéloPro.fr" data-secret="Qd8MRZw0dY" frameborder="0" marginwidth="0" marginheight="0" scrolling="no" class="wp-embedded-content"></iframe><script type="text/javascript">
/* <![CDATA[ */
/*! This file is auto-generated */
!function(d,l){"use strict";l.querySelector&&d.addEventListener&&"undefined"!=typeof URL&&(d.wp=d.wp||{},d.wp.receiveEmbedMessage||(d.wp.receiveEmbedMessage=function(e){var t=e.data;if((t||t.secret||t.message||t.value)&&!/[^a-zA-Z0-9]/.test(t.secret)){for(var s,r,n,a=l.querySelectorAll('iframe[data-secret="'+t.secret+'"]'),o=l.querySelectorAll('blockquote[data-secret="'+t.secret+'"]'),c=new RegExp("^https?:$","i"),i=0;i<o.length;i++)o[i].style.display="none";for(i=0;i<a.length;i++)s=a[i],e.source===s.contentWindow&&(s.removeAttribute("style"),"height"===t.message?(1e3<(r=parseInt(t.value,10))?r=1e3:~~r<200&&(r=200),s.height=r):"link"===t.message&&(r=new URL(s.getAttribute("src")),n=new URL(t.value),c.test(n.protocol))&&n.host===r.host&&l.activeElement===s&&(d.top.location.href=t.value))}},d.addEventListener("message",d.wp.receiveEmbedMessage,!1),l.addEventListener("DOMContentLoaded",function(){for(var e,t,s=l.querySelectorAll("iframe.wp-embedded-content"),r=0;r<s.length;r++)(t=(e=s[r]).getAttribute("data-secret"))||(t=Math.random().toString(36).substring(2,12),e.src+="#?secret="+t,e.setAttribute("data-secret",t)),e.contentWindow.postMessage({message:"ready",secret:t},"*")},!1)))}(window,document);
/* ]]> */
</script>

Le patron de l&rsquo;équipe BMC Jim Ochowicz avait annoncé ces derniers mois qu&rsquo;il était à la recherche d&rsquo;un nouveau sponsor principal pour l&rsquo;avenir de la formation. Il semblerait que l&rsquo;équipe de Tejay van Garderen, Richie Porte et Greg Van Avermaet soit assurée de son avenir. D&rsquo;après le Telegraaf, c&rsquo;est la marque Deloitte (actuellement co-sponsor de &hellip;
