{"version":"1.0","provider_name":"V\u00e9loPro.fr","provider_url":"https:\/\/cyclingpro.net\/velopro","author_name":"Antoine Plouvin","author_url":"https:\/\/cyclingpro.net\/velopro\/author\/aplouvin\/","title":"Trek - Segafredo pr\u00e9sente son maillot 2018. - V\u00e9loPro.fr","type":"rich","width":600,"height":338,"html":"<blockquote class=\"wp-embedded-content\" data-secret=\"OikaMqGIC2\"><a href=\"https:\/\/cyclingpro.net\/velopro\/route\/trek-segafredo-presente-maillot-2018\/\">Trek &#8211; Segafredo pr\u00e9sente son maillot 2018.<\/a><\/blockquote><iframe sandbox=\"allow-scripts\" security=\"restricted\" src=\"https:\/\/cyclingpro.net\/velopro\/route\/trek-segafredo-presente-maillot-2018\/embed\/#?secret=OikaMqGIC2\" width=\"600\" height=\"338\" title=\"\u00ab\u00a0Trek &#8211; Segafredo pr\u00e9sente son maillot 2018.\u00a0\u00bb &#8212; V\u00e9loPro.fr\" data-secret=\"OikaMqGIC2\" frameborder=\"0\" marginwidth=\"0\" marginheight=\"0\" scrolling=\"no\" class=\"wp-embedded-content\"><\/iframe><script type=\"text\/javascript\">\n\/* <![CDATA[ *\/\n\/*! This file is auto-generated *\/\n!function(d,l){\"use strict\";l.querySelector&&d.addEventListener&&\"undefined\"!=typeof URL&&(d.wp=d.wp||{},d.wp.receiveEmbedMessage||(d.wp.receiveEmbedMessage=function(e){var t=e.data;if((t||t.secret||t.message||t.value)&&!\/[^a-zA-Z0-9]\/.test(t.secret)){for(var s,r,n,a=l.querySelectorAll('iframe[data-secret=\"'+t.secret+'\"]'),o=l.querySelectorAll('blockquote[data-secret=\"'+t.secret+'\"]'),c=new RegExp(\"^https?:$\",\"i\"),i=0;i<o.length;i++)o[i].style.display=\"none\";for(i=0;i<a.length;i++)s=a[i],e.source===s.contentWindow&&(s.removeAttribute(\"style\"),\"height\"===t.message?(1e3<(r=parseInt(t.value,10))?r=1e3:~~r<200&&(r=200),s.height=r):\"link\"===t.message&&(r=new URL(s.getAttribute(\"src\")),n=new URL(t.value),c.test(n.protocol))&&n.host===r.host&&l.activeElement===s&&(d.top.location.href=t.value))}},d.addEventListener(\"message\",d.wp.receiveEmbedMessage,!1),l.addEventListener(\"DOMContentLoaded\",function(){for(var e,t,s=l.querySelectorAll(\"iframe.wp-embedded-content\"),r=0;r<s.length;r++)(t=(e=s[r]).getAttribute(\"data-secret\"))||(t=Math.random().toString(36).substring(2,12),e.src+=\"#?secret=\"+t,e.setAttribute(\"data-secret\",t)),e.contentWindow.postMessage({message:\"ready\",secret:t},\"*\")},!1)))}(window,document);\n\/* ]]> *\/\n<\/script>\n","thumbnail_url":"https:\/\/cyclingpro.net\/velopro\/wp-content\/uploads\/2017\/12\/treksegafredo-jersey2018-teaser.jpg","thumbnail_width":758,"thumbnail_height":379,"description":"Les coureurs de Trek &#8211; Segafredo abandonnent presque le noir en 2018. Le maillot sera int\u00e9gralement rouge. Seul le cuissard demeure noir. L&rsquo;\u00e9quipe a \u00e9galement pr\u00e9sent\u00e9 un maillot d&rsquo;entra\u00eenement fluo. &nbsp; &nbsp; &#x1f4a5; We would like to present our 2018 training (yellow fluo) and racing (red) kits by @SANTINI_SMS &#x1f447; pic.twitter.com\/QFXTioZuVs &mdash; Lidl-Trek (@LidlTrek) December &hellip;"}

VéloPro.fr

Trek - Segafredo présente son maillot 2018. - VéloPro.fr

<blockquote class="wp-embedded-content" data-secret="OikaMqGIC2"><a href="https://cyclingpro.net/velopro/route/trek-segafredo-presente-maillot-2018/">Trek &#8211; Segafredo présente son maillot 2018.</a></blockquote><iframe sandbox="allow-scripts" security="restricted" src="https://cyclingpro.net/velopro/route/trek-segafredo-presente-maillot-2018/embed/#?secret=OikaMqGIC2" width="600" height="338" title="« Trek &#8211; Segafredo présente son maillot 2018. » &#8212; VéloPro.fr" data-secret="OikaMqGIC2" frameborder="0" marginwidth="0" marginheight="0" scrolling="no" class="wp-embedded-content"></iframe><script type="text/javascript">
/* <![CDATA[ */
/*! This file is auto-generated */
!function(d,l){"use strict";l.querySelector&&d.addEventListener&&"undefined"!=typeof URL&&(d.wp=d.wp||{},d.wp.receiveEmbedMessage||(d.wp.receiveEmbedMessage=function(e){var t=e.data;if((t||t.secret||t.message||t.value)&&!/[^a-zA-Z0-9]/.test(t.secret)){for(var s,r,n,a=l.querySelectorAll('iframe[data-secret="'+t.secret+'"]'),o=l.querySelectorAll('blockquote[data-secret="'+t.secret+'"]'),c=new RegExp("^https?:$","i"),i=0;i<o.length;i++)o[i].style.display="none";for(i=0;i<a.length;i++)s=a[i],e.source===s.contentWindow&&(s.removeAttribute("style"),"height"===t.message?(1e3<(r=parseInt(t.value,10))?r=1e3:~~r<200&&(r=200),s.height=r):"link"===t.message&&(r=new URL(s.getAttribute("src")),n=new URL(t.value),c.test(n.protocol))&&n.host===r.host&&l.activeElement===s&&(d.top.location.href=t.value))}},d.addEventListener("message",d.wp.receiveEmbedMessage,!1),l.addEventListener("DOMContentLoaded",function(){for(var e,t,s=l.querySelectorAll("iframe.wp-embedded-content"),r=0;r<s.length;r++)(t=(e=s[r]).getAttribute("data-secret"))||(t=Math.random().toString(36).substring(2,12),e.src+="#?secret="+t,e.setAttribute("data-secret",t)),e.contentWindow.postMessage({message:"ready",secret:t},"*")},!1)))}(window,document);
/* ]]> */
</script>

Les coureurs de Trek &#8211; Segafredo abandonnent presque le noir en 2018. Le maillot sera intégralement rouge. Seul le cuissard demeure noir. L&rsquo;équipe a également présenté un maillot d&rsquo;entraînement fluo. &nbsp; &nbsp; &#x1f4a5; We would like to present our 2018 training (yellow fluo) and racing (red) kits by @SANTINI_SMS &#x1f447; pic.twitter.com/QFXTioZuVs &mdash; Lidl-Trek (@LidlTrek) December &hellip;
