{"version":"1.0","provider_name":"V\u00e9loPro.fr","provider_url":"https:\/\/cyclingpro.net\/velopro","author_name":"Alexandre Mignot","author_url":"https:\/\/cyclingpro.net\/velopro\/author\/amignot\/","title":"Philippe Gilbert renonce \u00e9galement au Tour d'Italie - V\u00e9loPro.fr","type":"rich","width":600,"height":338,"html":"<blockquote class=\"wp-embedded-content\" data-secret=\"2JfDNS5Kq8\"><a href=\"https:\/\/cyclingpro.net\/velopro\/route\/philippe-gilbert-renonce-egalement-tour-ditalie\/\">Philippe Gilbert renonce \u00e9galement au Tour d&rsquo;Italie<\/a><\/blockquote><iframe sandbox=\"allow-scripts\" security=\"restricted\" src=\"https:\/\/cyclingpro.net\/velopro\/route\/philippe-gilbert-renonce-egalement-tour-ditalie\/embed\/#?secret=2JfDNS5Kq8\" width=\"600\" height=\"338\" title=\"\u00ab\u00a0Philippe Gilbert renonce \u00e9galement au Tour d&rsquo;Italie\u00a0\u00bb &#8212; V\u00e9loPro.fr\" data-secret=\"2JfDNS5Kq8\" frameborder=\"0\" marginwidth=\"0\" marginheight=\"0\" scrolling=\"no\" class=\"wp-embedded-content\"><\/iframe><script type=\"text\/javascript\">\n\/* <![CDATA[ *\/\n\/*! This file is auto-generated *\/\n!function(d,l){\"use strict\";l.querySelector&&d.addEventListener&&\"undefined\"!=typeof URL&&(d.wp=d.wp||{},d.wp.receiveEmbedMessage||(d.wp.receiveEmbedMessage=function(e){var t=e.data;if((t||t.secret||t.message||t.value)&&!\/[^a-zA-Z0-9]\/.test(t.secret)){for(var s,r,n,a=l.querySelectorAll('iframe[data-secret=\"'+t.secret+'\"]'),o=l.querySelectorAll('blockquote[data-secret=\"'+t.secret+'\"]'),c=new RegExp(\"^https?:$\",\"i\"),i=0;i<o.length;i++)o[i].style.display=\"none\";for(i=0;i<a.length;i++)s=a[i],e.source===s.contentWindow&&(s.removeAttribute(\"style\"),\"height\"===t.message?(1e3<(r=parseInt(t.value,10))?r=1e3:~~r<200&&(r=200),s.height=r):\"link\"===t.message&&(r=new URL(s.getAttribute(\"src\")),n=new URL(t.value),c.test(n.protocol))&&n.host===r.host&&l.activeElement===s&&(d.top.location.href=t.value))}},d.addEventListener(\"message\",d.wp.receiveEmbedMessage,!1),l.addEventListener(\"DOMContentLoaded\",function(){for(var e,t,s=l.querySelectorAll(\"iframe.wp-embedded-content\"),r=0;r<s.length;r++)(t=(e=s[r]).getAttribute(\"data-secret\"))||(t=Math.random().toString(36).substring(2,12),e.src+=\"#?secret=\"+t,e.setAttribute(\"data-secret\",t)),e.contentWindow.postMessage({message:\"ready\",secret:t},\"*\")},!1)))}(window,document);\n\/* ]]> *\/\n<\/script>\n","thumbnail_url":"https:\/\/cyclingpro.net\/velopro\/wp-content\/uploads\/2017\/04\/Philippe-Gilbert-3.jpg","thumbnail_width":1050,"thumbnail_height":453,"description":"Sa chute sur l&rsquo;Amstel Gold Race, avant son triomphe devant Michal Kwiatkowski, aura \u00e9t\u00e9 tout sauf anodine. D\u00e9j\u00e0 contraint de d\u00e9clarer forfait pour la Fl\u00e8che Wallonne et Li\u00e8ge-Bastogne-Li\u00e8ge, Philippe Gilbert se voit \u00e9galement oblig\u00e9 de renoncer au Tour d&rsquo;Italie, qu&rsquo;il avait inscrit \u00e0 son calendrier. Le champion de Belgique, laur\u00e9at\u00a0du Tour des Flandres cette saison, &hellip;"}

VéloPro.fr

Philippe Gilbert renonce également au Tour d'Italie - VéloPro.fr

<blockquote class="wp-embedded-content" data-secret="2JfDNS5Kq8"><a href="https://cyclingpro.net/velopro/route/philippe-gilbert-renonce-egalement-tour-ditalie/">Philippe Gilbert renonce également au Tour d&rsquo;Italie</a></blockquote><iframe sandbox="allow-scripts" security="restricted" src="https://cyclingpro.net/velopro/route/philippe-gilbert-renonce-egalement-tour-ditalie/embed/#?secret=2JfDNS5Kq8" width="600" height="338" title="« Philippe Gilbert renonce également au Tour d&rsquo;Italie » &#8212; VéloPro.fr" data-secret="2JfDNS5Kq8" frameborder="0" marginwidth="0" marginheight="0" scrolling="no" class="wp-embedded-content"></iframe><script type="text/javascript">
/* <![CDATA[ */
/*! This file is auto-generated */
!function(d,l){"use strict";l.querySelector&&d.addEventListener&&"undefined"!=typeof URL&&(d.wp=d.wp||{},d.wp.receiveEmbedMessage||(d.wp.receiveEmbedMessage=function(e){var t=e.data;if((t||t.secret||t.message||t.value)&&!/[^a-zA-Z0-9]/.test(t.secret)){for(var s,r,n,a=l.querySelectorAll('iframe[data-secret="'+t.secret+'"]'),o=l.querySelectorAll('blockquote[data-secret="'+t.secret+'"]'),c=new RegExp("^https?:$","i"),i=0;i<o.length;i++)o[i].style.display="none";for(i=0;i<a.length;i++)s=a[i],e.source===s.contentWindow&&(s.removeAttribute("style"),"height"===t.message?(1e3<(r=parseInt(t.value,10))?r=1e3:~~r<200&&(r=200),s.height=r):"link"===t.message&&(r=new URL(s.getAttribute("src")),n=new URL(t.value),c.test(n.protocol))&&n.host===r.host&&l.activeElement===s&&(d.top.location.href=t.value))}},d.addEventListener("message",d.wp.receiveEmbedMessage,!1),l.addEventListener("DOMContentLoaded",function(){for(var e,t,s=l.querySelectorAll("iframe.wp-embedded-content"),r=0;r<s.length;r++)(t=(e=s[r]).getAttribute("data-secret"))||(t=Math.random().toString(36).substring(2,12),e.src+="#?secret="+t,e.setAttribute("data-secret",t)),e.contentWindow.postMessage({message:"ready",secret:t},"*")},!1)))}(window,document);
/* ]]> */
</script>

Sa chute sur l&rsquo;Amstel Gold Race, avant son triomphe devant Michal Kwiatkowski, aura été tout sauf anodine. Déjà contraint de déclarer forfait pour la Flèche Wallonne et Liège-Bastogne-Liège, Philippe Gilbert se voit également obligé de renoncer au Tour d&rsquo;Italie, qu&rsquo;il avait inscrit à son calendrier. Le champion de Belgique, lauréat du Tour des Flandres cette saison, &hellip;
