{"version":"1.0","provider_name":"V\u00e9loPro.fr","provider_url":"https:\/\/cyclingpro.net\/velopro","author_name":"Alexandre Mignot","author_url":"https:\/\/cyclingpro.net\/velopro\/author\/amignot\/","title":"Bardiani-CSF bien pr\u00e9sente aux championnats d'Italie - V\u00e9loPro.fr","type":"rich","width":600,"height":338,"html":"<blockquote class=\"wp-embedded-content\" data-secret=\"Uh1f5xg2T0\"><a href=\"https:\/\/cyclingpro.net\/velopro\/route\/bardiani-csf-bien-presente-aux-championnats-ditalie\/\">Bardiani-CSF bien pr\u00e9sente aux championnats d&rsquo;Italie<\/a><\/blockquote><iframe sandbox=\"allow-scripts\" security=\"restricted\" src=\"https:\/\/cyclingpro.net\/velopro\/route\/bardiani-csf-bien-presente-aux-championnats-ditalie\/embed\/#?secret=Uh1f5xg2T0\" width=\"600\" height=\"338\" title=\"\u00ab\u00a0Bardiani-CSF bien pr\u00e9sente aux championnats d&rsquo;Italie\u00a0\u00bb &#8212; V\u00e9loPro.fr\" data-secret=\"Uh1f5xg2T0\" frameborder=\"0\" marginwidth=\"0\" marginheight=\"0\" scrolling=\"no\" class=\"wp-embedded-content\"><\/iframe><script type=\"text\/javascript\">\n\/* <![CDATA[ *\/\n\/*! This file is auto-generated *\/\n!function(d,l){\"use strict\";l.querySelector&&d.addEventListener&&\"undefined\"!=typeof URL&&(d.wp=d.wp||{},d.wp.receiveEmbedMessage||(d.wp.receiveEmbedMessage=function(e){var t=e.data;if((t||t.secret||t.message||t.value)&&!\/[^a-zA-Z0-9]\/.test(t.secret)){for(var s,r,n,a=l.querySelectorAll('iframe[data-secret=\"'+t.secret+'\"]'),o=l.querySelectorAll('blockquote[data-secret=\"'+t.secret+'\"]'),c=new RegExp(\"^https?:$\",\"i\"),i=0;i<o.length;i++)o[i].style.display=\"none\";for(i=0;i<a.length;i++)s=a[i],e.source===s.contentWindow&&(s.removeAttribute(\"style\"),\"height\"===t.message?(1e3<(r=parseInt(t.value,10))?r=1e3:~~r<200&&(r=200),s.height=r):\"link\"===t.message&&(r=new URL(s.getAttribute(\"src\")),n=new URL(t.value),c.test(n.protocol))&&n.host===r.host&&l.activeElement===s&&(d.top.location.href=t.value))}},d.addEventListener(\"message\",d.wp.receiveEmbedMessage,!1),l.addEventListener(\"DOMContentLoaded\",function(){for(var e,t,s=l.querySelectorAll(\"iframe.wp-embedded-content\"),r=0;r<s.length;r++)(t=(e=s[r]).getAttribute(\"data-secret\"))||(t=Math.random().toString(36).substring(2,12),e.src+=\"#?secret=\"+t,e.setAttribute(\"data-secret\",t)),e.contentWindow.postMessage({message:\"ready\",secret:t},\"*\")},!1)))}(window,document);\n\/* ]]> *\/\n<\/script>\n","thumbnail_url":"https:\/\/cyclingpro.net\/velopro\/wp-content\/uploads\/2017\/06\/Capture-d\u2019e\u0301cran-2017-06-22-a\u0300-13.04.34.png","thumbnail_width":1050,"thumbnail_height":487,"description":"R\u00e9cemment suspendue pour une dur\u00e9e d&rsquo;un mois, en raison des contr\u00f4les positifs de Stefano Pirazzo et Nicola Ruffoni \u00e0 l&rsquo;aube du Giro, la formation Bardiani-CSF pourra tout de m\u00eame d\u00e9fendre ses chances lors des championnats d&rsquo;Italie cette semaine. L&rsquo;\u00e9quipe continentale professionnelle italienne l&rsquo;a confirm\u00e9 en annon\u00e7ant ses repr\u00e9sentants pour les deux \u00e9preuves \u00e0 venir. Vendredi, &hellip;"}

VéloPro.fr

Bardiani-CSF bien présente aux championnats d'Italie - VéloPro.fr

<blockquote class="wp-embedded-content" data-secret="Uh1f5xg2T0"><a href="https://cyclingpro.net/velopro/route/bardiani-csf-bien-presente-aux-championnats-ditalie/">Bardiani-CSF bien présente aux championnats d&rsquo;Italie</a></blockquote><iframe sandbox="allow-scripts" security="restricted" src="https://cyclingpro.net/velopro/route/bardiani-csf-bien-presente-aux-championnats-ditalie/embed/#?secret=Uh1f5xg2T0" width="600" height="338" title="« Bardiani-CSF bien présente aux championnats d&rsquo;Italie » &#8212; VéloPro.fr" data-secret="Uh1f5xg2T0" frameborder="0" marginwidth="0" marginheight="0" scrolling="no" class="wp-embedded-content"></iframe><script type="text/javascript">
/* <![CDATA[ */
/*! This file is auto-generated */
!function(d,l){"use strict";l.querySelector&&d.addEventListener&&"undefined"!=typeof URL&&(d.wp=d.wp||{},d.wp.receiveEmbedMessage||(d.wp.receiveEmbedMessage=function(e){var t=e.data;if((t||t.secret||t.message||t.value)&&!/[^a-zA-Z0-9]/.test(t.secret)){for(var s,r,n,a=l.querySelectorAll('iframe[data-secret="'+t.secret+'"]'),o=l.querySelectorAll('blockquote[data-secret="'+t.secret+'"]'),c=new RegExp("^https?:$","i"),i=0;i<o.length;i++)o[i].style.display="none";for(i=0;i<a.length;i++)s=a[i],e.source===s.contentWindow&&(s.removeAttribute("style"),"height"===t.message?(1e3<(r=parseInt(t.value,10))?r=1e3:~~r<200&&(r=200),s.height=r):"link"===t.message&&(r=new URL(s.getAttribute("src")),n=new URL(t.value),c.test(n.protocol))&&n.host===r.host&&l.activeElement===s&&(d.top.location.href=t.value))}},d.addEventListener("message",d.wp.receiveEmbedMessage,!1),l.addEventListener("DOMContentLoaded",function(){for(var e,t,s=l.querySelectorAll("iframe.wp-embedded-content"),r=0;r<s.length;r++)(t=(e=s[r]).getAttribute("data-secret"))||(t=Math.random().toString(36).substring(2,12),e.src+="#?secret="+t,e.setAttribute("data-secret",t)),e.contentWindow.postMessage({message:"ready",secret:t},"*")},!1)))}(window,document);
/* ]]> */
</script>

Récemment suspendue pour une durée d&rsquo;un mois, en raison des contrôles positifs de Stefano Pirazzo et Nicola Ruffoni à l&rsquo;aube du Giro, la formation Bardiani-CSF pourra tout de même défendre ses chances lors des championnats d&rsquo;Italie cette semaine. L&rsquo;équipe continentale professionnelle italienne l&rsquo;a confirmé en annonçant ses représentants pour les deux épreuves à venir. Vendredi, &hellip;
