{"version":"1.0","provider_name":"V\u00e9loPro.fr","provider_url":"https:\/\/cyclingpro.net\/velopro","author_name":"Antoine Plouvin","author_url":"https:\/\/cyclingpro.net\/velopro\/author\/aplouvin\/","title":"Adrien Petit : \u00ab\u00a0Difficile \u00e0 dig\u00e9rer\u00a0\u00bb - V\u00e9loPro.fr","type":"rich","width":600,"height":338,"html":"<blockquote class=\"wp-embedded-content\" data-secret=\"KL69kI2lxL\"><a href=\"https:\/\/cyclingpro.net\/velopro\/route\/adrien-petit-difficile-a-digerer\/\">Adrien Petit : \u00ab\u00a0Difficile \u00e0 dig\u00e9rer\u00a0\u00bb<\/a><\/blockquote><iframe sandbox=\"allow-scripts\" security=\"restricted\" src=\"https:\/\/cyclingpro.net\/velopro\/route\/adrien-petit-difficile-a-digerer\/embed\/#?secret=KL69kI2lxL\" width=\"600\" height=\"338\" title=\"\u00ab\u00a0Adrien Petit : \u00ab\u00a0Difficile \u00e0 dig\u00e9rer\u00a0\u00bb\u00a0\u00bb &#8212; V\u00e9loPro.fr\" data-secret=\"KL69kI2lxL\" frameborder=\"0\" marginwidth=\"0\" marginheight=\"0\" scrolling=\"no\" class=\"wp-embedded-content\"><\/iframe><script type=\"text\/javascript\">\n\/* <![CDATA[ *\/\n\/*! This file is auto-generated *\/\n!function(d,l){\"use strict\";l.querySelector&&d.addEventListener&&\"undefined\"!=typeof URL&&(d.wp=d.wp||{},d.wp.receiveEmbedMessage||(d.wp.receiveEmbedMessage=function(e){var t=e.data;if((t||t.secret||t.message||t.value)&&!\/[^a-zA-Z0-9]\/.test(t.secret)){for(var s,r,n,a=l.querySelectorAll('iframe[data-secret=\"'+t.secret+'\"]'),o=l.querySelectorAll('blockquote[data-secret=\"'+t.secret+'\"]'),c=new RegExp(\"^https?:$\",\"i\"),i=0;i<o.length;i++)o[i].style.display=\"none\";for(i=0;i<a.length;i++)s=a[i],e.source===s.contentWindow&&(s.removeAttribute(\"style\"),\"height\"===t.message?(1e3<(r=parseInt(t.value,10))?r=1e3:~~r<200&&(r=200),s.height=r):\"link\"===t.message&&(r=new URL(s.getAttribute(\"src\")),n=new URL(t.value),c.test(n.protocol))&&n.host===r.host&&l.activeElement===s&&(d.top.location.href=t.value))}},d.addEventListener(\"message\",d.wp.receiveEmbedMessage,!1),l.addEventListener(\"DOMContentLoaded\",function(){for(var e,t,s=l.querySelectorAll(\"iframe.wp-embedded-content\"),r=0;r<s.length;r++)(t=(e=s[r]).getAttribute(\"data-secret\"))||(t=Math.random().toString(36).substring(2,12),e.src+=\"#?secret=\"+t,e.setAttribute(\"data-secret\",t)),e.contentWindow.postMessage({message:\"ready\",secret:t},\"*\")},!1)))}(window,document);\n\/* ]]> *\/\n<\/script>\n","thumbnail_url":"https:\/\/cyclingpro.net\/velopro\/wp-content\/uploads\/2018\/02\/adrienpetit-illustr-start-vueltavalencia2018.jpg","thumbnail_width":1050,"thumbnail_height":525,"description":"C&rsquo;est la grande absente du jour. L&rsquo;\u00e9quipe Direct Energie n&rsquo;a pas \u00e9t\u00e9 retenue pour l&rsquo;Omloop Het Nieuwsblad. Ni m\u00eame pour \u00c0 Travers la Flandre et le Tour des Flandres qui, comme le Nieuwsblad, sont organis\u00e9s par Flanders Classics. Un coup dur pour une \u00e9quipe qui cultive depuis longtemps un v\u00e9ritable engouement pour ces courses si &hellip;"}

VéloPro.fr

Adrien Petit : « Difficile à digérer » - VéloPro.fr

<blockquote class="wp-embedded-content" data-secret="KL69kI2lxL"><a href="https://cyclingpro.net/velopro/route/adrien-petit-difficile-a-digerer/">Adrien Petit : « Difficile à digérer »</a></blockquote><iframe sandbox="allow-scripts" security="restricted" src="https://cyclingpro.net/velopro/route/adrien-petit-difficile-a-digerer/embed/#?secret=KL69kI2lxL" width="600" height="338" title="« Adrien Petit : « Difficile à digérer » » &#8212; VéloPro.fr" data-secret="KL69kI2lxL" frameborder="0" marginwidth="0" marginheight="0" scrolling="no" class="wp-embedded-content"></iframe><script type="text/javascript">
/* <![CDATA[ */
/*! This file is auto-generated */
!function(d,l){"use strict";l.querySelector&&d.addEventListener&&"undefined"!=typeof URL&&(d.wp=d.wp||{},d.wp.receiveEmbedMessage||(d.wp.receiveEmbedMessage=function(e){var t=e.data;if((t||t.secret||t.message||t.value)&&!/[^a-zA-Z0-9]/.test(t.secret)){for(var s,r,n,a=l.querySelectorAll('iframe[data-secret="'+t.secret+'"]'),o=l.querySelectorAll('blockquote[data-secret="'+t.secret+'"]'),c=new RegExp("^https?:$","i"),i=0;i<o.length;i++)o[i].style.display="none";for(i=0;i<a.length;i++)s=a[i],e.source===s.contentWindow&&(s.removeAttribute("style"),"height"===t.message?(1e3<(r=parseInt(t.value,10))?r=1e3:~~r<200&&(r=200),s.height=r):"link"===t.message&&(r=new URL(s.getAttribute("src")),n=new URL(t.value),c.test(n.protocol))&&n.host===r.host&&l.activeElement===s&&(d.top.location.href=t.value))}},d.addEventListener("message",d.wp.receiveEmbedMessage,!1),l.addEventListener("DOMContentLoaded",function(){for(var e,t,s=l.querySelectorAll("iframe.wp-embedded-content"),r=0;r<s.length;r++)(t=(e=s[r]).getAttribute("data-secret"))||(t=Math.random().toString(36).substring(2,12),e.src+="#?secret="+t,e.setAttribute("data-secret",t)),e.contentWindow.postMessage({message:"ready",secret:t},"*")},!1)))}(window,document);
/* ]]> */
</script>

C&rsquo;est la grande absente du jour. L&rsquo;équipe Direct Energie n&rsquo;a pas été retenue pour l&rsquo;Omloop Het Nieuwsblad. Ni même pour À Travers la Flandre et le Tour des Flandres qui, comme le Nieuwsblad, sont organisés par Flanders Classics. Un coup dur pour une équipe qui cultive depuis longtemps un véritable engouement pour ces courses si &hellip;
