{"version":"1.0","provider_name":"V\u00e9loPro.fr","provider_url":"https:\/\/cyclingpro.net\/velopro","author_name":"Alexandre Mignot","author_url":"https:\/\/cyclingpro.net\/velopro\/author\/amignot\/","title":"Piste - Mondiaux : La d\u00e9l\u00e9gation fran\u00e7aise connue - V\u00e9loPro.fr","type":"rich","width":600,"height":338,"html":"<blockquote class=\"wp-embedded-content\" data-secret=\"VQccLE7bss\"><a href=\"https:\/\/cyclingpro.net\/velopro\/piste\/piste-mondiaux-delegation-francaise-connue\/\">Piste &#8211; Mondiaux : La d\u00e9l\u00e9gation fran\u00e7aise connue<\/a><\/blockquote><iframe sandbox=\"allow-scripts\" security=\"restricted\" src=\"https:\/\/cyclingpro.net\/velopro\/piste\/piste-mondiaux-delegation-francaise-connue\/embed\/#?secret=VQccLE7bss\" width=\"600\" height=\"338\" title=\"\u00ab\u00a0Piste &#8211; Mondiaux : La d\u00e9l\u00e9gation fran\u00e7aise connue\u00a0\u00bb &#8212; V\u00e9loPro.fr\" data-secret=\"VQccLE7bss\" frameborder=\"0\" marginwidth=\"0\" marginheight=\"0\" scrolling=\"no\" class=\"wp-embedded-content\"><\/iframe><script type=\"text\/javascript\">\n\/* <![CDATA[ *\/\n\/*! This file is auto-generated *\/\n!function(d,l){\"use strict\";l.querySelector&&d.addEventListener&&\"undefined\"!=typeof URL&&(d.wp=d.wp||{},d.wp.receiveEmbedMessage||(d.wp.receiveEmbedMessage=function(e){var t=e.data;if((t||t.secret||t.message||t.value)&&!\/[^a-zA-Z0-9]\/.test(t.secret)){for(var s,r,n,a=l.querySelectorAll('iframe[data-secret=\"'+t.secret+'\"]'),o=l.querySelectorAll('blockquote[data-secret=\"'+t.secret+'\"]'),c=new RegExp(\"^https?:$\",\"i\"),i=0;i<o.length;i++)o[i].style.display=\"none\";for(i=0;i<a.length;i++)s=a[i],e.source===s.contentWindow&&(s.removeAttribute(\"style\"),\"height\"===t.message?(1e3<(r=parseInt(t.value,10))?r=1e3:~~r<200&&(r=200),s.height=r):\"link\"===t.message&&(r=new URL(s.getAttribute(\"src\")),n=new URL(t.value),c.test(n.protocol))&&n.host===r.host&&l.activeElement===s&&(d.top.location.href=t.value))}},d.addEventListener(\"message\",d.wp.receiveEmbedMessage,!1),l.addEventListener(\"DOMContentLoaded\",function(){for(var e,t,s=l.querySelectorAll(\"iframe.wp-embedded-content\"),r=0;r<s.length;r++)(t=(e=s[r]).getAttribute(\"data-secret\"))||(t=Math.random().toString(36).substring(2,12),e.src+=\"#?secret=\"+t,e.setAttribute(\"data-secret\",t)),e.contentWindow.postMessage({message:\"ready\",secret:t},\"*\")},!1)))}(window,document);\n\/* ]]> *\/\n<\/script>\n","thumbnail_url":"https:\/\/cyclingpro.net\/velopro\/wp-content\/uploads\/2017\/11\/DOYiNRHXkAAycXS.jpg","thumbnail_width":1050,"thumbnail_height":699,"description":"Au cours d&rsquo;une conf\u00e9rence de presse tenue ce mardi \u00e0 Saint-Quentin-en-Yvelines, au V\u00e9lodrome National, la F\u00e9d\u00e9ration Fran\u00e7aise de Cyclisme a r\u00e9v\u00e9l\u00e9 les athl\u00e8tes s\u00e9lectionn\u00e9s pour les prochains championnats du monde de cyclisme sur piste, organis\u00e9s \u00e0 Apeldoorn du 28 f\u00e9vrier au 4 mars prochains. Dans les disciplines de sprint, la d\u00e9l\u00e9gation fran\u00e7aise s&rsquo;appuiera uniquement sur &hellip;"}

VéloPro.fr

Piste - Mondiaux : La délégation française connue - VéloPro.fr

<blockquote class="wp-embedded-content" data-secret="VQccLE7bss"><a href="https://cyclingpro.net/velopro/piste/piste-mondiaux-delegation-francaise-connue/">Piste &#8211; Mondiaux : La délégation française connue</a></blockquote><iframe sandbox="allow-scripts" security="restricted" src="https://cyclingpro.net/velopro/piste/piste-mondiaux-delegation-francaise-connue/embed/#?secret=VQccLE7bss" width="600" height="338" title="« Piste &#8211; Mondiaux : La délégation française connue » &#8212; VéloPro.fr" data-secret="VQccLE7bss" frameborder="0" marginwidth="0" marginheight="0" scrolling="no" class="wp-embedded-content"></iframe><script type="text/javascript">
/* <![CDATA[ */
/*! This file is auto-generated */
!function(d,l){"use strict";l.querySelector&&d.addEventListener&&"undefined"!=typeof URL&&(d.wp=d.wp||{},d.wp.receiveEmbedMessage||(d.wp.receiveEmbedMessage=function(e){var t=e.data;if((t||t.secret||t.message||t.value)&&!/[^a-zA-Z0-9]/.test(t.secret)){for(var s,r,n,a=l.querySelectorAll('iframe[data-secret="'+t.secret+'"]'),o=l.querySelectorAll('blockquote[data-secret="'+t.secret+'"]'),c=new RegExp("^https?:$","i"),i=0;i<o.length;i++)o[i].style.display="none";for(i=0;i<a.length;i++)s=a[i],e.source===s.contentWindow&&(s.removeAttribute("style"),"height"===t.message?(1e3<(r=parseInt(t.value,10))?r=1e3:~~r<200&&(r=200),s.height=r):"link"===t.message&&(r=new URL(s.getAttribute("src")),n=new URL(t.value),c.test(n.protocol))&&n.host===r.host&&l.activeElement===s&&(d.top.location.href=t.value))}},d.addEventListener("message",d.wp.receiveEmbedMessage,!1),l.addEventListener("DOMContentLoaded",function(){for(var e,t,s=l.querySelectorAll("iframe.wp-embedded-content"),r=0;r<s.length;r++)(t=(e=s[r]).getAttribute("data-secret"))||(t=Math.random().toString(36).substring(2,12),e.src+="#?secret="+t,e.setAttribute("data-secret",t)),e.contentWindow.postMessage({message:"ready",secret:t},"*")},!1)))}(window,document);
/* ]]> */
</script>

Au cours d&rsquo;une conférence de presse tenue ce mardi à Saint-Quentin-en-Yvelines, au Vélodrome National, la Fédération Française de Cyclisme a révélé les athlètes sélectionnés pour les prochains championnats du monde de cyclisme sur piste, organisés à Apeldoorn du 28 février au 4 mars prochains. Dans les disciplines de sprint, la délégation française s&rsquo;appuiera uniquement sur &hellip;
