{"version":"1.0","provider_name":"V\u00e9loPro.fr","provider_url":"https:\/\/cyclingpro.net\/velopro","author_name":"Alexandre Mignot","author_url":"https:\/\/cyclingpro.net\/velopro\/author\/amignot\/","title":"Piste - Coupe du Monde #2 : Benjamin Thomas honore son statut - V\u00e9loPro.fr","type":"rich","width":600,"height":338,"html":"<blockquote class=\"wp-embedded-content\" data-secret=\"8TPOg6mjNF\"><a href=\"https:\/\/cyclingpro.net\/velopro\/piste\/piste-coupe-monde-2-benjamin-thomas-honore-statut\/\">Piste &#8211; Coupe du Monde #2 : Benjamin Thomas honore son statut<\/a><\/blockquote><iframe sandbox=\"allow-scripts\" security=\"restricted\" src=\"https:\/\/cyclingpro.net\/velopro\/piste\/piste-coupe-monde-2-benjamin-thomas-honore-statut\/embed\/#?secret=8TPOg6mjNF\" width=\"600\" height=\"338\" title=\"\u00ab\u00a0Piste &#8211; Coupe du Monde #2 : Benjamin Thomas honore son statut\u00a0\u00bb &#8212; V\u00e9loPro.fr\" data-secret=\"8TPOg6mjNF\" frameborder=\"0\" marginwidth=\"0\" marginheight=\"0\" scrolling=\"no\" class=\"wp-embedded-content\"><\/iframe><script type=\"text\/javascript\">\n\/* <![CDATA[ *\/\n\/*! This file is auto-generated *\/\n!function(d,l){\"use strict\";l.querySelector&&d.addEventListener&&\"undefined\"!=typeof URL&&(d.wp=d.wp||{},d.wp.receiveEmbedMessage||(d.wp.receiveEmbedMessage=function(e){var t=e.data;if((t||t.secret||t.message||t.value)&&!\/[^a-zA-Z0-9]\/.test(t.secret)){for(var s,r,n,a=l.querySelectorAll('iframe[data-secret=\"'+t.secret+'\"]'),o=l.querySelectorAll('blockquote[data-secret=\"'+t.secret+'\"]'),c=new RegExp(\"^https?:$\",\"i\"),i=0;i<o.length;i++)o[i].style.display=\"none\";for(i=0;i<a.length;i++)s=a[i],e.source===s.contentWindow&&(s.removeAttribute(\"style\"),\"height\"===t.message?(1e3<(r=parseInt(t.value,10))?r=1e3:~~r<200&&(r=200),s.height=r):\"link\"===t.message&&(r=new URL(s.getAttribute(\"src\")),n=new URL(t.value),c.test(n.protocol))&&n.host===r.host&&l.activeElement===s&&(d.top.location.href=t.value))}},d.addEventListener(\"message\",d.wp.receiveEmbedMessage,!1),l.addEventListener(\"DOMContentLoaded\",function(){for(var e,t,s=l.querySelectorAll(\"iframe.wp-embedded-content\"),r=0;r<s.length;r++)(t=(e=s[r]).getAttribute(\"data-secret\"))||(t=Math.random().toString(36).substring(2,12),e.src+=\"#?secret=\"+t,e.setAttribute(\"data-secret\",t)),e.contentWindow.postMessage({message:\"ready\",secret:t},\"*\")},!1)))}(window,document);\n\/* ]]> *\/\n<\/script>\n","thumbnail_url":"https:\/\/cyclingpro.net\/velopro\/wp-content\/uploads\/2017\/11\/DOYiNRHXkAAycXS.jpg","thumbnail_width":1050,"thumbnail_height":699,"description":"L&rsquo;\u00e9quipe de France de cyclisme sur piste a samedi d\u00e9croch\u00e9 ses deux premi\u00e8res m\u00e9dailles dans la seconde manche de la Coupe du Monde, \u00e0 Manchester.\u00a0Les poursuiteurs tricolores ont d&rsquo;abord remport\u00e9 le bronze, en d\u00e9but de soir\u00e9e, avant que Benjamin Thomas ne cl\u00f4ture la session avec l&rsquo;or sur l&rsquo;Omnium, discipline dont il est pour rappel le &hellip;"}

VéloPro.fr

Piste - Coupe du Monde #2 : Benjamin Thomas honore son statut - VéloPro.fr

<blockquote class="wp-embedded-content" data-secret="8TPOg6mjNF"><a href="https://cyclingpro.net/velopro/piste/piste-coupe-monde-2-benjamin-thomas-honore-statut/">Piste &#8211; Coupe du Monde #2 : Benjamin Thomas honore son statut</a></blockquote><iframe sandbox="allow-scripts" security="restricted" src="https://cyclingpro.net/velopro/piste/piste-coupe-monde-2-benjamin-thomas-honore-statut/embed/#?secret=8TPOg6mjNF" width="600" height="338" title="« Piste &#8211; Coupe du Monde #2 : Benjamin Thomas honore son statut » &#8212; VéloPro.fr" data-secret="8TPOg6mjNF" frameborder="0" marginwidth="0" marginheight="0" scrolling="no" class="wp-embedded-content"></iframe><script type="text/javascript">
/* <![CDATA[ */
/*! This file is auto-generated */
!function(d,l){"use strict";l.querySelector&&d.addEventListener&&"undefined"!=typeof URL&&(d.wp=d.wp||{},d.wp.receiveEmbedMessage||(d.wp.receiveEmbedMessage=function(e){var t=e.data;if((t||t.secret||t.message||t.value)&&!/[^a-zA-Z0-9]/.test(t.secret)){for(var s,r,n,a=l.querySelectorAll('iframe[data-secret="'+t.secret+'"]'),o=l.querySelectorAll('blockquote[data-secret="'+t.secret+'"]'),c=new RegExp("^https?:$","i"),i=0;i<o.length;i++)o[i].style.display="none";for(i=0;i<a.length;i++)s=a[i],e.source===s.contentWindow&&(s.removeAttribute("style"),"height"===t.message?(1e3<(r=parseInt(t.value,10))?r=1e3:~~r<200&&(r=200),s.height=r):"link"===t.message&&(r=new URL(s.getAttribute("src")),n=new URL(t.value),c.test(n.protocol))&&n.host===r.host&&l.activeElement===s&&(d.top.location.href=t.value))}},d.addEventListener("message",d.wp.receiveEmbedMessage,!1),l.addEventListener("DOMContentLoaded",function(){for(var e,t,s=l.querySelectorAll("iframe.wp-embedded-content"),r=0;r<s.length;r++)(t=(e=s[r]).getAttribute("data-secret"))||(t=Math.random().toString(36).substring(2,12),e.src+="#?secret="+t,e.setAttribute("data-secret",t)),e.contentWindow.postMessage({message:"ready",secret:t},"*")},!1)))}(window,document);
/* ]]> */
</script>

L&rsquo;équipe de France de cyclisme sur piste a samedi décroché ses deux premières médailles dans la seconde manche de la Coupe du Monde, à Manchester. Les poursuiteurs tricolores ont d&rsquo;abord remporté le bronze, en début de soirée, avant que Benjamin Thomas ne clôture la session avec l&rsquo;or sur l&rsquo;Omnium, discipline dont il est pour rappel le &hellip;
