{"version":"1.0","provider_name":"V\u00e9loPro.fr","provider_url":"https:\/\/cyclingpro.net\/velopro","author_name":"J\u00e9r\u00e9my Blais","author_url":"https:\/\/cyclingpro.net\/velopro\/author\/jblais\/","title":"Soudal Classic \u2013 Louvain\u00a0: Les partants - V\u00e9loPro.fr","type":"rich","width":600,"height":338,"html":"<blockquote class=\"wp-embedded-content\" data-secret=\"8QkHmgyut7\"><a href=\"https:\/\/cyclingpro.net\/velopro\/non-classe\/soudal-classic-louvain-partants\/\">Soudal Classic \u2013 Louvain\u00a0: Les partants<\/a><\/blockquote><iframe sandbox=\"allow-scripts\" security=\"restricted\" src=\"https:\/\/cyclingpro.net\/velopro\/non-classe\/soudal-classic-louvain-partants\/embed\/#?secret=8QkHmgyut7\" width=\"600\" height=\"338\" title=\"\u00ab\u00a0Soudal Classic \u2013 Louvain\u00a0: Les partants\u00a0\u00bb &#8212; V\u00e9loPro.fr\" data-secret=\"8QkHmgyut7\" frameborder=\"0\" marginwidth=\"0\" marginheight=\"0\" scrolling=\"no\" class=\"wp-embedded-content\"><\/iframe><script type=\"text\/javascript\">\n\/* <![CDATA[ *\/\n\/*! This file is auto-generated *\/\n!function(d,l){\"use strict\";l.querySelector&&d.addEventListener&&\"undefined\"!=typeof URL&&(d.wp=d.wp||{},d.wp.receiveEmbedMessage||(d.wp.receiveEmbedMessage=function(e){var t=e.data;if((t||t.secret||t.message||t.value)&&!\/[^a-zA-Z0-9]\/.test(t.secret)){for(var s,r,n,a=l.querySelectorAll('iframe[data-secret=\"'+t.secret+'\"]'),o=l.querySelectorAll('blockquote[data-secret=\"'+t.secret+'\"]'),c=new RegExp(\"^https?:$\",\"i\"),i=0;i<o.length;i++)o[i].style.display=\"none\";for(i=0;i<a.length;i++)s=a[i],e.source===s.contentWindow&&(s.removeAttribute(\"style\"),\"height\"===t.message?(1e3<(r=parseInt(t.value,10))?r=1e3:~~r<200&&(r=200),s.height=r):\"link\"===t.message&&(r=new URL(s.getAttribute(\"src\")),n=new URL(t.value),c.test(n.protocol))&&n.host===r.host&&l.activeElement===s&&(d.top.location.href=t.value))}},d.addEventListener(\"message\",d.wp.receiveEmbedMessage,!1),l.addEventListener(\"DOMContentLoaded\",function(){for(var e,t,s=l.querySelectorAll(\"iframe.wp-embedded-content\"),r=0;r<s.length;r++)(t=(e=s[r]).getAttribute(\"data-secret\"))||(t=Math.random().toString(36).substring(2,12),e.src+=\"#?secret=\"+t,e.setAttribute(\"data-secret\",t)),e.contentWindow.postMessage({message:\"ready\",secret:t},\"*\")},!1)))}(window,document);\n\/* ]]> *\/\n<\/script>\n","description":"Aujourd&rsquo;hui a lieu la sixi\u00e8me des sept manches de Soudal Classic \u00e0 Louvain. Jusqu&rsquo;ici, Mathieu van der Poel a remport\u00e9 toutes les manches et compte bien continuer sur sa lanc\u00e9e, lui qui est imbattable depuis sa deuxi\u00e8me place aux championnats du monde. Il aura fort \u00e0 faire face notamment \u00e0 Wout Van Aert qui cherche &hellip;"}

VéloPro.fr

Jérémy Blais

Soudal Classic – Louvain : Les partants - VéloPro.fr

<blockquote class="wp-embedded-content" data-secret="8QkHmgyut7"><a href="https://cyclingpro.net/velopro/non-classe/soudal-classic-louvain-partants/">Soudal Classic – Louvain : Les partants</a></blockquote><iframe sandbox="allow-scripts" security="restricted" src="https://cyclingpro.net/velopro/non-classe/soudal-classic-louvain-partants/embed/#?secret=8QkHmgyut7" width="600" height="338" title="« Soudal Classic – Louvain : Les partants » &#8212; VéloPro.fr" data-secret="8QkHmgyut7" frameborder="0" marginwidth="0" marginheight="0" scrolling="no" class="wp-embedded-content"></iframe><script type="text/javascript">
/* <![CDATA[ */
/*! This file is auto-generated */
!function(d,l){"use strict";l.querySelector&&d.addEventListener&&"undefined"!=typeof URL&&(d.wp=d.wp||{},d.wp.receiveEmbedMessage||(d.wp.receiveEmbedMessage=function(e){var t=e.data;if((t||t.secret||t.message||t.value)&&!/[^a-zA-Z0-9]/.test(t.secret)){for(var s,r,n,a=l.querySelectorAll('iframe[data-secret="'+t.secret+'"]'),o=l.querySelectorAll('blockquote[data-secret="'+t.secret+'"]'),c=new RegExp("^https?:$","i"),i=0;i<o.length;i++)o[i].style.display="none";for(i=0;i<a.length;i++)s=a[i],e.source===s.contentWindow&&(s.removeAttribute("style"),"height"===t.message?(1e3<(r=parseInt(t.value,10))?r=1e3:~~r<200&&(r=200),s.height=r):"link"===t.message&&(r=new URL(s.getAttribute("src")),n=new URL(t.value),c.test(n.protocol))&&n.host===r.host&&l.activeElement===s&&(d.top.location.href=t.value))}},d.addEventListener("message",d.wp.receiveEmbedMessage,!1),l.addEventListener("DOMContentLoaded",function(){for(var e,t,s=l.querySelectorAll("iframe.wp-embedded-content"),r=0;r<s.length;r++)(t=(e=s[r]).getAttribute("data-secret"))||(t=Math.random().toString(36).substring(2,12),e.src+="#?secret="+t,e.setAttribute("data-secret",t)),e.contentWindow.postMessage({message:"ready",secret:t},"*")},!1)))}(window,document);
/* ]]> */
</script>

Aujourd&rsquo;hui a lieu la sixième des sept manches de Soudal Classic à Louvain. Jusqu&rsquo;ici, Mathieu van der Poel a remporté toutes les manches et compte bien continuer sur sa lancée, lui qui est imbattable depuis sa deuxième place aux championnats du monde. Il aura fort à faire face notamment à Wout Van Aert qui cherche &hellip;
