{"version":"1.0","provider_name":"V\u00e9loPro.fr","provider_url":"https:\/\/cyclingpro.net\/velopro","author_name":"J\u00e9r\u00e9my Blais","author_url":"https:\/\/cyclingpro.net\/velopro\/author\/jblais\/","title":"Gianni Savio et Angelo Citracca suspendus trois mois - V\u00e9loPro.fr","type":"rich","width":600,"height":338,"html":"<blockquote class=\"wp-embedded-content\" data-secret=\"0BbN7er4u5\"><a href=\"https:\/\/cyclingpro.net\/velopro\/non-classe\/gianni-savio-angelo-citracca-suspendu-trois-mois\/\">Gianni Savio et Angelo Citracca suspendus trois mois<\/a><\/blockquote><iframe sandbox=\"allow-scripts\" security=\"restricted\" src=\"https:\/\/cyclingpro.net\/velopro\/non-classe\/gianni-savio-angelo-citracca-suspendu-trois-mois\/embed\/#?secret=0BbN7er4u5\" width=\"600\" height=\"338\" title=\"\u00ab\u00a0Gianni Savio et Angelo Citracca suspendus trois mois\u00a0\u00bb &#8212; V\u00e9loPro.fr\" data-secret=\"0BbN7er4u5\" frameborder=\"0\" marginwidth=\"0\" marginheight=\"0\" scrolling=\"no\" class=\"wp-embedded-content\"><\/iframe><script type=\"text\/javascript\">\n\/* <![CDATA[ *\/\n\/*! This file is auto-generated *\/\n!function(d,l){\"use strict\";l.querySelector&&d.addEventListener&&\"undefined\"!=typeof URL&&(d.wp=d.wp||{},d.wp.receiveEmbedMessage||(d.wp.receiveEmbedMessage=function(e){var t=e.data;if((t||t.secret||t.message||t.value)&&!\/[^a-zA-Z0-9]\/.test(t.secret)){for(var s,r,n,a=l.querySelectorAll('iframe[data-secret=\"'+t.secret+'\"]'),o=l.querySelectorAll('blockquote[data-secret=\"'+t.secret+'\"]'),c=new RegExp(\"^https?:$\",\"i\"),i=0;i<o.length;i++)o[i].style.display=\"none\";for(i=0;i<a.length;i++)s=a[i],e.source===s.contentWindow&&(s.removeAttribute(\"style\"),\"height\"===t.message?(1e3<(r=parseInt(t.value,10))?r=1e3:~~r<200&&(r=200),s.height=r):\"link\"===t.message&&(r=new URL(s.getAttribute(\"src\")),n=new URL(t.value),c.test(n.protocol))&&n.host===r.host&&l.activeElement===s&&(d.top.location.href=t.value))}},d.addEventListener(\"message\",d.wp.receiveEmbedMessage,!1),l.addEventListener(\"DOMContentLoaded\",function(){for(var e,t,s=l.querySelectorAll(\"iframe.wp-embedded-content\"),r=0;r<s.length;r++)(t=(e=s[r]).getAttribute(\"data-secret\"))||(t=Math.random().toString(36).substring(2,12),e.src+=\"#?secret=\"+t,e.setAttribute(\"data-secret\",t)),e.contentWindow.postMessage({message:\"ready\",secret:t},\"*\")},!1)))}(window,document);\n\/* ]]> *\/\n<\/script>\n","description":"Impliqu\u00e9s dans l&rsquo;affaire &lsquo;paga per correre&rsquo; (payer pour courir), Gianni Savio et Angelo Citracca ont re\u00e7u un ban de trois mois. Cette affaire r\u00e9v\u00e9l\u00e9e par le Corriere della Sera, indique que plusieurs coureurs auraient revers\u00e9 une partie de leur salaire aux \u00e9quipes qui les engageaient et sign\u00e9s des accords ill\u00e9gaux dans le seul but de &hellip;"}

VéloPro.fr

Jérémy Blais

Gianni Savio et Angelo Citracca suspendus trois mois - VéloPro.fr

<blockquote class="wp-embedded-content" data-secret="0BbN7er4u5"><a href="https://cyclingpro.net/velopro/non-classe/gianni-savio-angelo-citracca-suspendu-trois-mois/">Gianni Savio et Angelo Citracca suspendus trois mois</a></blockquote><iframe sandbox="allow-scripts" security="restricted" src="https://cyclingpro.net/velopro/non-classe/gianni-savio-angelo-citracca-suspendu-trois-mois/embed/#?secret=0BbN7er4u5" width="600" height="338" title="« Gianni Savio et Angelo Citracca suspendus trois mois » &#8212; VéloPro.fr" data-secret="0BbN7er4u5" frameborder="0" marginwidth="0" marginheight="0" scrolling="no" class="wp-embedded-content"></iframe><script type="text/javascript">
/* <![CDATA[ */
/*! This file is auto-generated */
!function(d,l){"use strict";l.querySelector&&d.addEventListener&&"undefined"!=typeof URL&&(d.wp=d.wp||{},d.wp.receiveEmbedMessage||(d.wp.receiveEmbedMessage=function(e){var t=e.data;if((t||t.secret||t.message||t.value)&&!/[^a-zA-Z0-9]/.test(t.secret)){for(var s,r,n,a=l.querySelectorAll('iframe[data-secret="'+t.secret+'"]'),o=l.querySelectorAll('blockquote[data-secret="'+t.secret+'"]'),c=new RegExp("^https?:$","i"),i=0;i<o.length;i++)o[i].style.display="none";for(i=0;i<a.length;i++)s=a[i],e.source===s.contentWindow&&(s.removeAttribute("style"),"height"===t.message?(1e3<(r=parseInt(t.value,10))?r=1e3:~~r<200&&(r=200),s.height=r):"link"===t.message&&(r=new URL(s.getAttribute("src")),n=new URL(t.value),c.test(n.protocol))&&n.host===r.host&&l.activeElement===s&&(d.top.location.href=t.value))}},d.addEventListener("message",d.wp.receiveEmbedMessage,!1),l.addEventListener("DOMContentLoaded",function(){for(var e,t,s=l.querySelectorAll("iframe.wp-embedded-content"),r=0;r<s.length;r++)(t=(e=s[r]).getAttribute("data-secret"))||(t=Math.random().toString(36).substring(2,12),e.src+="#?secret="+t,e.setAttribute("data-secret",t)),e.contentWindow.postMessage({message:"ready",secret:t},"*")},!1)))}(window,document);
/* ]]> */
</script>

Impliqués dans l&rsquo;affaire &lsquo;paga per correre&rsquo; (payer pour courir), Gianni Savio et Angelo Citracca ont reçu un ban de trois mois. Cette affaire révélée par le Corriere della Sera, indique que plusieurs coureurs auraient reversé une partie de leur salaire aux équipes qui les engageaient et signés des accords illégaux dans le seul but de &hellip;
