{"version":"1.0","provider_name":"V\u00e9loPro.fr","provider_url":"https:\/\/cyclingpro.net\/velopro","author_name":"J\u00e9r\u00e9my Blais","author_url":"https:\/\/cyclingpro.net\/velopro\/author\/jblais\/","title":"Gent-Wevelgem\u00a0: Pas de dossard 192 - V\u00e9loPro.fr","type":"rich","width":600,"height":338,"html":"<blockquote class=\"wp-embedded-content\" data-secret=\"CPFaMik1Kg\"><a href=\"https:\/\/cyclingpro.net\/velopro\/non-classe\/gent-wevelgem-de-dossard-192\/\">Gent-Wevelgem\u00a0: Pas de dossard 192<\/a><\/blockquote><iframe sandbox=\"allow-scripts\" security=\"restricted\" src=\"https:\/\/cyclingpro.net\/velopro\/non-classe\/gent-wevelgem-de-dossard-192\/embed\/#?secret=CPFaMik1Kg\" width=\"600\" height=\"338\" title=\"\u00ab\u00a0Gent-Wevelgem\u00a0: Pas de dossard 192\u00a0\u00bb &#8212; V\u00e9loPro.fr\" data-secret=\"CPFaMik1Kg\" frameborder=\"0\" marginwidth=\"0\" marginheight=\"0\" scrolling=\"no\" class=\"wp-embedded-content\"><\/iframe><script type=\"text\/javascript\">\n\/* <![CDATA[ *\/\n\/*! This file is auto-generated *\/\n!function(d,l){\"use strict\";l.querySelector&&d.addEventListener&&\"undefined\"!=typeof URL&&(d.wp=d.wp||{},d.wp.receiveEmbedMessage||(d.wp.receiveEmbedMessage=function(e){var t=e.data;if((t||t.secret||t.message||t.value)&&!\/[^a-zA-Z0-9]\/.test(t.secret)){for(var s,r,n,a=l.querySelectorAll('iframe[data-secret=\"'+t.secret+'\"]'),o=l.querySelectorAll('blockquote[data-secret=\"'+t.secret+'\"]'),c=new RegExp(\"^https?:$\",\"i\"),i=0;i<o.length;i++)o[i].style.display=\"none\";for(i=0;i<a.length;i++)s=a[i],e.source===s.contentWindow&&(s.removeAttribute(\"style\"),\"height\"===t.message?(1e3<(r=parseInt(t.value,10))?r=1e3:~~r<200&&(r=200),s.height=r):\"link\"===t.message&&(r=new URL(s.getAttribute(\"src\")),n=new URL(t.value),c.test(n.protocol))&&n.host===r.host&&l.activeElement===s&&(d.top.location.href=t.value))}},d.addEventListener(\"message\",d.wp.receiveEmbedMessage,!1),l.addEventListener(\"DOMContentLoaded\",function(){for(var e,t,s=l.querySelectorAll(\"iframe.wp-embedded-content\"),r=0;r<s.length;r++)(t=(e=s[r]).getAttribute(\"data-secret\"))||(t=Math.random().toString(36).substring(2,12),e.src+=\"#?secret=\"+t,e.setAttribute(\"data-secret\",t)),e.contentWindow.postMessage({message:\"ready\",secret:t},\"*\")},!1)))}(window,document);\n\/* ]]> *\/\n<\/script>\n","thumbnail_url":"https:\/\/cyclingpro.net\/velopro\/wp-content\/uploads\/2017\/03\/578071913.jpg","thumbnail_width":1050,"thumbnail_height":591,"description":"A l&rsquo;occasion de la prochaine \u00e9dition de Gent-Wevelgem qui aura lieu le 26 mars, les organisateurs ont d\u00e9cid\u00e9 de rendre hommage \u00e0 Antoine Demoiti\u00e9. Pour cela, ils ont d\u00e9cid\u00e9 de ne pas attribuer le dossard 192. Pour rappel, le Belge avait \u00e9t\u00e9 percut\u00e9 par une moto l&rsquo;an dernier. Lors de son transport \u00e0 l&rsquo;h\u00f4pital, il &hellip;"}

VéloPro.fr

Jérémy Blais

Gent-Wevelgem : Pas de dossard 192 - VéloPro.fr

<blockquote class="wp-embedded-content" data-secret="CPFaMik1Kg"><a href="https://cyclingpro.net/velopro/non-classe/gent-wevelgem-de-dossard-192/">Gent-Wevelgem : Pas de dossard 192</a></blockquote><iframe sandbox="allow-scripts" security="restricted" src="https://cyclingpro.net/velopro/non-classe/gent-wevelgem-de-dossard-192/embed/#?secret=CPFaMik1Kg" width="600" height="338" title="« Gent-Wevelgem : Pas de dossard 192 » &#8212; VéloPro.fr" data-secret="CPFaMik1Kg" frameborder="0" marginwidth="0" marginheight="0" scrolling="no" class="wp-embedded-content"></iframe><script type="text/javascript">
/* <![CDATA[ */
/*! This file is auto-generated */
!function(d,l){"use strict";l.querySelector&&d.addEventListener&&"undefined"!=typeof URL&&(d.wp=d.wp||{},d.wp.receiveEmbedMessage||(d.wp.receiveEmbedMessage=function(e){var t=e.data;if((t||t.secret||t.message||t.value)&&!/[^a-zA-Z0-9]/.test(t.secret)){for(var s,r,n,a=l.querySelectorAll('iframe[data-secret="'+t.secret+'"]'),o=l.querySelectorAll('blockquote[data-secret="'+t.secret+'"]'),c=new RegExp("^https?:$","i"),i=0;i<o.length;i++)o[i].style.display="none";for(i=0;i<a.length;i++)s=a[i],e.source===s.contentWindow&&(s.removeAttribute("style"),"height"===t.message?(1e3<(r=parseInt(t.value,10))?r=1e3:~~r<200&&(r=200),s.height=r):"link"===t.message&&(r=new URL(s.getAttribute("src")),n=new URL(t.value),c.test(n.protocol))&&n.host===r.host&&l.activeElement===s&&(d.top.location.href=t.value))}},d.addEventListener("message",d.wp.receiveEmbedMessage,!1),l.addEventListener("DOMContentLoaded",function(){for(var e,t,s=l.querySelectorAll("iframe.wp-embedded-content"),r=0;r<s.length;r++)(t=(e=s[r]).getAttribute("data-secret"))||(t=Math.random().toString(36).substring(2,12),e.src+="#?secret="+t,e.setAttribute("data-secret",t)),e.contentWindow.postMessage({message:"ready",secret:t},"*")},!1)))}(window,document);
/* ]]> */
</script>

A l&rsquo;occasion de la prochaine édition de Gent-Wevelgem qui aura lieu le 26 mars, les organisateurs ont décidé de rendre hommage à Antoine Demoitié. Pour cela, ils ont décidé de ne pas attribuer le dossard 192. Pour rappel, le Belge avait été percuté par une moto l&rsquo;an dernier. Lors de son transport à l&rsquo;hôpital, il &hellip;
