{"version":"1.0","provider_name":"V\u00e9loPro.fr","provider_url":"https:\/\/cyclingpro.net\/velopro","author_name":"Brice Vercelot","author_url":"https:\/\/cyclingpro.net\/velopro\/author\/bvercelot\/","title":"Serge Pauwels op\u00e9r\u00e9 avec succ\u00e8s - V\u00e9loPro.fr","type":"rich","width":600,"height":338,"html":"<blockquote class=\"wp-embedded-content\" data-secret=\"ETU9zVr93H\"><a href=\"https:\/\/cyclingpro.net\/velopro\/news-niveau-2\/serge-pauwels-opere-avec-succes\/\">Serge Pauwels op\u00e9r\u00e9 avec succ\u00e8s<\/a><\/blockquote><iframe sandbox=\"allow-scripts\" security=\"restricted\" src=\"https:\/\/cyclingpro.net\/velopro\/news-niveau-2\/serge-pauwels-opere-avec-succes\/embed\/#?secret=ETU9zVr93H\" width=\"600\" height=\"338\" title=\"\u00ab\u00a0Serge Pauwels op\u00e9r\u00e9 avec succ\u00e8s\u00a0\u00bb &#8212; V\u00e9loPro.fr\" data-secret=\"ETU9zVr93H\" frameborder=\"0\" marginwidth=\"0\" marginheight=\"0\" scrolling=\"no\" class=\"wp-embedded-content\"><\/iframe><script type=\"text\/javascript\">\n\/* <![CDATA[ *\/\n\/*! This file is auto-generated *\/\n!function(d,l){\"use strict\";l.querySelector&&d.addEventListener&&\"undefined\"!=typeof URL&&(d.wp=d.wp||{},d.wp.receiveEmbedMessage||(d.wp.receiveEmbedMessage=function(e){var t=e.data;if((t||t.secret||t.message||t.value)&&!\/[^a-zA-Z0-9]\/.test(t.secret)){for(var s,r,n,a=l.querySelectorAll('iframe[data-secret=\"'+t.secret+'\"]'),o=l.querySelectorAll('blockquote[data-secret=\"'+t.secret+'\"]'),c=new RegExp(\"^https?:$\",\"i\"),i=0;i<o.length;i++)o[i].style.display=\"none\";for(i=0;i<a.length;i++)s=a[i],e.source===s.contentWindow&&(s.removeAttribute(\"style\"),\"height\"===t.message?(1e3<(r=parseInt(t.value,10))?r=1e3:~~r<200&&(r=200),s.height=r):\"link\"===t.message&&(r=new URL(s.getAttribute(\"src\")),n=new URL(t.value),c.test(n.protocol))&&n.host===r.host&&l.activeElement===s&&(d.top.location.href=t.value))}},d.addEventListener(\"message\",d.wp.receiveEmbedMessage,!1),l.addEventListener(\"DOMContentLoaded\",function(){for(var e,t,s=l.querySelectorAll(\"iframe.wp-embedded-content\"),r=0;r<s.length;r++)(t=(e=s[r]).getAttribute(\"data-secret\"))||(t=Math.random().toString(36).substring(2,12),e.src+=\"#?secret=\"+t,e.setAttribute(\"data-secret\",t)),e.contentWindow.postMessage({message:\"ready\",secret:t},\"*\")},!1)))}(window,document);\n\/* ]]> *\/\n<\/script>\n","thumbnail_url":"https:\/\/cyclingpro.net\/velopro\/wp-content\/uploads\/2018\/07\/759407122.jpg","thumbnail_width":1050,"thumbnail_height":698,"description":"Victime d&rsquo;une grosse chute dans les derniers m\u00e8tre de la 15e \u00e9tape du Tour de France, Serge Pauwels a du abandonner la course et les examens pass\u00e9 par le belge de la Dimension Data ont r\u00e9v\u00e9l\u00e9s une fracture du coude droit. Hier, alors que ces \u00e9quipiers profitaient du dernier jour de repos de la grande &hellip;"}

VéloPro.fr

Serge Pauwels opéré avec succès - VéloPro.fr

<blockquote class="wp-embedded-content" data-secret="ETU9zVr93H"><a href="https://cyclingpro.net/velopro/news-niveau-2/serge-pauwels-opere-avec-succes/">Serge Pauwels opéré avec succès</a></blockquote><iframe sandbox="allow-scripts" security="restricted" src="https://cyclingpro.net/velopro/news-niveau-2/serge-pauwels-opere-avec-succes/embed/#?secret=ETU9zVr93H" width="600" height="338" title="« Serge Pauwels opéré avec succès » &#8212; VéloPro.fr" data-secret="ETU9zVr93H" frameborder="0" marginwidth="0" marginheight="0" scrolling="no" class="wp-embedded-content"></iframe><script type="text/javascript">
/* <![CDATA[ */
/*! This file is auto-generated */
!function(d,l){"use strict";l.querySelector&&d.addEventListener&&"undefined"!=typeof URL&&(d.wp=d.wp||{},d.wp.receiveEmbedMessage||(d.wp.receiveEmbedMessage=function(e){var t=e.data;if((t||t.secret||t.message||t.value)&&!/[^a-zA-Z0-9]/.test(t.secret)){for(var s,r,n,a=l.querySelectorAll('iframe[data-secret="'+t.secret+'"]'),o=l.querySelectorAll('blockquote[data-secret="'+t.secret+'"]'),c=new RegExp("^https?:$","i"),i=0;i<o.length;i++)o[i].style.display="none";for(i=0;i<a.length;i++)s=a[i],e.source===s.contentWindow&&(s.removeAttribute("style"),"height"===t.message?(1e3<(r=parseInt(t.value,10))?r=1e3:~~r<200&&(r=200),s.height=r):"link"===t.message&&(r=new URL(s.getAttribute("src")),n=new URL(t.value),c.test(n.protocol))&&n.host===r.host&&l.activeElement===s&&(d.top.location.href=t.value))}},d.addEventListener("message",d.wp.receiveEmbedMessage,!1),l.addEventListener("DOMContentLoaded",function(){for(var e,t,s=l.querySelectorAll("iframe.wp-embedded-content"),r=0;r<s.length;r++)(t=(e=s[r]).getAttribute("data-secret"))||(t=Math.random().toString(36).substring(2,12),e.src+="#?secret="+t,e.setAttribute("data-secret",t)),e.contentWindow.postMessage({message:"ready",secret:t},"*")},!1)))}(window,document);
/* ]]> */
</script>

Victime d&rsquo;une grosse chute dans les derniers mètre de la 15e étape du Tour de France, Serge Pauwels a du abandonner la course et les examens passé par le belge de la Dimension Data ont révélés une fracture du coude droit. Hier, alors que ces équipiers profitaient du dernier jour de repos de la grande &hellip;
