{"version":"1.0","provider_name":"V\u00e9loPro.fr","provider_url":"https:\/\/cyclingpro.net\/velopro","author_name":"James Odvart","author_url":"https:\/\/cyclingpro.net\/velopro\/author\/jodvart\/","title":"Richie Porte enchaine les m\u00e8tres de d\u00e9niv\u00e9l\u00e9 - V\u00e9loPro.fr","type":"rich","width":600,"height":338,"html":"<blockquote class=\"wp-embedded-content\" data-secret=\"7yEA4ngbhQ\"><a href=\"https:\/\/cyclingpro.net\/velopro\/news-niveau-2\/richie-porte-enchaine-metres-de-denivele\/\">Richie Porte enchaine les m\u00e8tres de d\u00e9niv\u00e9l\u00e9<\/a><\/blockquote><iframe sandbox=\"allow-scripts\" security=\"restricted\" src=\"https:\/\/cyclingpro.net\/velopro\/news-niveau-2\/richie-porte-enchaine-metres-de-denivele\/embed\/#?secret=7yEA4ngbhQ\" width=\"600\" height=\"338\" title=\"\u00ab\u00a0Richie Porte enchaine les m\u00e8tres de d\u00e9niv\u00e9l\u00e9\u00a0\u00bb &#8212; V\u00e9loPro.fr\" data-secret=\"7yEA4ngbhQ\" frameborder=\"0\" marginwidth=\"0\" marginheight=\"0\" scrolling=\"no\" class=\"wp-embedded-content\"><\/iframe><script type=\"text\/javascript\">\n\/* <![CDATA[ *\/\n\/*! This file is auto-generated *\/\n!function(d,l){\"use strict\";l.querySelector&&d.addEventListener&&\"undefined\"!=typeof URL&&(d.wp=d.wp||{},d.wp.receiveEmbedMessage||(d.wp.receiveEmbedMessage=function(e){var t=e.data;if((t||t.secret||t.message||t.value)&&!\/[^a-zA-Z0-9]\/.test(t.secret)){for(var s,r,n,a=l.querySelectorAll('iframe[data-secret=\"'+t.secret+'\"]'),o=l.querySelectorAll('blockquote[data-secret=\"'+t.secret+'\"]'),c=new RegExp(\"^https?:$\",\"i\"),i=0;i<o.length;i++)o[i].style.display=\"none\";for(i=0;i<a.length;i++)s=a[i],e.source===s.contentWindow&&(s.removeAttribute(\"style\"),\"height\"===t.message?(1e3<(r=parseInt(t.value,10))?r=1e3:~~r<200&&(r=200),s.height=r):\"link\"===t.message&&(r=new URL(s.getAttribute(\"src\")),n=new URL(t.value),c.test(n.protocol))&&n.host===r.host&&l.activeElement===s&&(d.top.location.href=t.value))}},d.addEventListener(\"message\",d.wp.receiveEmbedMessage,!1),l.addEventListener(\"DOMContentLoaded\",function(){for(var e,t,s=l.querySelectorAll(\"iframe.wp-embedded-content\"),r=0;r<s.length;r++)(t=(e=s[r]).getAttribute(\"data-secret\"))||(t=Math.random().toString(36).substring(2,12),e.src+=\"#?secret=\"+t,e.setAttribute(\"data-secret\",t)),e.contentWindow.postMessage({message:\"ready\",secret:t},\"*\")},!1)))}(window,document);\n\/* ]]> *\/\n<\/script>\n","thumbnail_url":"https:\/\/cyclingpro.net\/velopro\/wp-content\/uploads\/2017\/03\/2017031198_111636.jpg","thumbnail_width":721,"thumbnail_height":406,"description":"54.000 m\u00e8tres de d\u00e9nivel\u00e9 en trois semaines, 20.000 la premi\u00e8re et 17.000 les deux suivantes. Des chiffres impressionnants du stage en altitude de Richie Porte dans les Alpes en France. Le vainqueur du Tour Down Under\u00a0a pass\u00e9 21 jours en compagnie de ses co\u00e9quipiers Nicolas Roche, Danilo Wyss et Damiano Caruso.\u00a0\u00ab\u00a0C&rsquo;est toujours sympa de s&rsquo;entrainer &hellip;"}

VéloPro.fr

Richie Porte enchaine les mètres de dénivélé - VéloPro.fr

<blockquote class="wp-embedded-content" data-secret="7yEA4ngbhQ"><a href="https://cyclingpro.net/velopro/news-niveau-2/richie-porte-enchaine-metres-de-denivele/">Richie Porte enchaine les mètres de dénivélé</a></blockquote><iframe sandbox="allow-scripts" security="restricted" src="https://cyclingpro.net/velopro/news-niveau-2/richie-porte-enchaine-metres-de-denivele/embed/#?secret=7yEA4ngbhQ" width="600" height="338" title="« Richie Porte enchaine les mètres de dénivélé » &#8212; VéloPro.fr" data-secret="7yEA4ngbhQ" frameborder="0" marginwidth="0" marginheight="0" scrolling="no" class="wp-embedded-content"></iframe><script type="text/javascript">
/* <![CDATA[ */
/*! This file is auto-generated */
!function(d,l){"use strict";l.querySelector&&d.addEventListener&&"undefined"!=typeof URL&&(d.wp=d.wp||{},d.wp.receiveEmbedMessage||(d.wp.receiveEmbedMessage=function(e){var t=e.data;if((t||t.secret||t.message||t.value)&&!/[^a-zA-Z0-9]/.test(t.secret)){for(var s,r,n,a=l.querySelectorAll('iframe[data-secret="'+t.secret+'"]'),o=l.querySelectorAll('blockquote[data-secret="'+t.secret+'"]'),c=new RegExp("^https?:$","i"),i=0;i<o.length;i++)o[i].style.display="none";for(i=0;i<a.length;i++)s=a[i],e.source===s.contentWindow&&(s.removeAttribute("style"),"height"===t.message?(1e3<(r=parseInt(t.value,10))?r=1e3:~~r<200&&(r=200),s.height=r):"link"===t.message&&(r=new URL(s.getAttribute("src")),n=new URL(t.value),c.test(n.protocol))&&n.host===r.host&&l.activeElement===s&&(d.top.location.href=t.value))}},d.addEventListener("message",d.wp.receiveEmbedMessage,!1),l.addEventListener("DOMContentLoaded",function(){for(var e,t,s=l.querySelectorAll("iframe.wp-embedded-content"),r=0;r<s.length;r++)(t=(e=s[r]).getAttribute("data-secret"))||(t=Math.random().toString(36).substring(2,12),e.src+="#?secret="+t,e.setAttribute("data-secret",t)),e.contentWindow.postMessage({message:"ready",secret:t},"*")},!1)))}(window,document);
/* ]]> */
</script>

54.000 mètres de dénivelé en trois semaines, 20.000 la première et 17.000 les deux suivantes. Des chiffres impressionnants du stage en altitude de Richie Porte dans les Alpes en France. Le vainqueur du Tour Down Under a passé 21 jours en compagnie de ses coéquipiers Nicolas Roche, Danilo Wyss et Damiano Caruso. « C&rsquo;est toujours sympa de s&rsquo;entrainer &hellip;
