{"version":"1.0","provider_name":"V\u00e9loPro.fr","provider_url":"https:\/\/cyclingpro.net\/velopro","author_name":"Antoine Plouvin","author_url":"https:\/\/cyclingpro.net\/velopro\/author\/aplouvin\/","title":"Simon Gerrans se reconvertit chez... Goldman Sachs - V\u00e9loPro.fr","type":"rich","width":600,"height":338,"html":"<blockquote class=\"wp-embedded-content\" data-secret=\"ckclqhtoSl\"><a href=\"https:\/\/cyclingpro.net\/velopro\/news\/simon-gerrans-se-reconvertit-chez-goldman-sachs\/\">Simon Gerrans se reconvertit chez&#8230; Goldman Sachs<\/a><\/blockquote><iframe sandbox=\"allow-scripts\" security=\"restricted\" src=\"https:\/\/cyclingpro.net\/velopro\/news\/simon-gerrans-se-reconvertit-chez-goldman-sachs\/embed\/#?secret=ckclqhtoSl\" width=\"600\" height=\"338\" title=\"\u00ab\u00a0Simon Gerrans se reconvertit chez&#8230; Goldman Sachs\u00a0\u00bb &#8212; V\u00e9loPro.fr\" data-secret=\"ckclqhtoSl\" frameborder=\"0\" marginwidth=\"0\" marginheight=\"0\" scrolling=\"no\" class=\"wp-embedded-content\"><\/iframe><script type=\"text\/javascript\">\n\/* <![CDATA[ *\/\n\/*! This file is auto-generated *\/\n!function(d,l){\"use strict\";l.querySelector&&d.addEventListener&&\"undefined\"!=typeof URL&&(d.wp=d.wp||{},d.wp.receiveEmbedMessage||(d.wp.receiveEmbedMessage=function(e){var t=e.data;if((t||t.secret||t.message||t.value)&&!\/[^a-zA-Z0-9]\/.test(t.secret)){for(var s,r,n,a=l.querySelectorAll('iframe[data-secret=\"'+t.secret+'\"]'),o=l.querySelectorAll('blockquote[data-secret=\"'+t.secret+'\"]'),c=new RegExp(\"^https?:$\",\"i\"),i=0;i<o.length;i++)o[i].style.display=\"none\";for(i=0;i<a.length;i++)s=a[i],e.source===s.contentWindow&&(s.removeAttribute(\"style\"),\"height\"===t.message?(1e3<(r=parseInt(t.value,10))?r=1e3:~~r<200&&(r=200),s.height=r):\"link\"===t.message&&(r=new URL(s.getAttribute(\"src\")),n=new URL(t.value),c.test(n.protocol))&&n.host===r.host&&l.activeElement===s&&(d.top.location.href=t.value))}},d.addEventListener(\"message\",d.wp.receiveEmbedMessage,!1),l.addEventListener(\"DOMContentLoaded\",function(){for(var e,t,s=l.querySelectorAll(\"iframe.wp-embedded-content\"),r=0;r<s.length;r++)(t=(e=s[r]).getAttribute(\"data-secret\"))||(t=Math.random().toString(36).substring(2,12),e.src+=\"#?secret=\"+t,e.setAttribute(\"data-secret\",t)),e.contentWindow.postMessage({message:\"ready\",secret:t},\"*\")},!1)))}(window,document);\n\/* ]]> *\/\n<\/script>\n","thumbnail_url":"https:\/\/cyclingpro.net\/velopro\/wp-content\/uploads\/2018\/11\/simongerrans-pcbeforetdf-tourdefrance2018.jpg","thumbnail_width":1050,"thumbnail_height":562,"description":"Tout juste retrait\u00e9 des pelotons, Simon Gerrans (BMC) a d\u00e9j\u00e0 trouv\u00e9 sa reconversion. Et elle est peu commune. Le vainqueur de Milan-Sanremo 2012, Li\u00e8ge-Bastogne-Li\u00e8ge 2014, ancien maillot jaune du Tour de France et quadruple laur\u00e9at du Tour Down Under va entrer dans le monde de la banque chez Goldman Sachs. \u00c0 38 ans, Gerrans va &hellip;"}

VéloPro.fr

Simon Gerrans se reconvertit chez... Goldman Sachs - VéloPro.fr

<blockquote class="wp-embedded-content" data-secret="ckclqhtoSl"><a href="https://cyclingpro.net/velopro/news/simon-gerrans-se-reconvertit-chez-goldman-sachs/">Simon Gerrans se reconvertit chez&#8230; Goldman Sachs</a></blockquote><iframe sandbox="allow-scripts" security="restricted" src="https://cyclingpro.net/velopro/news/simon-gerrans-se-reconvertit-chez-goldman-sachs/embed/#?secret=ckclqhtoSl" width="600" height="338" title="« Simon Gerrans se reconvertit chez&#8230; Goldman Sachs » &#8212; VéloPro.fr" data-secret="ckclqhtoSl" frameborder="0" marginwidth="0" marginheight="0" scrolling="no" class="wp-embedded-content"></iframe><script type="text/javascript">
/* <![CDATA[ */
/*! This file is auto-generated */
!function(d,l){"use strict";l.querySelector&&d.addEventListener&&"undefined"!=typeof URL&&(d.wp=d.wp||{},d.wp.receiveEmbedMessage||(d.wp.receiveEmbedMessage=function(e){var t=e.data;if((t||t.secret||t.message||t.value)&&!/[^a-zA-Z0-9]/.test(t.secret)){for(var s,r,n,a=l.querySelectorAll('iframe[data-secret="'+t.secret+'"]'),o=l.querySelectorAll('blockquote[data-secret="'+t.secret+'"]'),c=new RegExp("^https?:$","i"),i=0;i<o.length;i++)o[i].style.display="none";for(i=0;i<a.length;i++)s=a[i],e.source===s.contentWindow&&(s.removeAttribute("style"),"height"===t.message?(1e3<(r=parseInt(t.value,10))?r=1e3:~~r<200&&(r=200),s.height=r):"link"===t.message&&(r=new URL(s.getAttribute("src")),n=new URL(t.value),c.test(n.protocol))&&n.host===r.host&&l.activeElement===s&&(d.top.location.href=t.value))}},d.addEventListener("message",d.wp.receiveEmbedMessage,!1),l.addEventListener("DOMContentLoaded",function(){for(var e,t,s=l.querySelectorAll("iframe.wp-embedded-content"),r=0;r<s.length;r++)(t=(e=s[r]).getAttribute("data-secret"))||(t=Math.random().toString(36).substring(2,12),e.src+="#?secret="+t,e.setAttribute("data-secret",t)),e.contentWindow.postMessage({message:"ready",secret:t},"*")},!1)))}(window,document);
/* ]]> */
</script>

Tout juste retraité des pelotons, Simon Gerrans (BMC) a déjà trouvé sa reconversion. Et elle est peu commune. Le vainqueur de Milan-Sanremo 2012, Liège-Bastogne-Liège 2014, ancien maillot jaune du Tour de France et quadruple lauréat du Tour Down Under va entrer dans le monde de la banque chez Goldman Sachs. À 38 ans, Gerrans va &hellip;
