{"version":"1.0","provider_name":"V\u00e9loPro.fr","provider_url":"https:\/\/cyclingpro.net\/velopro","author_name":"Alexandre Mignot","author_url":"https:\/\/cyclingpro.net\/velopro\/author\/amignot\/","title":"Novo Nordisk prolonge son partenariat jusqu'en 2019 - V\u00e9loPro.fr","type":"rich","width":600,"height":338,"html":"<blockquote class=\"wp-embedded-content\" data-secret=\"m9QUxjZATH\"><a href=\"https:\/\/cyclingpro.net\/velopro\/news\/novo-nordisk-prolonge-partenariat-jusquen-2019\/\">Novo Nordisk prolonge son partenariat jusqu&rsquo;en 2019<\/a><\/blockquote><iframe sandbox=\"allow-scripts\" security=\"restricted\" src=\"https:\/\/cyclingpro.net\/velopro\/news\/novo-nordisk-prolonge-partenariat-jusquen-2019\/embed\/#?secret=m9QUxjZATH\" width=\"600\" height=\"338\" title=\"\u00ab\u00a0Novo Nordisk prolonge son partenariat jusqu&rsquo;en 2019\u00a0\u00bb &#8212; V\u00e9loPro.fr\" data-secret=\"m9QUxjZATH\" frameborder=\"0\" marginwidth=\"0\" marginheight=\"0\" scrolling=\"no\" class=\"wp-embedded-content\"><\/iframe><script type=\"text\/javascript\">\n\/* <![CDATA[ *\/\n\/*! This file is auto-generated *\/\n!function(d,l){\"use strict\";l.querySelector&&d.addEventListener&&\"undefined\"!=typeof URL&&(d.wp=d.wp||{},d.wp.receiveEmbedMessage||(d.wp.receiveEmbedMessage=function(e){var t=e.data;if((t||t.secret||t.message||t.value)&&!\/[^a-zA-Z0-9]\/.test(t.secret)){for(var s,r,n,a=l.querySelectorAll('iframe[data-secret=\"'+t.secret+'\"]'),o=l.querySelectorAll('blockquote[data-secret=\"'+t.secret+'\"]'),c=new RegExp(\"^https?:$\",\"i\"),i=0;i<o.length;i++)o[i].style.display=\"none\";for(i=0;i<a.length;i++)s=a[i],e.source===s.contentWindow&&(s.removeAttribute(\"style\"),\"height\"===t.message?(1e3<(r=parseInt(t.value,10))?r=1e3:~~r<200&&(r=200),s.height=r):\"link\"===t.message&&(r=new URL(s.getAttribute(\"src\")),n=new URL(t.value),c.test(n.protocol))&&n.host===r.host&&l.activeElement===s&&(d.top.location.href=t.value))}},d.addEventListener(\"message\",d.wp.receiveEmbedMessage,!1),l.addEventListener(\"DOMContentLoaded\",function(){for(var e,t,s=l.querySelectorAll(\"iframe.wp-embedded-content\"),r=0;r<s.length;r++)(t=(e=s[r]).getAttribute(\"data-secret\"))||(t=Math.random().toString(36).substring(2,12),e.src+=\"#?secret=\"+t,e.setAttribute(\"data-secret\",t)),e.contentWindow.postMessage({message:\"ready\",secret:t},\"*\")},!1)))}(window,document);\n\/* ]]> *\/\n<\/script>\n","thumbnail_url":"https:\/\/cyclingpro.net\/velopro\/wp-content\/uploads\/2017\/09\/Novo-Nordisk.jpg","thumbnail_width":1050,"thumbnail_height":556,"description":"L&rsquo;aventure se poursuit pour Novo Nordisk ! La formation continentale professionnelle, pour rappel uniquement compos\u00e9e de coureurs atteints de diab\u00e8te de type 1,\u00a0continuera de sillonner les courses \u00e0 travers le globe lors des deux prochaines saisons. Le sponsor titre de la structure a d\u00e9cid\u00e9 de prolonger son engagement jusqu&rsquo;en 2019.\u00a0\u00ab\u00a0Nous sommes reconnaissants envers\u00a0Novo Nordisk pour &hellip;"}

VéloPro.fr

Novo Nordisk prolonge son partenariat jusqu'en 2019 - VéloPro.fr

<blockquote class="wp-embedded-content" data-secret="m9QUxjZATH"><a href="https://cyclingpro.net/velopro/news/novo-nordisk-prolonge-partenariat-jusquen-2019/">Novo Nordisk prolonge son partenariat jusqu&rsquo;en 2019</a></blockquote><iframe sandbox="allow-scripts" security="restricted" src="https://cyclingpro.net/velopro/news/novo-nordisk-prolonge-partenariat-jusquen-2019/embed/#?secret=m9QUxjZATH" width="600" height="338" title="« Novo Nordisk prolonge son partenariat jusqu&rsquo;en 2019 » &#8212; VéloPro.fr" data-secret="m9QUxjZATH" frameborder="0" marginwidth="0" marginheight="0" scrolling="no" class="wp-embedded-content"></iframe><script type="text/javascript">
/* <![CDATA[ */
/*! This file is auto-generated */
!function(d,l){"use strict";l.querySelector&&d.addEventListener&&"undefined"!=typeof URL&&(d.wp=d.wp||{},d.wp.receiveEmbedMessage||(d.wp.receiveEmbedMessage=function(e){var t=e.data;if((t||t.secret||t.message||t.value)&&!/[^a-zA-Z0-9]/.test(t.secret)){for(var s,r,n,a=l.querySelectorAll('iframe[data-secret="'+t.secret+'"]'),o=l.querySelectorAll('blockquote[data-secret="'+t.secret+'"]'),c=new RegExp("^https?:$","i"),i=0;i<o.length;i++)o[i].style.display="none";for(i=0;i<a.length;i++)s=a[i],e.source===s.contentWindow&&(s.removeAttribute("style"),"height"===t.message?(1e3<(r=parseInt(t.value,10))?r=1e3:~~r<200&&(r=200),s.height=r):"link"===t.message&&(r=new URL(s.getAttribute("src")),n=new URL(t.value),c.test(n.protocol))&&n.host===r.host&&l.activeElement===s&&(d.top.location.href=t.value))}},d.addEventListener("message",d.wp.receiveEmbedMessage,!1),l.addEventListener("DOMContentLoaded",function(){for(var e,t,s=l.querySelectorAll("iframe.wp-embedded-content"),r=0;r<s.length;r++)(t=(e=s[r]).getAttribute("data-secret"))||(t=Math.random().toString(36).substring(2,12),e.src+="#?secret="+t,e.setAttribute("data-secret",t)),e.contentWindow.postMessage({message:"ready",secret:t},"*")},!1)))}(window,document);
/* ]]> */
</script>

L&rsquo;aventure se poursuit pour Novo Nordisk ! La formation continentale professionnelle, pour rappel uniquement composée de coureurs atteints de diabète de type 1, continuera de sillonner les courses à travers le globe lors des deux prochaines saisons. Le sponsor titre de la structure a décidé de prolonger son engagement jusqu&rsquo;en 2019. « Nous sommes reconnaissants envers Novo Nordisk pour &hellip;
