{"version":"1.0","provider_name":"V\u00e9loPro.fr","provider_url":"https:\/\/cyclingpro.net\/velopro","author_name":"James Odvart","author_url":"https:\/\/cyclingpro.net\/velopro\/author\/jodvart\/","title":"Nibali d\u00e9die sa victoire \u00e0 Scarponi - V\u00e9loPro.fr","type":"rich","width":600,"height":338,"html":"<blockquote class=\"wp-embedded-content\" data-secret=\"PeFqLgz2bW\"><a href=\"https:\/\/cyclingpro.net\/velopro\/news\/nibali-dedie-victoire-a-scarponi\/\">Nibali d\u00e9die sa victoire \u00e0 Scarponi<\/a><\/blockquote><iframe sandbox=\"allow-scripts\" security=\"restricted\" src=\"https:\/\/cyclingpro.net\/velopro\/news\/nibali-dedie-victoire-a-scarponi\/embed\/#?secret=PeFqLgz2bW\" width=\"600\" height=\"338\" title=\"\u00ab\u00a0Nibali d\u00e9die sa victoire \u00e0 Scarponi\u00a0\u00bb &#8212; V\u00e9loPro.fr\" data-secret=\"PeFqLgz2bW\" frameborder=\"0\" marginwidth=\"0\" marginheight=\"0\" scrolling=\"no\" class=\"wp-embedded-content\"><\/iframe><script type=\"text\/javascript\">\n\/* <![CDATA[ *\/\n\/*! This file is auto-generated *\/\n!function(d,l){\"use strict\";l.querySelector&&d.addEventListener&&\"undefined\"!=typeof URL&&(d.wp=d.wp||{},d.wp.receiveEmbedMessage||(d.wp.receiveEmbedMessage=function(e){var t=e.data;if((t||t.secret||t.message||t.value)&&!\/[^a-zA-Z0-9]\/.test(t.secret)){for(var s,r,n,a=l.querySelectorAll('iframe[data-secret=\"'+t.secret+'\"]'),o=l.querySelectorAll('blockquote[data-secret=\"'+t.secret+'\"]'),c=new RegExp(\"^https?:$\",\"i\"),i=0;i<o.length;i++)o[i].style.display=\"none\";for(i=0;i<a.length;i++)s=a[i],e.source===s.contentWindow&&(s.removeAttribute(\"style\"),\"height\"===t.message?(1e3<(r=parseInt(t.value,10))?r=1e3:~~r<200&&(r=200),s.height=r):\"link\"===t.message&&(r=new URL(s.getAttribute(\"src\")),n=new URL(t.value),c.test(n.protocol))&&n.host===r.host&&l.activeElement===s&&(d.top.location.href=t.value))}},d.addEventListener(\"message\",d.wp.receiveEmbedMessage,!1),l.addEventListener(\"DOMContentLoaded\",function(){for(var e,t,s=l.querySelectorAll(\"iframe.wp-embedded-content\"),r=0;r<s.length;r++)(t=(e=s[r]).getAttribute(\"data-secret\"))||(t=Math.random().toString(36).substring(2,12),e.src+=\"#?secret=\"+t,e.setAttribute(\"data-secret\",t)),e.contentWindow.postMessage({message:\"ready\",secret:t},\"*\")},!1)))}(window,document);\n\/* ]]> *\/\n<\/script>\n","thumbnail_url":"https:\/\/cyclingpro.net\/velopro\/wp-content\/uploads\/2017\/05\/IMG_4393.jpg","thumbnail_width":1050,"thumbnail_height":700,"description":"Vincenzo Nibali, en plus de sauver l&rsquo;honneur des Italiens gr\u00e2ce \u00e0 sa victoire sur ce 100e Giro, a fait la bonne op\u00e9ration du jour, tout comme Nairo Quintana (Movistar), en reprenant du temps sur le maillot rose Tom Dumoulin (Sunweb). Il revient pour nous sur son \u00e9tape.\u00a0\u00bbJ\u2019ai bien travaill\u00e9, comme je l&rsquo;ai d\u00e9j\u00e0 dit, aujourd&rsquo;hui, &hellip;"}

VéloPro.fr

Nibali dédie sa victoire à Scarponi - VéloPro.fr

<blockquote class="wp-embedded-content" data-secret="PeFqLgz2bW"><a href="https://cyclingpro.net/velopro/news/nibali-dedie-victoire-a-scarponi/">Nibali dédie sa victoire à Scarponi</a></blockquote><iframe sandbox="allow-scripts" security="restricted" src="https://cyclingpro.net/velopro/news/nibali-dedie-victoire-a-scarponi/embed/#?secret=PeFqLgz2bW" width="600" height="338" title="« Nibali dédie sa victoire à Scarponi » &#8212; VéloPro.fr" data-secret="PeFqLgz2bW" frameborder="0" marginwidth="0" marginheight="0" scrolling="no" class="wp-embedded-content"></iframe><script type="text/javascript">
/* <![CDATA[ */
/*! This file is auto-generated */
!function(d,l){"use strict";l.querySelector&&d.addEventListener&&"undefined"!=typeof URL&&(d.wp=d.wp||{},d.wp.receiveEmbedMessage||(d.wp.receiveEmbedMessage=function(e){var t=e.data;if((t||t.secret||t.message||t.value)&&!/[^a-zA-Z0-9]/.test(t.secret)){for(var s,r,n,a=l.querySelectorAll('iframe[data-secret="'+t.secret+'"]'),o=l.querySelectorAll('blockquote[data-secret="'+t.secret+'"]'),c=new RegExp("^https?:$","i"),i=0;i<o.length;i++)o[i].style.display="none";for(i=0;i<a.length;i++)s=a[i],e.source===s.contentWindow&&(s.removeAttribute("style"),"height"===t.message?(1e3<(r=parseInt(t.value,10))?r=1e3:~~r<200&&(r=200),s.height=r):"link"===t.message&&(r=new URL(s.getAttribute("src")),n=new URL(t.value),c.test(n.protocol))&&n.host===r.host&&l.activeElement===s&&(d.top.location.href=t.value))}},d.addEventListener("message",d.wp.receiveEmbedMessage,!1),l.addEventListener("DOMContentLoaded",function(){for(var e,t,s=l.querySelectorAll("iframe.wp-embedded-content"),r=0;r<s.length;r++)(t=(e=s[r]).getAttribute("data-secret"))||(t=Math.random().toString(36).substring(2,12),e.src+="#?secret="+t,e.setAttribute("data-secret",t)),e.contentWindow.postMessage({message:"ready",secret:t},"*")},!1)))}(window,document);
/* ]]> */
</script>

Vincenzo Nibali, en plus de sauver l&rsquo;honneur des Italiens grâce à sa victoire sur ce 100e Giro, a fait la bonne opération du jour, tout comme Nairo Quintana (Movistar), en reprenant du temps sur le maillot rose Tom Dumoulin (Sunweb). Il revient pour nous sur son étape. »J’ai bien travaillé, comme je l&rsquo;ai déjà dit, aujourd&rsquo;hui, &hellip;
