{"version":"1.0","provider_name":"V\u00e9loPro.fr","provider_url":"https:\/\/cyclingpro.net\/velopro","author_name":"Alexandre Mignot","author_url":"https:\/\/cyclingpro.net\/velopro\/author\/amignot\/","title":"Sepp Kuss s'envole chez LottoNL-Jumbo - V\u00e9loPro.fr","type":"rich","width":600,"height":338,"html":"<blockquote class=\"wp-embedded-content\" data-secret=\"3UWNtYvDVn\"><a href=\"https:\/\/cyclingpro.net\/velopro\/mercato\/sepp-kuss-senvole-chez-lottonl-jumbo\/\">Sepp Kuss s&rsquo;envole chez LottoNL-Jumbo<\/a><\/blockquote><iframe sandbox=\"allow-scripts\" security=\"restricted\" src=\"https:\/\/cyclingpro.net\/velopro\/mercato\/sepp-kuss-senvole-chez-lottonl-jumbo\/embed\/#?secret=3UWNtYvDVn\" width=\"600\" height=\"338\" title=\"\u00ab\u00a0Sepp Kuss s&rsquo;envole chez LottoNL-Jumbo\u00a0\u00bb &#8212; V\u00e9loPro.fr\" data-secret=\"3UWNtYvDVn\" frameborder=\"0\" marginwidth=\"0\" marginheight=\"0\" scrolling=\"no\" class=\"wp-embedded-content\"><\/iframe><script type=\"text\/javascript\">\n\/* <![CDATA[ *\/\n\/*! This file is auto-generated *\/\n!function(d,l){\"use strict\";l.querySelector&&d.addEventListener&&\"undefined\"!=typeof URL&&(d.wp=d.wp||{},d.wp.receiveEmbedMessage||(d.wp.receiveEmbedMessage=function(e){var t=e.data;if((t||t.secret||t.message||t.value)&&!\/[^a-zA-Z0-9]\/.test(t.secret)){for(var s,r,n,a=l.querySelectorAll('iframe[data-secret=\"'+t.secret+'\"]'),o=l.querySelectorAll('blockquote[data-secret=\"'+t.secret+'\"]'),c=new RegExp(\"^https?:$\",\"i\"),i=0;i<o.length;i++)o[i].style.display=\"none\";for(i=0;i<a.length;i++)s=a[i],e.source===s.contentWindow&&(s.removeAttribute(\"style\"),\"height\"===t.message?(1e3<(r=parseInt(t.value,10))?r=1e3:~~r<200&&(r=200),s.height=r):\"link\"===t.message&&(r=new URL(s.getAttribute(\"src\")),n=new URL(t.value),c.test(n.protocol))&&n.host===r.host&&l.activeElement===s&&(d.top.location.href=t.value))}},d.addEventListener(\"message\",d.wp.receiveEmbedMessage,!1),l.addEventListener(\"DOMContentLoaded\",function(){for(var e,t,s=l.querySelectorAll(\"iframe.wp-embedded-content\"),r=0;r<s.length;r++)(t=(e=s[r]).getAttribute(\"data-secret\"))||(t=Math.random().toString(36).substring(2,12),e.src+=\"#?secret=\"+t,e.setAttribute(\"data-secret\",t)),e.contentWindow.postMessage({message:\"ready\",secret:t},\"*\")},!1)))}(window,document);\n\/* ]]> *\/\n<\/script>\n","thumbnail_url":"https:\/\/cyclingpro.net\/velopro\/wp-content\/uploads\/2017\/09\/Utah2_080117-056_1-1280x792.jpg","thumbnail_width":1050,"thumbnail_height":650,"description":"R\u00e9v\u00e9l\u00e9 cette saison sur le circuit am\u00e9ricain, gr\u00e2ce \u00e0 de nombreux accessits, le jeune Sepp Kuss passera de la division continentale au WorldTour en 2018. Le grimpeur de la Rally Cycling, \u00e2g\u00e9 de 23 ans, s&rsquo;est engag\u00e9 en faveur de la LottoNL-Jumbo. Cette ann\u00e9e, l&rsquo;Am\u00e9ricain s&rsquo;est notamment class\u00e9 huiti\u00e8me du Tour de Gila, neuvi\u00e8me du &hellip;"}

VéloPro.fr

Sepp Kuss s'envole chez LottoNL-Jumbo - VéloPro.fr

<blockquote class="wp-embedded-content" data-secret="3UWNtYvDVn"><a href="https://cyclingpro.net/velopro/mercato/sepp-kuss-senvole-chez-lottonl-jumbo/">Sepp Kuss s&rsquo;envole chez LottoNL-Jumbo</a></blockquote><iframe sandbox="allow-scripts" security="restricted" src="https://cyclingpro.net/velopro/mercato/sepp-kuss-senvole-chez-lottonl-jumbo/embed/#?secret=3UWNtYvDVn" width="600" height="338" title="« Sepp Kuss s&rsquo;envole chez LottoNL-Jumbo » &#8212; VéloPro.fr" data-secret="3UWNtYvDVn" frameborder="0" marginwidth="0" marginheight="0" scrolling="no" class="wp-embedded-content"></iframe><script type="text/javascript">
/* <![CDATA[ */
/*! This file is auto-generated */
!function(d,l){"use strict";l.querySelector&&d.addEventListener&&"undefined"!=typeof URL&&(d.wp=d.wp||{},d.wp.receiveEmbedMessage||(d.wp.receiveEmbedMessage=function(e){var t=e.data;if((t||t.secret||t.message||t.value)&&!/[^a-zA-Z0-9]/.test(t.secret)){for(var s,r,n,a=l.querySelectorAll('iframe[data-secret="'+t.secret+'"]'),o=l.querySelectorAll('blockquote[data-secret="'+t.secret+'"]'),c=new RegExp("^https?:$","i"),i=0;i<o.length;i++)o[i].style.display="none";for(i=0;i<a.length;i++)s=a[i],e.source===s.contentWindow&&(s.removeAttribute("style"),"height"===t.message?(1e3<(r=parseInt(t.value,10))?r=1e3:~~r<200&&(r=200),s.height=r):"link"===t.message&&(r=new URL(s.getAttribute("src")),n=new URL(t.value),c.test(n.protocol))&&n.host===r.host&&l.activeElement===s&&(d.top.location.href=t.value))}},d.addEventListener("message",d.wp.receiveEmbedMessage,!1),l.addEventListener("DOMContentLoaded",function(){for(var e,t,s=l.querySelectorAll("iframe.wp-embedded-content"),r=0;r<s.length;r++)(t=(e=s[r]).getAttribute("data-secret"))||(t=Math.random().toString(36).substring(2,12),e.src+="#?secret="+t,e.setAttribute("data-secret",t)),e.contentWindow.postMessage({message:"ready",secret:t},"*")},!1)))}(window,document);
/* ]]> */
</script>

Révélé cette saison sur le circuit américain, grâce à de nombreux accessits, le jeune Sepp Kuss passera de la division continentale au WorldTour en 2018. Le grimpeur de la Rally Cycling, âgé de 23 ans, s&rsquo;est engagé en faveur de la LottoNL-Jumbo. Cette année, l&rsquo;Américain s&rsquo;est notamment classé huitième du Tour de Gila, neuvième du &hellip;
