{"version":"1.0","provider_name":"V\u00e9loPro.fr","provider_url":"https:\/\/cyclingpro.net\/velopro","author_name":"Antoine Plouvin","author_url":"https:\/\/cyclingpro.net\/velopro\/author\/aplouvin\/","title":"Riccardo Minali vers Israel Cycling Academy - V\u00e9loPro.fr","type":"rich","width":600,"height":338,"html":"<blockquote class=\"wp-embedded-content\" data-secret=\"VjgFvanwLS\"><a href=\"https:\/\/cyclingpro.net\/velopro\/mercato\/riccardo-minali-vers-israel-cycling-academy\/\">Riccardo Minali vers Israel Cycling Academy<\/a><\/blockquote><iframe sandbox=\"allow-scripts\" security=\"restricted\" src=\"https:\/\/cyclingpro.net\/velopro\/mercato\/riccardo-minali-vers-israel-cycling-academy\/embed\/#?secret=VjgFvanwLS\" width=\"600\" height=\"338\" title=\"\u00ab\u00a0Riccardo Minali vers Israel Cycling Academy\u00a0\u00bb &#8212; V\u00e9loPro.fr\" data-secret=\"VjgFvanwLS\" frameborder=\"0\" marginwidth=\"0\" marginheight=\"0\" scrolling=\"no\" class=\"wp-embedded-content\"><\/iframe><script type=\"text\/javascript\">\n\/* <![CDATA[ *\/\n\/*! This file is auto-generated *\/\n!function(d,l){\"use strict\";l.querySelector&&d.addEventListener&&\"undefined\"!=typeof URL&&(d.wp=d.wp||{},d.wp.receiveEmbedMessage||(d.wp.receiveEmbedMessage=function(e){var t=e.data;if((t||t.secret||t.message||t.value)&&!\/[^a-zA-Z0-9]\/.test(t.secret)){for(var s,r,n,a=l.querySelectorAll('iframe[data-secret=\"'+t.secret+'\"]'),o=l.querySelectorAll('blockquote[data-secret=\"'+t.secret+'\"]'),c=new RegExp(\"^https?:$\",\"i\"),i=0;i<o.length;i++)o[i].style.display=\"none\";for(i=0;i<a.length;i++)s=a[i],e.source===s.contentWindow&&(s.removeAttribute(\"style\"),\"height\"===t.message?(1e3<(r=parseInt(t.value,10))?r=1e3:~~r<200&&(r=200),s.height=r):\"link\"===t.message&&(r=new URL(s.getAttribute(\"src\")),n=new URL(t.value),c.test(n.protocol))&&n.host===r.host&&l.activeElement===s&&(d.top.location.href=t.value))}},d.addEventListener(\"message\",d.wp.receiveEmbedMessage,!1),l.addEventListener(\"DOMContentLoaded\",function(){for(var e,t,s=l.querySelectorAll(\"iframe.wp-embedded-content\"),r=0;r<s.length;r++)(t=(e=s[r]).getAttribute(\"data-secret\"))||(t=Math.random().toString(36).substring(2,12),e.src+=\"#?secret=\"+t,e.setAttribute(\"data-secret\",t)),e.contentWindow.postMessage({message:\"ready\",secret:t},\"*\")},!1)))}(window,document);\n\/* ]]> *\/\n<\/script>\n","thumbnail_url":"https:\/\/cyclingpro.net\/velopro\/wp-content\/uploads\/2018\/11\/riccardominali-drinkingwater-tourdownunder2018.jpg","thumbnail_width":1050,"thumbnail_height":638,"description":"Apr\u00e8s deux saisons chez Astana, le jeune sprinteur italien Riccardo Minali (23 ans) n&rsquo;avait pas \u00e9t\u00e9 conserv\u00e9. D&rsquo;apr\u00e8s la Gazzetta dello Sport, le fils de\u00a0Nicola Minali aurait trouv\u00e9 refuge chez Israel Cycling Academy, d\u00e9cid\u00e9ment tr\u00e8s active sur le march\u00e9 des transferts. Apr\u00e8s Davide Cimolai (en provenance de Groupama &#8211; FDJ), Tom Van Asbroeck (en provenance &hellip;"}

VéloPro.fr

Riccardo Minali vers Israel Cycling Academy - VéloPro.fr

<blockquote class="wp-embedded-content" data-secret="VjgFvanwLS"><a href="https://cyclingpro.net/velopro/mercato/riccardo-minali-vers-israel-cycling-academy/">Riccardo Minali vers Israel Cycling Academy</a></blockquote><iframe sandbox="allow-scripts" security="restricted" src="https://cyclingpro.net/velopro/mercato/riccardo-minali-vers-israel-cycling-academy/embed/#?secret=VjgFvanwLS" width="600" height="338" title="« Riccardo Minali vers Israel Cycling Academy » &#8212; VéloPro.fr" data-secret="VjgFvanwLS" frameborder="0" marginwidth="0" marginheight="0" scrolling="no" class="wp-embedded-content"></iframe><script type="text/javascript">
/* <![CDATA[ */
/*! This file is auto-generated */
!function(d,l){"use strict";l.querySelector&&d.addEventListener&&"undefined"!=typeof URL&&(d.wp=d.wp||{},d.wp.receiveEmbedMessage||(d.wp.receiveEmbedMessage=function(e){var t=e.data;if((t||t.secret||t.message||t.value)&&!/[^a-zA-Z0-9]/.test(t.secret)){for(var s,r,n,a=l.querySelectorAll('iframe[data-secret="'+t.secret+'"]'),o=l.querySelectorAll('blockquote[data-secret="'+t.secret+'"]'),c=new RegExp("^https?:$","i"),i=0;i<o.length;i++)o[i].style.display="none";for(i=0;i<a.length;i++)s=a[i],e.source===s.contentWindow&&(s.removeAttribute("style"),"height"===t.message?(1e3<(r=parseInt(t.value,10))?r=1e3:~~r<200&&(r=200),s.height=r):"link"===t.message&&(r=new URL(s.getAttribute("src")),n=new URL(t.value),c.test(n.protocol))&&n.host===r.host&&l.activeElement===s&&(d.top.location.href=t.value))}},d.addEventListener("message",d.wp.receiveEmbedMessage,!1),l.addEventListener("DOMContentLoaded",function(){for(var e,t,s=l.querySelectorAll("iframe.wp-embedded-content"),r=0;r<s.length;r++)(t=(e=s[r]).getAttribute("data-secret"))||(t=Math.random().toString(36).substring(2,12),e.src+="#?secret="+t,e.setAttribute("data-secret",t)),e.contentWindow.postMessage({message:"ready",secret:t},"*")},!1)))}(window,document);
/* ]]> */
</script>

Après deux saisons chez Astana, le jeune sprinteur italien Riccardo Minali (23 ans) n&rsquo;avait pas été conservé. D&rsquo;après la Gazzetta dello Sport, le fils de Nicola Minali aurait trouvé refuge chez Israel Cycling Academy, décidément très active sur le marché des transferts. Après Davide Cimolai (en provenance de Groupama &#8211; FDJ), Tom Van Asbroeck (en provenance &hellip;
