{"version":"1.0","provider_name":"V\u00e9loPro.fr","provider_url":"https:\/\/cyclingpro.net\/velopro","author_name":"Nicolas Horlait","author_url":"https:\/\/cyclingpro.net\/velopro\/author\/nhorlait\/","title":"Quinn Simmons directement chez Trek-Segafredo? - V\u00e9loPro.fr","type":"rich","width":600,"height":338,"html":"<blockquote class=\"wp-embedded-content\" data-secret=\"x4HHUMQz7C\"><a href=\"https:\/\/cyclingpro.net\/velopro\/mercato\/quinn-simmons-directement-chez-trek-segafredo\/\">Quinn Simmons directement chez Trek-Segafredo?<\/a><\/blockquote><iframe sandbox=\"allow-scripts\" security=\"restricted\" src=\"https:\/\/cyclingpro.net\/velopro\/mercato\/quinn-simmons-directement-chez-trek-segafredo\/embed\/#?secret=x4HHUMQz7C\" width=\"600\" height=\"338\" title=\"\u00ab\u00a0Quinn Simmons directement chez Trek-Segafredo?\u00a0\u00bb &#8212; V\u00e9loPro.fr\" data-secret=\"x4HHUMQz7C\" frameborder=\"0\" marginwidth=\"0\" marginheight=\"0\" scrolling=\"no\" class=\"wp-embedded-content\"><\/iframe><script type=\"text\/javascript\">\n\/* <![CDATA[ *\/\n\/*! This file is auto-generated *\/\n!function(d,l){\"use strict\";l.querySelector&&d.addEventListener&&\"undefined\"!=typeof URL&&(d.wp=d.wp||{},d.wp.receiveEmbedMessage||(d.wp.receiveEmbedMessage=function(e){var t=e.data;if((t||t.secret||t.message||t.value)&&!\/[^a-zA-Z0-9]\/.test(t.secret)){for(var s,r,n,a=l.querySelectorAll('iframe[data-secret=\"'+t.secret+'\"]'),o=l.querySelectorAll('blockquote[data-secret=\"'+t.secret+'\"]'),c=new RegExp(\"^https?:$\",\"i\"),i=0;i<o.length;i++)o[i].style.display=\"none\";for(i=0;i<a.length;i++)s=a[i],e.source===s.contentWindow&&(s.removeAttribute(\"style\"),\"height\"===t.message?(1e3<(r=parseInt(t.value,10))?r=1e3:~~r<200&&(r=200),s.height=r):\"link\"===t.message&&(r=new URL(s.getAttribute(\"src\")),n=new URL(t.value),c.test(n.protocol))&&n.host===r.host&&l.activeElement===s&&(d.top.location.href=t.value))}},d.addEventListener(\"message\",d.wp.receiveEmbedMessage,!1),l.addEventListener(\"DOMContentLoaded\",function(){for(var e,t,s=l.querySelectorAll(\"iframe.wp-embedded-content\"),r=0;r<s.length;r++)(t=(e=s[r]).getAttribute(\"data-secret\"))||(t=Math.random().toString(36).substring(2,12),e.src+=\"#?secret=\"+t,e.setAttribute(\"data-secret\",t)),e.contentWindow.postMessage({message:\"ready\",secret:t},\"*\")},!1)))}(window,document);\n\/* ]]> *\/\n<\/script>\n","thumbnail_url":"https:\/\/cyclingpro.net\/velopro\/wp-content\/uploads\/2019\/09\/868126829.jpg","thumbnail_width":3696,"thumbnail_height":1848,"description":"A peine champion du monde Juniors, Quinn Simmons aurait \u00e9t\u00e9 engag\u00e9 par Trek-Segafredo. Selon WielerFlits.nl, les deux parties ont d&rsquo;ores et d\u00e9j\u00e0 sign\u00e9 un contrat portant sur au moins deux saisons. Le coureur am\u00e9ricain de 18 ans suivrait alors les pas de Remco Evenepoel, couronn\u00e9 champion du monde Juniors avant de filer directement au niveau &hellip;"}

VéloPro.fr

Quinn Simmons directement chez Trek-Segafredo? - VéloPro.fr

<blockquote class="wp-embedded-content" data-secret="x4HHUMQz7C"><a href="https://cyclingpro.net/velopro/mercato/quinn-simmons-directement-chez-trek-segafredo/">Quinn Simmons directement chez Trek-Segafredo?</a></blockquote><iframe sandbox="allow-scripts" security="restricted" src="https://cyclingpro.net/velopro/mercato/quinn-simmons-directement-chez-trek-segafredo/embed/#?secret=x4HHUMQz7C" width="600" height="338" title="« Quinn Simmons directement chez Trek-Segafredo? » &#8212; VéloPro.fr" data-secret="x4HHUMQz7C" frameborder="0" marginwidth="0" marginheight="0" scrolling="no" class="wp-embedded-content"></iframe><script type="text/javascript">
/* <![CDATA[ */
/*! This file is auto-generated */
!function(d,l){"use strict";l.querySelector&&d.addEventListener&&"undefined"!=typeof URL&&(d.wp=d.wp||{},d.wp.receiveEmbedMessage||(d.wp.receiveEmbedMessage=function(e){var t=e.data;if((t||t.secret||t.message||t.value)&&!/[^a-zA-Z0-9]/.test(t.secret)){for(var s,r,n,a=l.querySelectorAll('iframe[data-secret="'+t.secret+'"]'),o=l.querySelectorAll('blockquote[data-secret="'+t.secret+'"]'),c=new RegExp("^https?:$","i"),i=0;i<o.length;i++)o[i].style.display="none";for(i=0;i<a.length;i++)s=a[i],e.source===s.contentWindow&&(s.removeAttribute("style"),"height"===t.message?(1e3<(r=parseInt(t.value,10))?r=1e3:~~r<200&&(r=200),s.height=r):"link"===t.message&&(r=new URL(s.getAttribute("src")),n=new URL(t.value),c.test(n.protocol))&&n.host===r.host&&l.activeElement===s&&(d.top.location.href=t.value))}},d.addEventListener("message",d.wp.receiveEmbedMessage,!1),l.addEventListener("DOMContentLoaded",function(){for(var e,t,s=l.querySelectorAll("iframe.wp-embedded-content"),r=0;r<s.length;r++)(t=(e=s[r]).getAttribute("data-secret"))||(t=Math.random().toString(36).substring(2,12),e.src+="#?secret="+t,e.setAttribute("data-secret",t)),e.contentWindow.postMessage({message:"ready",secret:t},"*")},!1)))}(window,document);
/* ]]> */
</script>

A peine champion du monde Juniors, Quinn Simmons aurait été engagé par Trek-Segafredo. Selon WielerFlits.nl, les deux parties ont d&rsquo;ores et déjà signé un contrat portant sur au moins deux saisons. Le coureur américain de 18 ans suivrait alors les pas de Remco Evenepoel, couronné champion du monde Juniors avant de filer directement au niveau &hellip;
