{"version":"1.0","provider_name":"V\u00e9loPro.fr","provider_url":"https:\/\/cyclingpro.net\/velopro","author_name":"Alexandre Mignot","author_url":"https:\/\/cyclingpro.net\/velopro\/author\/amignot\/","title":"Matteo Fabbro rebondit chez Bora-hansgrohe - V\u00e9loPro.fr","type":"rich","width":600,"height":338,"html":"<blockquote class=\"wp-embedded-content\" data-secret=\"2nuHZXZn0r\"><a href=\"https:\/\/cyclingpro.net\/velopro\/mercato\/matteo-fabbro-rebondit-chez-bora-hansgrohe\/\">Matteo Fabbro rebondit chez Bora-hansgrohe<\/a><\/blockquote><iframe sandbox=\"allow-scripts\" security=\"restricted\" src=\"https:\/\/cyclingpro.net\/velopro\/mercato\/matteo-fabbro-rebondit-chez-bora-hansgrohe\/embed\/#?secret=2nuHZXZn0r\" width=\"600\" height=\"338\" title=\"\u00ab\u00a0Matteo Fabbro rebondit chez Bora-hansgrohe\u00a0\u00bb &#8212; V\u00e9loPro.fr\" data-secret=\"2nuHZXZn0r\" frameborder=\"0\" marginwidth=\"0\" marginheight=\"0\" scrolling=\"no\" class=\"wp-embedded-content\"><\/iframe><script type=\"text\/javascript\">\n\/* <![CDATA[ *\/\n\/*! This file is auto-generated *\/\n!function(d,l){\"use strict\";l.querySelector&&d.addEventListener&&\"undefined\"!=typeof URL&&(d.wp=d.wp||{},d.wp.receiveEmbedMessage||(d.wp.receiveEmbedMessage=function(e){var t=e.data;if((t||t.secret||t.message||t.value)&&!\/[^a-zA-Z0-9]\/.test(t.secret)){for(var s,r,n,a=l.querySelectorAll('iframe[data-secret=\"'+t.secret+'\"]'),o=l.querySelectorAll('blockquote[data-secret=\"'+t.secret+'\"]'),c=new RegExp(\"^https?:$\",\"i\"),i=0;i<o.length;i++)o[i].style.display=\"none\";for(i=0;i<a.length;i++)s=a[i],e.source===s.contentWindow&&(s.removeAttribute(\"style\"),\"height\"===t.message?(1e3<(r=parseInt(t.value,10))?r=1e3:~~r<200&&(r=200),s.height=r):\"link\"===t.message&&(r=new URL(s.getAttribute(\"src\")),n=new URL(t.value),c.test(n.protocol))&&n.host===r.host&&l.activeElement===s&&(d.top.location.href=t.value))}},d.addEventListener(\"message\",d.wp.receiveEmbedMessage,!1),l.addEventListener(\"DOMContentLoaded\",function(){for(var e,t,s=l.querySelectorAll(\"iframe.wp-embedded-content\"),r=0;r<s.length;r++)(t=(e=s[r]).getAttribute(\"data-secret\"))||(t=Math.random().toString(36).substring(2,12),e.src+=\"#?secret=\"+t,e.setAttribute(\"data-secret\",t)),e.contentWindow.postMessage({message:\"ready\",secret:t},\"*\")},!1)))}(window,document);\n\/* ]]> *\/\n<\/script>\n","thumbnail_url":"https:\/\/cyclingpro.net\/velopro\/wp-content\/uploads\/2019\/10\/Matteo-Fabbro.jpg","thumbnail_width":2854,"thumbnail_height":1584,"description":"Matteo Fabbro a trouv\u00e9 un point de chute pour la saison prochaine. Ne disposant pas d&rsquo;un contrat avec la formation Katusha, l&rsquo;Italien ne faisait pas partie des plans de la \u00ab\u00a0fusion\u00a0\u00bb avec Israel Cycling Academy, qui devrait r\u00e9cup\u00e9rer non seulement la licence WorldTour mais aussi les coureurs encore li\u00e9s \u00e0 la formation h\u00e9lv\u00e8te. Ce n&rsquo;\u00e9tait &hellip;"}

VéloPro.fr

Matteo Fabbro rebondit chez Bora-hansgrohe - VéloPro.fr

<blockquote class="wp-embedded-content" data-secret="2nuHZXZn0r"><a href="https://cyclingpro.net/velopro/mercato/matteo-fabbro-rebondit-chez-bora-hansgrohe/">Matteo Fabbro rebondit chez Bora-hansgrohe</a></blockquote><iframe sandbox="allow-scripts" security="restricted" src="https://cyclingpro.net/velopro/mercato/matteo-fabbro-rebondit-chez-bora-hansgrohe/embed/#?secret=2nuHZXZn0r" width="600" height="338" title="« Matteo Fabbro rebondit chez Bora-hansgrohe » &#8212; VéloPro.fr" data-secret="2nuHZXZn0r" frameborder="0" marginwidth="0" marginheight="0" scrolling="no" class="wp-embedded-content"></iframe><script type="text/javascript">
/* <![CDATA[ */
/*! This file is auto-generated */
!function(d,l){"use strict";l.querySelector&&d.addEventListener&&"undefined"!=typeof URL&&(d.wp=d.wp||{},d.wp.receiveEmbedMessage||(d.wp.receiveEmbedMessage=function(e){var t=e.data;if((t||t.secret||t.message||t.value)&&!/[^a-zA-Z0-9]/.test(t.secret)){for(var s,r,n,a=l.querySelectorAll('iframe[data-secret="'+t.secret+'"]'),o=l.querySelectorAll('blockquote[data-secret="'+t.secret+'"]'),c=new RegExp("^https?:$","i"),i=0;i<o.length;i++)o[i].style.display="none";for(i=0;i<a.length;i++)s=a[i],e.source===s.contentWindow&&(s.removeAttribute("style"),"height"===t.message?(1e3<(r=parseInt(t.value,10))?r=1e3:~~r<200&&(r=200),s.height=r):"link"===t.message&&(r=new URL(s.getAttribute("src")),n=new URL(t.value),c.test(n.protocol))&&n.host===r.host&&l.activeElement===s&&(d.top.location.href=t.value))}},d.addEventListener("message",d.wp.receiveEmbedMessage,!1),l.addEventListener("DOMContentLoaded",function(){for(var e,t,s=l.querySelectorAll("iframe.wp-embedded-content"),r=0;r<s.length;r++)(t=(e=s[r]).getAttribute("data-secret"))||(t=Math.random().toString(36).substring(2,12),e.src+="#?secret="+t,e.setAttribute("data-secret",t)),e.contentWindow.postMessage({message:"ready",secret:t},"*")},!1)))}(window,document);
/* ]]> */
</script>

Matteo Fabbro a trouvé un point de chute pour la saison prochaine. Ne disposant pas d&rsquo;un contrat avec la formation Katusha, l&rsquo;Italien ne faisait pas partie des plans de la « fusion » avec Israel Cycling Academy, qui devrait récupérer non seulement la licence WorldTour mais aussi les coureurs encore liés à la formation hélvète. Ce n&rsquo;était &hellip;
