{"version":"1.0","provider_name":"V\u00e9loPro.fr","provider_url":"https:\/\/cyclingpro.net\/velopro","author_name":"Alexandre Mignot","author_url":"https:\/\/cyclingpro.net\/velopro\/author\/amignot\/","title":"Le tableau des transferts Continental Pro 2019\/2020 - V\u00e9loPro.fr","type":"rich","width":600,"height":338,"html":"<blockquote class=\"wp-embedded-content\" data-secret=\"BJYn9TAEZN\"><a href=\"https:\/\/cyclingpro.net\/velopro\/mercato\/le-tableau-des-transferts-continental-pro-2019-2020\/\">Le tableau des transferts Continental Pro 2019\/2020<\/a><\/blockquote><iframe sandbox=\"allow-scripts\" security=\"restricted\" src=\"https:\/\/cyclingpro.net\/velopro\/mercato\/le-tableau-des-transferts-continental-pro-2019-2020\/embed\/#?secret=BJYn9TAEZN\" width=\"600\" height=\"338\" title=\"\u00ab\u00a0Le tableau des transferts Continental Pro 2019\/2020\u00a0\u00bb &#8212; V\u00e9loPro.fr\" data-secret=\"BJYn9TAEZN\" frameborder=\"0\" marginwidth=\"0\" marginheight=\"0\" scrolling=\"no\" class=\"wp-embedded-content\"><\/iframe><script type=\"text\/javascript\">\n\/* <![CDATA[ *\/\n\/*! This file is auto-generated *\/\n!function(d,l){\"use strict\";l.querySelector&&d.addEventListener&&\"undefined\"!=typeof URL&&(d.wp=d.wp||{},d.wp.receiveEmbedMessage||(d.wp.receiveEmbedMessage=function(e){var t=e.data;if((t||t.secret||t.message||t.value)&&!\/[^a-zA-Z0-9]\/.test(t.secret)){for(var s,r,n,a=l.querySelectorAll('iframe[data-secret=\"'+t.secret+'\"]'),o=l.querySelectorAll('blockquote[data-secret=\"'+t.secret+'\"]'),c=new RegExp(\"^https?:$\",\"i\"),i=0;i<o.length;i++)o[i].style.display=\"none\";for(i=0;i<a.length;i++)s=a[i],e.source===s.contentWindow&&(s.removeAttribute(\"style\"),\"height\"===t.message?(1e3<(r=parseInt(t.value,10))?r=1e3:~~r<200&&(r=200),s.height=r):\"link\"===t.message&&(r=new URL(s.getAttribute(\"src\")),n=new URL(t.value),c.test(n.protocol))&&n.host===r.host&&l.activeElement===s&&(d.top.location.href=t.value))}},d.addEventListener(\"message\",d.wp.receiveEmbedMessage,!1),l.addEventListener(\"DOMContentLoaded\",function(){for(var e,t,s=l.querySelectorAll(\"iframe.wp-embedded-content\"),r=0;r<s.length;r++)(t=(e=s[r]).getAttribute(\"data-secret\"))||(t=Math.random().toString(36).substring(2,12),e.src+=\"#?secret=\"+t,e.setAttribute(\"data-secret\",t)),e.contentWindow.postMessage({message:\"ready\",secret:t},\"*\")},!1)))}(window,document);\n\/* ]]> *\/\n<\/script>\n","thumbnail_url":"https:\/\/cyclingpro.net\/velopro\/wp-content\/uploads\/2019\/06\/20190610CCD0018-ASO_Alex_Broadway.jpg","thumbnail_width":4480,"thumbnail_height":2240,"description":"Le march\u00e9 des transferts est officiellement ouvert depuis le jeudi 1er ao\u00fbt. Le tableau r\u00e9capitulatif ci-dessous permettra alors de s\u2019y retrouver dans les effectifs 2020 des formations Continentales Professionnelles, avec une case pour les transferts officialis\u00e9s, et une autre pour les rumeurs persistantes. CLIQUEZ ICI pour le tableau concernant les formations WorldTour. ANDRONI &#8211; SIDERMEC &hellip;"}

VéloPro.fr

Le tableau des transferts Continental Pro 2019/2020 - VéloPro.fr

<blockquote class="wp-embedded-content" data-secret="BJYn9TAEZN"><a href="https://cyclingpro.net/velopro/mercato/le-tableau-des-transferts-continental-pro-2019-2020/">Le tableau des transferts Continental Pro 2019/2020</a></blockquote><iframe sandbox="allow-scripts" security="restricted" src="https://cyclingpro.net/velopro/mercato/le-tableau-des-transferts-continental-pro-2019-2020/embed/#?secret=BJYn9TAEZN" width="600" height="338" title="« Le tableau des transferts Continental Pro 2019/2020 » &#8212; VéloPro.fr" data-secret="BJYn9TAEZN" frameborder="0" marginwidth="0" marginheight="0" scrolling="no" class="wp-embedded-content"></iframe><script type="text/javascript">
/* <![CDATA[ */
/*! This file is auto-generated */
!function(d,l){"use strict";l.querySelector&&d.addEventListener&&"undefined"!=typeof URL&&(d.wp=d.wp||{},d.wp.receiveEmbedMessage||(d.wp.receiveEmbedMessage=function(e){var t=e.data;if((t||t.secret||t.message||t.value)&&!/[^a-zA-Z0-9]/.test(t.secret)){for(var s,r,n,a=l.querySelectorAll('iframe[data-secret="'+t.secret+'"]'),o=l.querySelectorAll('blockquote[data-secret="'+t.secret+'"]'),c=new RegExp("^https?:$","i"),i=0;i<o.length;i++)o[i].style.display="none";for(i=0;i<a.length;i++)s=a[i],e.source===s.contentWindow&&(s.removeAttribute("style"),"height"===t.message?(1e3<(r=parseInt(t.value,10))?r=1e3:~~r<200&&(r=200),s.height=r):"link"===t.message&&(r=new URL(s.getAttribute("src")),n=new URL(t.value),c.test(n.protocol))&&n.host===r.host&&l.activeElement===s&&(d.top.location.href=t.value))}},d.addEventListener("message",d.wp.receiveEmbedMessage,!1),l.addEventListener("DOMContentLoaded",function(){for(var e,t,s=l.querySelectorAll("iframe.wp-embedded-content"),r=0;r<s.length;r++)(t=(e=s[r]).getAttribute("data-secret"))||(t=Math.random().toString(36).substring(2,12),e.src+="#?secret="+t,e.setAttribute("data-secret",t)),e.contentWindow.postMessage({message:"ready",secret:t},"*")},!1)))}(window,document);
/* ]]> */
</script>

Le marché des transferts est officiellement ouvert depuis le jeudi 1er août. Le tableau récapitulatif ci-dessous permettra alors de s’y retrouver dans les effectifs 2020 des formations Continentales Professionnelles, avec une case pour les transferts officialisés, et une autre pour les rumeurs persistantes. CLIQUEZ ICI pour le tableau concernant les formations WorldTour. ANDRONI &#8211; SIDERMEC &hellip;
