{"version":"1.0","provider_name":"V\u00e9loPro.fr","provider_url":"https:\/\/cyclingpro.net\/velopro","author_name":"Nicolas Horlait","author_url":"https:\/\/cyclingpro.net\/velopro\/author\/nhorlait\/","title":"Jarlinson Pantano prolonge chez Trek-Segafredo jusqu'en 2020 - V\u00e9loPro.fr","type":"rich","width":600,"height":338,"html":"<blockquote class=\"wp-embedded-content\" data-secret=\"zzvQN7nR01\"><a href=\"https:\/\/cyclingpro.net\/velopro\/mercato\/jarlinson-pantano-prolonge-chez-trek-segafredo-jusquen-2020\/\">Jarlinson Pantano prolonge chez Trek-Segafredo jusqu&rsquo;en 2020<\/a><\/blockquote><iframe sandbox=\"allow-scripts\" security=\"restricted\" src=\"https:\/\/cyclingpro.net\/velopro\/mercato\/jarlinson-pantano-prolonge-chez-trek-segafredo-jusquen-2020\/embed\/#?secret=zzvQN7nR01\" width=\"600\" height=\"338\" title=\"\u00ab\u00a0Jarlinson Pantano prolonge chez Trek-Segafredo jusqu&rsquo;en 2020\u00a0\u00bb &#8212; V\u00e9loPro.fr\" data-secret=\"zzvQN7nR01\" frameborder=\"0\" marginwidth=\"0\" marginheight=\"0\" scrolling=\"no\" class=\"wp-embedded-content\"><\/iframe><script type=\"text\/javascript\">\n\/* <![CDATA[ *\/\n\/*! This file is auto-generated *\/\n!function(d,l){\"use strict\";l.querySelector&&d.addEventListener&&\"undefined\"!=typeof URL&&(d.wp=d.wp||{},d.wp.receiveEmbedMessage||(d.wp.receiveEmbedMessage=function(e){var t=e.data;if((t||t.secret||t.message||t.value)&&!\/[^a-zA-Z0-9]\/.test(t.secret)){for(var s,r,n,a=l.querySelectorAll('iframe[data-secret=\"'+t.secret+'\"]'),o=l.querySelectorAll('blockquote[data-secret=\"'+t.secret+'\"]'),c=new RegExp(\"^https?:$\",\"i\"),i=0;i<o.length;i++)o[i].style.display=\"none\";for(i=0;i<a.length;i++)s=a[i],e.source===s.contentWindow&&(s.removeAttribute(\"style\"),\"height\"===t.message?(1e3<(r=parseInt(t.value,10))?r=1e3:~~r<200&&(r=200),s.height=r):\"link\"===t.message&&(r=new URL(s.getAttribute(\"src\")),n=new URL(t.value),c.test(n.protocol))&&n.host===r.host&&l.activeElement===s&&(d.top.location.href=t.value))}},d.addEventListener(\"message\",d.wp.receiveEmbedMessage,!1),l.addEventListener(\"DOMContentLoaded\",function(){for(var e,t,s=l.querySelectorAll(\"iframe.wp-embedded-content\"),r=0;r<s.length;r++)(t=(e=s[r]).getAttribute(\"data-secret\"))||(t=Math.random().toString(36).substring(2,12),e.src+=\"#?secret=\"+t,e.setAttribute(\"data-secret\",t)),e.contentWindow.postMessage({message:\"ready\",secret:t},\"*\")},!1)))}(window,document);\n\/* ]]> *\/\n<\/script>\n","thumbnail_url":"https:\/\/cyclingpro.net\/velopro\/wp-content\/uploads\/2018\/03\/jarlinsonpantano-podiumwinner-stage5-voltacatalunya2018.jpg","thumbnail_width":1050,"thumbnail_height":525,"description":"La formation Trek a annonc\u00e9 ce lundi la prolongation du contrat de Jarlinson Pantano pour les deux saisons \u00e0 venir. Actuellement en repos, le grimpeur colombien aurait d\u00fb \u00eatre au d\u00e9part de la Vuelta, mais en a \u00e9t\u00e9 \u00e9cart\u00e9 par une toxoplasmose. Son \u00e9quipe lui maintient sa confiance pour la suite et l&rsquo;a prolong\u00e9 jusqu&rsquo;en &hellip;"}

VéloPro.fr

Jarlinson Pantano prolonge chez Trek-Segafredo jusqu'en 2020 - VéloPro.fr

<blockquote class="wp-embedded-content" data-secret="zzvQN7nR01"><a href="https://cyclingpro.net/velopro/mercato/jarlinson-pantano-prolonge-chez-trek-segafredo-jusquen-2020/">Jarlinson Pantano prolonge chez Trek-Segafredo jusqu&rsquo;en 2020</a></blockquote><iframe sandbox="allow-scripts" security="restricted" src="https://cyclingpro.net/velopro/mercato/jarlinson-pantano-prolonge-chez-trek-segafredo-jusquen-2020/embed/#?secret=zzvQN7nR01" width="600" height="338" title="« Jarlinson Pantano prolonge chez Trek-Segafredo jusqu&rsquo;en 2020 » &#8212; VéloPro.fr" data-secret="zzvQN7nR01" frameborder="0" marginwidth="0" marginheight="0" scrolling="no" class="wp-embedded-content"></iframe><script type="text/javascript">
/* <![CDATA[ */
/*! This file is auto-generated */
!function(d,l){"use strict";l.querySelector&&d.addEventListener&&"undefined"!=typeof URL&&(d.wp=d.wp||{},d.wp.receiveEmbedMessage||(d.wp.receiveEmbedMessage=function(e){var t=e.data;if((t||t.secret||t.message||t.value)&&!/[^a-zA-Z0-9]/.test(t.secret)){for(var s,r,n,a=l.querySelectorAll('iframe[data-secret="'+t.secret+'"]'),o=l.querySelectorAll('blockquote[data-secret="'+t.secret+'"]'),c=new RegExp("^https?:$","i"),i=0;i<o.length;i++)o[i].style.display="none";for(i=0;i<a.length;i++)s=a[i],e.source===s.contentWindow&&(s.removeAttribute("style"),"height"===t.message?(1e3<(r=parseInt(t.value,10))?r=1e3:~~r<200&&(r=200),s.height=r):"link"===t.message&&(r=new URL(s.getAttribute("src")),n=new URL(t.value),c.test(n.protocol))&&n.host===r.host&&l.activeElement===s&&(d.top.location.href=t.value))}},d.addEventListener("message",d.wp.receiveEmbedMessage,!1),l.addEventListener("DOMContentLoaded",function(){for(var e,t,s=l.querySelectorAll("iframe.wp-embedded-content"),r=0;r<s.length;r++)(t=(e=s[r]).getAttribute("data-secret"))||(t=Math.random().toString(36).substring(2,12),e.src+="#?secret="+t,e.setAttribute("data-secret",t)),e.contentWindow.postMessage({message:"ready",secret:t},"*")},!1)))}(window,document);
/* ]]> */
</script>

La formation Trek a annoncé ce lundi la prolongation du contrat de Jarlinson Pantano pour les deux saisons à venir. Actuellement en repos, le grimpeur colombien aurait dû être au départ de la Vuelta, mais en a été écarté par une toxoplasmose. Son équipe lui maintient sa confiance pour la suite et l&rsquo;a prolongé jusqu&rsquo;en &hellip;
