{"version":"1.0","provider_name":"V\u00e9loPro.fr","provider_url":"https:\/\/cyclingpro.net\/velopro","author_name":"Antoine Plouvin","author_url":"https:\/\/cyclingpro.net\/velopro\/author\/aplouvin\/","title":"Jan Tratnik rejoint Bahrain - Merida - V\u00e9loPro.fr","type":"rich","width":600,"height":338,"html":"<blockquote class=\"wp-embedded-content\" data-secret=\"HylXGmX6aM\"><a href=\"https:\/\/cyclingpro.net\/velopro\/mercato\/jan-tratnik-rejoint-bahrain-merida\/\">Jan Tratnik rejoint Bahrain &#8211; Merida<\/a><\/blockquote><iframe sandbox=\"allow-scripts\" security=\"restricted\" src=\"https:\/\/cyclingpro.net\/velopro\/mercato\/jan-tratnik-rejoint-bahrain-merida\/embed\/#?secret=HylXGmX6aM\" width=\"600\" height=\"338\" title=\"\u00ab\u00a0Jan Tratnik rejoint Bahrain &#8211; Merida\u00a0\u00bb &#8212; V\u00e9loPro.fr\" data-secret=\"HylXGmX6aM\" frameborder=\"0\" marginwidth=\"0\" marginheight=\"0\" scrolling=\"no\" class=\"wp-embedded-content\"><\/iframe><script type=\"text\/javascript\">\n\/* <![CDATA[ *\/\n\/*! This file is auto-generated *\/\n!function(d,l){\"use strict\";l.querySelector&&d.addEventListener&&\"undefined\"!=typeof URL&&(d.wp=d.wp||{},d.wp.receiveEmbedMessage||(d.wp.receiveEmbedMessage=function(e){var t=e.data;if((t||t.secret||t.message||t.value)&&!\/[^a-zA-Z0-9]\/.test(t.secret)){for(var s,r,n,a=l.querySelectorAll('iframe[data-secret=\"'+t.secret+'\"]'),o=l.querySelectorAll('blockquote[data-secret=\"'+t.secret+'\"]'),c=new RegExp(\"^https?:$\",\"i\"),i=0;i<o.length;i++)o[i].style.display=\"none\";for(i=0;i<a.length;i++)s=a[i],e.source===s.contentWindow&&(s.removeAttribute(\"style\"),\"height\"===t.message?(1e3<(r=parseInt(t.value,10))?r=1e3:~~r<200&&(r=200),s.height=r):\"link\"===t.message&&(r=new URL(s.getAttribute(\"src\")),n=new URL(t.value),c.test(n.protocol))&&n.host===r.host&&l.activeElement===s&&(d.top.location.href=t.value))}},d.addEventListener(\"message\",d.wp.receiveEmbedMessage,!1),l.addEventListener(\"DOMContentLoaded\",function(){for(var e,t,s=l.querySelectorAll(\"iframe.wp-embedded-content\"),r=0;r<s.length;r++)(t=(e=s[r]).getAttribute(\"data-secret\"))||(t=Math.random().toString(36).substring(2,12),e.src+=\"#?secret=\"+t,e.setAttribute(\"data-secret\",t)),e.contentWindow.postMessage({message:\"ready\",secret:t},\"*\")},!1)))}(window,document);\n\/* ]]> *\/\n<\/script>\n","thumbnail_url":"https:\/\/cyclingpro.net\/velopro\/wp-content\/uploads\/2018\/08\/763296021.jpg","thumbnail_width":1050,"thumbnail_height":576,"description":"Jan Tratnik (CCC &#8211; Sprandi &#8211; Polkowice) a \u00e9t\u00e9 \u00e0 l&rsquo;honneur la semaine derni\u00e8re en portant durant deux jours le maillot de meilleur grimpeur sur le Tour de Pologne. C&rsquo;est pourtant avant tout un sp\u00e9cialiste du contre-la-montre et c&rsquo;est pour cette derni\u00e8re raison qu&rsquo;il vient tout juste d&rsquo;\u00eatre recrut\u00e9 par la formation Bahrain &#8211; Merida &hellip;"}

VéloPro.fr

Jan Tratnik rejoint Bahrain - Merida - VéloPro.fr

<blockquote class="wp-embedded-content" data-secret="HylXGmX6aM"><a href="https://cyclingpro.net/velopro/mercato/jan-tratnik-rejoint-bahrain-merida/">Jan Tratnik rejoint Bahrain &#8211; Merida</a></blockquote><iframe sandbox="allow-scripts" security="restricted" src="https://cyclingpro.net/velopro/mercato/jan-tratnik-rejoint-bahrain-merida/embed/#?secret=HylXGmX6aM" width="600" height="338" title="« Jan Tratnik rejoint Bahrain &#8211; Merida » &#8212; VéloPro.fr" data-secret="HylXGmX6aM" frameborder="0" marginwidth="0" marginheight="0" scrolling="no" class="wp-embedded-content"></iframe><script type="text/javascript">
/* <![CDATA[ */
/*! This file is auto-generated */
!function(d,l){"use strict";l.querySelector&&d.addEventListener&&"undefined"!=typeof URL&&(d.wp=d.wp||{},d.wp.receiveEmbedMessage||(d.wp.receiveEmbedMessage=function(e){var t=e.data;if((t||t.secret||t.message||t.value)&&!/[^a-zA-Z0-9]/.test(t.secret)){for(var s,r,n,a=l.querySelectorAll('iframe[data-secret="'+t.secret+'"]'),o=l.querySelectorAll('blockquote[data-secret="'+t.secret+'"]'),c=new RegExp("^https?:$","i"),i=0;i<o.length;i++)o[i].style.display="none";for(i=0;i<a.length;i++)s=a[i],e.source===s.contentWindow&&(s.removeAttribute("style"),"height"===t.message?(1e3<(r=parseInt(t.value,10))?r=1e3:~~r<200&&(r=200),s.height=r):"link"===t.message&&(r=new URL(s.getAttribute("src")),n=new URL(t.value),c.test(n.protocol))&&n.host===r.host&&l.activeElement===s&&(d.top.location.href=t.value))}},d.addEventListener("message",d.wp.receiveEmbedMessage,!1),l.addEventListener("DOMContentLoaded",function(){for(var e,t,s=l.querySelectorAll("iframe.wp-embedded-content"),r=0;r<s.length;r++)(t=(e=s[r]).getAttribute("data-secret"))||(t=Math.random().toString(36).substring(2,12),e.src+="#?secret="+t,e.setAttribute("data-secret",t)),e.contentWindow.postMessage({message:"ready",secret:t},"*")},!1)))}(window,document);
/* ]]> */
</script>

Jan Tratnik (CCC &#8211; Sprandi &#8211; Polkowice) a été à l&rsquo;honneur la semaine dernière en portant durant deux jours le maillot de meilleur grimpeur sur le Tour de Pologne. C&rsquo;est pourtant avant tout un spécialiste du contre-la-montre et c&rsquo;est pour cette dernière raison qu&rsquo;il vient tout juste d&rsquo;être recruté par la formation Bahrain &#8211; Merida &hellip;
