{"version":"1.0","provider_name":"V\u00e9loPro.fr","provider_url":"https:\/\/cyclingpro.net\/velopro","author_name":"Antoine Plouvin","author_url":"https:\/\/cyclingpro.net\/velopro\/author\/aplouvin\/","title":"Hugo Hofstetter prolonge \u00e9galement avec Cofidis - V\u00e9loPro.fr","type":"rich","width":600,"height":338,"html":"<blockquote class=\"wp-embedded-content\" data-secret=\"DP9mVkG0wm\"><a href=\"https:\/\/cyclingpro.net\/velopro\/mercato\/hugo-hofstetter-prolonge-egalement-cofidis\/\">Hugo Hofstetter prolonge \u00e9galement avec Cofidis<\/a><\/blockquote><iframe sandbox=\"allow-scripts\" security=\"restricted\" src=\"https:\/\/cyclingpro.net\/velopro\/mercato\/hugo-hofstetter-prolonge-egalement-cofidis\/embed\/#?secret=DP9mVkG0wm\" width=\"600\" height=\"338\" title=\"\u00ab\u00a0Hugo Hofstetter prolonge \u00e9galement avec Cofidis\u00a0\u00bb &#8212; V\u00e9loPro.fr\" data-secret=\"DP9mVkG0wm\" frameborder=\"0\" marginwidth=\"0\" marginheight=\"0\" scrolling=\"no\" class=\"wp-embedded-content\"><\/iframe><script type=\"text\/javascript\">\n\/* <![CDATA[ *\/\n\/*! This file is auto-generated *\/\n!function(d,l){\"use strict\";l.querySelector&&d.addEventListener&&\"undefined\"!=typeof URL&&(d.wp=d.wp||{},d.wp.receiveEmbedMessage||(d.wp.receiveEmbedMessage=function(e){var t=e.data;if((t||t.secret||t.message||t.value)&&!\/[^a-zA-Z0-9]\/.test(t.secret)){for(var s,r,n,a=l.querySelectorAll('iframe[data-secret=\"'+t.secret+'\"]'),o=l.querySelectorAll('blockquote[data-secret=\"'+t.secret+'\"]'),c=new RegExp(\"^https?:$\",\"i\"),i=0;i<o.length;i++)o[i].style.display=\"none\";for(i=0;i<a.length;i++)s=a[i],e.source===s.contentWindow&&(s.removeAttribute(\"style\"),\"height\"===t.message?(1e3<(r=parseInt(t.value,10))?r=1e3:~~r<200&&(r=200),s.height=r):\"link\"===t.message&&(r=new URL(s.getAttribute(\"src\")),n=new URL(t.value),c.test(n.protocol))&&n.host===r.host&&l.activeElement===s&&(d.top.location.href=t.value))}},d.addEventListener(\"message\",d.wp.receiveEmbedMessage,!1),l.addEventListener(\"DOMContentLoaded\",function(){for(var e,t,s=l.querySelectorAll(\"iframe.wp-embedded-content\"),r=0;r<s.length;r++)(t=(e=s[r]).getAttribute(\"data-secret\"))||(t=Math.random().toString(36).substring(2,12),e.src+=\"#?secret=\"+t,e.setAttribute(\"data-secret\",t)),e.contentWindow.postMessage({message:\"ready\",secret:t},\"*\")},!1)))}(window,document);\n\/* ]]> *\/\n<\/script>\n","thumbnail_url":"https:\/\/cyclingpro.net\/velopro\/wp-content\/uploads\/2017\/03\/629567302.jpg","thumbnail_width":1050,"thumbnail_height":590,"description":"La formation Cofidis continue avec sa salve de prolongements. C&rsquo;est cette fois-ci Hugo Hofstetter qui rempile pour deux ans. En d\u00e9cembre il ach\u00e8vera sa deuxi\u00e8me ann\u00e9e pro (chez Cofidis depuis le d\u00e9but) et\u00a0f\u00eatera ses 24 ans en janvier prochain. Il est actuellement en apprentissage. Sa meilleure performance jusqu&rsquo;\u00e0 pr\u00e9sent est la troisi\u00e8me place de la &hellip;"}

VéloPro.fr

Hugo Hofstetter prolonge également avec Cofidis - VéloPro.fr

<blockquote class="wp-embedded-content" data-secret="DP9mVkG0wm"><a href="https://cyclingpro.net/velopro/mercato/hugo-hofstetter-prolonge-egalement-cofidis/">Hugo Hofstetter prolonge également avec Cofidis</a></blockquote><iframe sandbox="allow-scripts" security="restricted" src="https://cyclingpro.net/velopro/mercato/hugo-hofstetter-prolonge-egalement-cofidis/embed/#?secret=DP9mVkG0wm" width="600" height="338" title="« Hugo Hofstetter prolonge également avec Cofidis » &#8212; VéloPro.fr" data-secret="DP9mVkG0wm" frameborder="0" marginwidth="0" marginheight="0" scrolling="no" class="wp-embedded-content"></iframe><script type="text/javascript">
/* <![CDATA[ */
/*! This file is auto-generated */
!function(d,l){"use strict";l.querySelector&&d.addEventListener&&"undefined"!=typeof URL&&(d.wp=d.wp||{},d.wp.receiveEmbedMessage||(d.wp.receiveEmbedMessage=function(e){var t=e.data;if((t||t.secret||t.message||t.value)&&!/[^a-zA-Z0-9]/.test(t.secret)){for(var s,r,n,a=l.querySelectorAll('iframe[data-secret="'+t.secret+'"]'),o=l.querySelectorAll('blockquote[data-secret="'+t.secret+'"]'),c=new RegExp("^https?:$","i"),i=0;i<o.length;i++)o[i].style.display="none";for(i=0;i<a.length;i++)s=a[i],e.source===s.contentWindow&&(s.removeAttribute("style"),"height"===t.message?(1e3<(r=parseInt(t.value,10))?r=1e3:~~r<200&&(r=200),s.height=r):"link"===t.message&&(r=new URL(s.getAttribute("src")),n=new URL(t.value),c.test(n.protocol))&&n.host===r.host&&l.activeElement===s&&(d.top.location.href=t.value))}},d.addEventListener("message",d.wp.receiveEmbedMessage,!1),l.addEventListener("DOMContentLoaded",function(){for(var e,t,s=l.querySelectorAll("iframe.wp-embedded-content"),r=0;r<s.length;r++)(t=(e=s[r]).getAttribute("data-secret"))||(t=Math.random().toString(36).substring(2,12),e.src+="#?secret="+t,e.setAttribute("data-secret",t)),e.contentWindow.postMessage({message:"ready",secret:t},"*")},!1)))}(window,document);
/* ]]> */
</script>

La formation Cofidis continue avec sa salve de prolongements. C&rsquo;est cette fois-ci Hugo Hofstetter qui rempile pour deux ans. En décembre il achèvera sa deuxième année pro (chez Cofidis depuis le début) et fêtera ses 24 ans en janvier prochain. Il est actuellement en apprentissage. Sa meilleure performance jusqu&rsquo;à présent est la troisième place de la &hellip;
