{"version":"1.0","provider_name":"V\u00e9loPro.fr","provider_url":"https:\/\/cyclingpro.net\/velopro","author_name":"Alexandre Mignot","author_url":"https:\/\/cyclingpro.net\/velopro\/author\/amignot\/","title":"Giacomo Nizzolo s'envole pour Dimension Data - V\u00e9loPro.fr","type":"rich","width":600,"height":338,"html":"<blockquote class=\"wp-embedded-content\" data-secret=\"IOKb8vMopR\"><a href=\"https:\/\/cyclingpro.net\/velopro\/mercato\/giacomo-nizzolo-senvole-pour-dimension-data\/\">Giacomo Nizzolo s&rsquo;envole pour Dimension Data<\/a><\/blockquote><iframe sandbox=\"allow-scripts\" security=\"restricted\" src=\"https:\/\/cyclingpro.net\/velopro\/mercato\/giacomo-nizzolo-senvole-pour-dimension-data\/embed\/#?secret=IOKb8vMopR\" width=\"600\" height=\"338\" title=\"\u00ab\u00a0Giacomo Nizzolo s&rsquo;envole pour Dimension Data\u00a0\u00bb &#8212; V\u00e9loPro.fr\" data-secret=\"IOKb8vMopR\" frameborder=\"0\" marginwidth=\"0\" marginheight=\"0\" scrolling=\"no\" class=\"wp-embedded-content\"><\/iframe><script type=\"text\/javascript\">\n\/* <![CDATA[ *\/\n\/*! This file is auto-generated *\/\n!function(d,l){\"use strict\";l.querySelector&&d.addEventListener&&\"undefined\"!=typeof URL&&(d.wp=d.wp||{},d.wp.receiveEmbedMessage||(d.wp.receiveEmbedMessage=function(e){var t=e.data;if((t||t.secret||t.message||t.value)&&!\/[^a-zA-Z0-9]\/.test(t.secret)){for(var s,r,n,a=l.querySelectorAll('iframe[data-secret=\"'+t.secret+'\"]'),o=l.querySelectorAll('blockquote[data-secret=\"'+t.secret+'\"]'),c=new RegExp(\"^https?:$\",\"i\"),i=0;i<o.length;i++)o[i].style.display=\"none\";for(i=0;i<a.length;i++)s=a[i],e.source===s.contentWindow&&(s.removeAttribute(\"style\"),\"height\"===t.message?(1e3<(r=parseInt(t.value,10))?r=1e3:~~r<200&&(r=200),s.height=r):\"link\"===t.message&&(r=new URL(s.getAttribute(\"src\")),n=new URL(t.value),c.test(n.protocol))&&n.host===r.host&&l.activeElement===s&&(d.top.location.href=t.value))}},d.addEventListener(\"message\",d.wp.receiveEmbedMessage,!1),l.addEventListener(\"DOMContentLoaded\",function(){for(var e,t,s=l.querySelectorAll(\"iframe.wp-embedded-content\"),r=0;r<s.length;r++)(t=(e=s[r]).getAttribute(\"data-secret\"))||(t=Math.random().toString(36).substring(2,12),e.src+=\"#?secret=\"+t,e.setAttribute(\"data-secret\",t)),e.contentWindow.postMessage({message:\"ready\",secret:t},\"*\")},!1)))}(window,document);\n\/* ]]> *\/\n<\/script>\n","thumbnail_url":"https:\/\/cyclingpro.net\/velopro\/wp-content\/uploads\/2018\/09\/767700936.jpg","thumbnail_width":1050,"thumbnail_height":698,"description":"Apr\u00e8s huit saisons pass\u00e9es au sein de la structure Trek-Segafredo, sous ses diff\u00e9rentes appellations, Giacomo Nizzolo a d\u00e9cid\u00e9 de changer d&rsquo;air cet hiver. L&rsquo;ancien champion d&rsquo;Italie ira en effet poursuivre sa carri\u00e8re du c\u00f4t\u00e9 de Dimension Data en 2019 et 2020. Le sprinteur transalpin, victorieux \u00e0 18 reprises chez les pros et double laur\u00e9at du &hellip;"}

VéloPro.fr

Giacomo Nizzolo s'envole pour Dimension Data - VéloPro.fr

<blockquote class="wp-embedded-content" data-secret="IOKb8vMopR"><a href="https://cyclingpro.net/velopro/mercato/giacomo-nizzolo-senvole-pour-dimension-data/">Giacomo Nizzolo s&rsquo;envole pour Dimension Data</a></blockquote><iframe sandbox="allow-scripts" security="restricted" src="https://cyclingpro.net/velopro/mercato/giacomo-nizzolo-senvole-pour-dimension-data/embed/#?secret=IOKb8vMopR" width="600" height="338" title="« Giacomo Nizzolo s&rsquo;envole pour Dimension Data » &#8212; VéloPro.fr" data-secret="IOKb8vMopR" frameborder="0" marginwidth="0" marginheight="0" scrolling="no" class="wp-embedded-content"></iframe><script type="text/javascript">
/* <![CDATA[ */
/*! This file is auto-generated */
!function(d,l){"use strict";l.querySelector&&d.addEventListener&&"undefined"!=typeof URL&&(d.wp=d.wp||{},d.wp.receiveEmbedMessage||(d.wp.receiveEmbedMessage=function(e){var t=e.data;if((t||t.secret||t.message||t.value)&&!/[^a-zA-Z0-9]/.test(t.secret)){for(var s,r,n,a=l.querySelectorAll('iframe[data-secret="'+t.secret+'"]'),o=l.querySelectorAll('blockquote[data-secret="'+t.secret+'"]'),c=new RegExp("^https?:$","i"),i=0;i<o.length;i++)o[i].style.display="none";for(i=0;i<a.length;i++)s=a[i],e.source===s.contentWindow&&(s.removeAttribute("style"),"height"===t.message?(1e3<(r=parseInt(t.value,10))?r=1e3:~~r<200&&(r=200),s.height=r):"link"===t.message&&(r=new URL(s.getAttribute("src")),n=new URL(t.value),c.test(n.protocol))&&n.host===r.host&&l.activeElement===s&&(d.top.location.href=t.value))}},d.addEventListener("message",d.wp.receiveEmbedMessage,!1),l.addEventListener("DOMContentLoaded",function(){for(var e,t,s=l.querySelectorAll("iframe.wp-embedded-content"),r=0;r<s.length;r++)(t=(e=s[r]).getAttribute("data-secret"))||(t=Math.random().toString(36).substring(2,12),e.src+="#?secret="+t,e.setAttribute("data-secret",t)),e.contentWindow.postMessage({message:"ready",secret:t},"*")},!1)))}(window,document);
/* ]]> */
</script>

Après huit saisons passées au sein de la structure Trek-Segafredo, sous ses différentes appellations, Giacomo Nizzolo a décidé de changer d&rsquo;air cet hiver. L&rsquo;ancien champion d&rsquo;Italie ira en effet poursuivre sa carrière du côté de Dimension Data en 2019 et 2020. Le sprinteur transalpin, victorieux à 18 reprises chez les pros et double lauréat du &hellip;
