{"version":"1.0","provider_name":"V\u00e9loPro.fr","provider_url":"https:\/\/cyclingpro.net\/velopro","author_name":"Alexandre Mignot","author_url":"https:\/\/cyclingpro.net\/velopro\/author\/amignot\/","title":"Fausto Masnada choisit la CCC - V\u00e9loPro.fr","type":"rich","width":600,"height":338,"html":"<blockquote class=\"wp-embedded-content\" data-secret=\"fOy9OSjEIi\"><a href=\"https:\/\/cyclingpro.net\/velopro\/mercato\/fausto-masnada-choisit-la-ccc\/\">Fausto Masnada choisit la CCC<\/a><\/blockquote><iframe sandbox=\"allow-scripts\" security=\"restricted\" src=\"https:\/\/cyclingpro.net\/velopro\/mercato\/fausto-masnada-choisit-la-ccc\/embed\/#?secret=fOy9OSjEIi\" width=\"600\" height=\"338\" title=\"\u00ab\u00a0Fausto Masnada choisit la CCC\u00a0\u00bb &#8212; V\u00e9loPro.fr\" data-secret=\"fOy9OSjEIi\" frameborder=\"0\" marginwidth=\"0\" marginheight=\"0\" scrolling=\"no\" class=\"wp-embedded-content\"><\/iframe><script type=\"text\/javascript\">\n\/* <![CDATA[ *\/\n\/*! This file is auto-generated *\/\n!function(d,l){\"use strict\";l.querySelector&&d.addEventListener&&\"undefined\"!=typeof URL&&(d.wp=d.wp||{},d.wp.receiveEmbedMessage||(d.wp.receiveEmbedMessage=function(e){var t=e.data;if((t||t.secret||t.message||t.value)&&!\/[^a-zA-Z0-9]\/.test(t.secret)){for(var s,r,n,a=l.querySelectorAll('iframe[data-secret=\"'+t.secret+'\"]'),o=l.querySelectorAll('blockquote[data-secret=\"'+t.secret+'\"]'),c=new RegExp(\"^https?:$\",\"i\"),i=0;i<o.length;i++)o[i].style.display=\"none\";for(i=0;i<a.length;i++)s=a[i],e.source===s.contentWindow&&(s.removeAttribute(\"style\"),\"height\"===t.message?(1e3<(r=parseInt(t.value,10))?r=1e3:~~r<200&&(r=200),s.height=r):\"link\"===t.message&&(r=new URL(s.getAttribute(\"src\")),n=new URL(t.value),c.test(n.protocol))&&n.host===r.host&&l.activeElement===s&&(d.top.location.href=t.value))}},d.addEventListener(\"message\",d.wp.receiveEmbedMessage,!1),l.addEventListener(\"DOMContentLoaded\",function(){for(var e,t,s=l.querySelectorAll(\"iframe.wp-embedded-content\"),r=0;r<s.length;r++)(t=(e=s[r]).getAttribute(\"data-secret\"))||(t=Math.random().toString(36).substring(2,12),e.src+=\"#?secret=\"+t,e.setAttribute(\"data-secret\",t)),e.contentWindow.postMessage({message:\"ready\",secret:t},\"*\")},!1)))}(window,document);\n\/* ]]> *\/\n<\/script>\n","thumbnail_url":"https:\/\/cyclingpro.net\/velopro\/wp-content\/uploads\/2019\/04\/MASNADA-alpes.jpg","thumbnail_width":1196,"thumbnail_height":598,"description":"Il \u00e9tait l&rsquo;un des coureurs les plus convoit\u00e9s au niveau continental professionnel. Auteur d&rsquo;une superbe saison 2019, incluant deux victoires d&rsquo;\u00e9tape sur le Tour des Alpes, la troisi\u00e8me place finale du Tour de Sicile, une deuxi\u00e8me place sur le Tour des Apennins, mais surtout un formidable succ\u00e8s \u00e0 San Giovanni Rotondo sur le Giro, Fausto &hellip;"}

VéloPro.fr

Fausto Masnada choisit la CCC - VéloPro.fr

<blockquote class="wp-embedded-content" data-secret="fOy9OSjEIi"><a href="https://cyclingpro.net/velopro/mercato/fausto-masnada-choisit-la-ccc/">Fausto Masnada choisit la CCC</a></blockquote><iframe sandbox="allow-scripts" security="restricted" src="https://cyclingpro.net/velopro/mercato/fausto-masnada-choisit-la-ccc/embed/#?secret=fOy9OSjEIi" width="600" height="338" title="« Fausto Masnada choisit la CCC » &#8212; VéloPro.fr" data-secret="fOy9OSjEIi" frameborder="0" marginwidth="0" marginheight="0" scrolling="no" class="wp-embedded-content"></iframe><script type="text/javascript">
/* <![CDATA[ */
/*! This file is auto-generated */
!function(d,l){"use strict";l.querySelector&&d.addEventListener&&"undefined"!=typeof URL&&(d.wp=d.wp||{},d.wp.receiveEmbedMessage||(d.wp.receiveEmbedMessage=function(e){var t=e.data;if((t||t.secret||t.message||t.value)&&!/[^a-zA-Z0-9]/.test(t.secret)){for(var s,r,n,a=l.querySelectorAll('iframe[data-secret="'+t.secret+'"]'),o=l.querySelectorAll('blockquote[data-secret="'+t.secret+'"]'),c=new RegExp("^https?:$","i"),i=0;i<o.length;i++)o[i].style.display="none";for(i=0;i<a.length;i++)s=a[i],e.source===s.contentWindow&&(s.removeAttribute("style"),"height"===t.message?(1e3<(r=parseInt(t.value,10))?r=1e3:~~r<200&&(r=200),s.height=r):"link"===t.message&&(r=new URL(s.getAttribute("src")),n=new URL(t.value),c.test(n.protocol))&&n.host===r.host&&l.activeElement===s&&(d.top.location.href=t.value))}},d.addEventListener("message",d.wp.receiveEmbedMessage,!1),l.addEventListener("DOMContentLoaded",function(){for(var e,t,s=l.querySelectorAll("iframe.wp-embedded-content"),r=0;r<s.length;r++)(t=(e=s[r]).getAttribute("data-secret"))||(t=Math.random().toString(36).substring(2,12),e.src+="#?secret="+t,e.setAttribute("data-secret",t)),e.contentWindow.postMessage({message:"ready",secret:t},"*")},!1)))}(window,document);
/* ]]> */
</script>

Il était l&rsquo;un des coureurs les plus convoités au niveau continental professionnel. Auteur d&rsquo;une superbe saison 2019, incluant deux victoires d&rsquo;étape sur le Tour des Alpes, la troisième place finale du Tour de Sicile, une deuxième place sur le Tour des Apennins, mais surtout un formidable succès à San Giovanni Rotondo sur le Giro, Fausto &hellip;
