{"version":"1.0","provider_name":"V\u00e9loPro.fr","provider_url":"https:\/\/cyclingpro.net\/velopro","author_name":"Nicolas Horlait","author_url":"https:\/\/cyclingpro.net\/velopro\/author\/nhorlait\/","title":"EF-Drapac officialise l'arriv\u00e9e de Moreno Hofland - V\u00e9loPro.fr","type":"rich","width":600,"height":338,"html":"<blockquote class=\"wp-embedded-content\" data-secret=\"2dIkzeJx5A\"><a href=\"https:\/\/cyclingpro.net\/velopro\/mercato\/ef-drapac-officialise-larrivee-de-moreno-hofland\/\">EF-Drapac officialise l&rsquo;arriv\u00e9e de Moreno Hofland<\/a><\/blockquote><iframe sandbox=\"allow-scripts\" security=\"restricted\" src=\"https:\/\/cyclingpro.net\/velopro\/mercato\/ef-drapac-officialise-larrivee-de-moreno-hofland\/embed\/#?secret=2dIkzeJx5A\" width=\"600\" height=\"338\" title=\"\u00ab\u00a0EF-Drapac officialise l&rsquo;arriv\u00e9e de Moreno Hofland\u00a0\u00bb &#8212; V\u00e9loPro.fr\" data-secret=\"2dIkzeJx5A\" frameborder=\"0\" marginwidth=\"0\" marginheight=\"0\" scrolling=\"no\" class=\"wp-embedded-content\"><\/iframe><script type=\"text\/javascript\">\n\/* <![CDATA[ *\/\n\/*! This file is auto-generated *\/\n!function(d,l){\"use strict\";l.querySelector&&d.addEventListener&&\"undefined\"!=typeof URL&&(d.wp=d.wp||{},d.wp.receiveEmbedMessage||(d.wp.receiveEmbedMessage=function(e){var t=e.data;if((t||t.secret||t.message||t.value)&&!\/[^a-zA-Z0-9]\/.test(t.secret)){for(var s,r,n,a=l.querySelectorAll('iframe[data-secret=\"'+t.secret+'\"]'),o=l.querySelectorAll('blockquote[data-secret=\"'+t.secret+'\"]'),c=new RegExp(\"^https?:$\",\"i\"),i=0;i<o.length;i++)o[i].style.display=\"none\";for(i=0;i<a.length;i++)s=a[i],e.source===s.contentWindow&&(s.removeAttribute(\"style\"),\"height\"===t.message?(1e3<(r=parseInt(t.value,10))?r=1e3:~~r<200&&(r=200),s.height=r):\"link\"===t.message&&(r=new URL(s.getAttribute(\"src\")),n=new URL(t.value),c.test(n.protocol))&&n.host===r.host&&l.activeElement===s&&(d.top.location.href=t.value))}},d.addEventListener(\"message\",d.wp.receiveEmbedMessage,!1),l.addEventListener(\"DOMContentLoaded\",function(){for(var e,t,s=l.querySelectorAll(\"iframe.wp-embedded-content\"),r=0;r<s.length;r++)(t=(e=s[r]).getAttribute(\"data-secret\"))||(t=Math.random().toString(36).substring(2,12),e.src+=\"#?secret=\"+t,e.setAttribute(\"data-secret\",t)),e.contentWindow.postMessage({message:\"ready\",secret:t},\"*\")},!1)))}(window,document);\n\/* ]]> *\/\n<\/script>\n","thumbnail_url":"https:\/\/cyclingpro.net\/velopro\/wp-content\/uploads\/2017\/07\/647487206.jpg","thumbnail_width":1050,"thumbnail_height":591,"description":"L&rsquo;\u00e9quipe EF-Drapac a annonc\u00e9 ce samedi apr\u00e8s-midi la signature de Moreno Hofland pour la saison prochaine. Le coureur n\u00e9erlandais de 26 ans \u00e9voluait ces deux derni\u00e8res ann\u00e9es sous les couleurs de la Lotto Soudal, o\u00f9 il travaillait la plupart du temps pour ses leaders. Le manager de l&rsquo;\u00e9quipe am\u00e9ricaine Jonathan Vaughters veut relancer la carri\u00e8re &hellip;"}

VéloPro.fr

EF-Drapac officialise l'arrivée de Moreno Hofland - VéloPro.fr

<blockquote class="wp-embedded-content" data-secret="2dIkzeJx5A"><a href="https://cyclingpro.net/velopro/mercato/ef-drapac-officialise-larrivee-de-moreno-hofland/">EF-Drapac officialise l&rsquo;arrivée de Moreno Hofland</a></blockquote><iframe sandbox="allow-scripts" security="restricted" src="https://cyclingpro.net/velopro/mercato/ef-drapac-officialise-larrivee-de-moreno-hofland/embed/#?secret=2dIkzeJx5A" width="600" height="338" title="« EF-Drapac officialise l&rsquo;arrivée de Moreno Hofland » &#8212; VéloPro.fr" data-secret="2dIkzeJx5A" frameborder="0" marginwidth="0" marginheight="0" scrolling="no" class="wp-embedded-content"></iframe><script type="text/javascript">
/* <![CDATA[ */
/*! This file is auto-generated */
!function(d,l){"use strict";l.querySelector&&d.addEventListener&&"undefined"!=typeof URL&&(d.wp=d.wp||{},d.wp.receiveEmbedMessage||(d.wp.receiveEmbedMessage=function(e){var t=e.data;if((t||t.secret||t.message||t.value)&&!/[^a-zA-Z0-9]/.test(t.secret)){for(var s,r,n,a=l.querySelectorAll('iframe[data-secret="'+t.secret+'"]'),o=l.querySelectorAll('blockquote[data-secret="'+t.secret+'"]'),c=new RegExp("^https?:$","i"),i=0;i<o.length;i++)o[i].style.display="none";for(i=0;i<a.length;i++)s=a[i],e.source===s.contentWindow&&(s.removeAttribute("style"),"height"===t.message?(1e3<(r=parseInt(t.value,10))?r=1e3:~~r<200&&(r=200),s.height=r):"link"===t.message&&(r=new URL(s.getAttribute("src")),n=new URL(t.value),c.test(n.protocol))&&n.host===r.host&&l.activeElement===s&&(d.top.location.href=t.value))}},d.addEventListener("message",d.wp.receiveEmbedMessage,!1),l.addEventListener("DOMContentLoaded",function(){for(var e,t,s=l.querySelectorAll("iframe.wp-embedded-content"),r=0;r<s.length;r++)(t=(e=s[r]).getAttribute("data-secret"))||(t=Math.random().toString(36).substring(2,12),e.src+="#?secret="+t,e.setAttribute("data-secret",t)),e.contentWindow.postMessage({message:"ready",secret:t},"*")},!1)))}(window,document);
/* ]]> */
</script>

L&rsquo;équipe EF-Drapac a annoncé ce samedi après-midi la signature de Moreno Hofland pour la saison prochaine. Le coureur néerlandais de 26 ans évoluait ces deux dernières années sous les couleurs de la Lotto Soudal, où il travaillait la plupart du temps pour ses leaders. Le manager de l&rsquo;équipe américaine Jonathan Vaughters veut relancer la carrière &hellip;
