{"version":"1.0","provider_name":"V\u00e9loPro.fr","provider_url":"https:\/\/cyclingpro.net\/velopro","author_name":"Nicolas Horlait","author_url":"https:\/\/cyclingpro.net\/velopro\/author\/nhorlait\/","title":"Edoardo Zardini prolonge deux saisons chez Neri Sottoli - V\u00e9loPro.fr","type":"rich","width":600,"height":338,"html":"<blockquote class=\"wp-embedded-content\" data-secret=\"IR3NvwBTtW\"><a href=\"https:\/\/cyclingpro.net\/velopro\/mercato\/edoardo-zardini-prolonge-deux-saisons-chez-neri-sottoli\/\">Edoardo Zardini prolonge deux saisons chez Neri Sottoli<\/a><\/blockquote><iframe sandbox=\"allow-scripts\" security=\"restricted\" src=\"https:\/\/cyclingpro.net\/velopro\/mercato\/edoardo-zardini-prolonge-deux-saisons-chez-neri-sottoli\/embed\/#?secret=IR3NvwBTtW\" width=\"600\" height=\"338\" title=\"\u00ab\u00a0Edoardo Zardini prolonge deux saisons chez Neri Sottoli\u00a0\u00bb &#8212; V\u00e9loPro.fr\" data-secret=\"IR3NvwBTtW\" frameborder=\"0\" marginwidth=\"0\" marginheight=\"0\" scrolling=\"no\" class=\"wp-embedded-content\"><\/iframe><script type=\"text\/javascript\">\n\/* <![CDATA[ *\/\n\/*! This file is auto-generated *\/\n!function(d,l){\"use strict\";l.querySelector&&d.addEventListener&&\"undefined\"!=typeof URL&&(d.wp=d.wp||{},d.wp.receiveEmbedMessage||(d.wp.receiveEmbedMessage=function(e){var t=e.data;if((t||t.secret||t.message||t.value)&&!\/[^a-zA-Z0-9]\/.test(t.secret)){for(var s,r,n,a=l.querySelectorAll('iframe[data-secret=\"'+t.secret+'\"]'),o=l.querySelectorAll('blockquote[data-secret=\"'+t.secret+'\"]'),c=new RegExp(\"^https?:$\",\"i\"),i=0;i<o.length;i++)o[i].style.display=\"none\";for(i=0;i<a.length;i++)s=a[i],e.source===s.contentWindow&&(s.removeAttribute(\"style\"),\"height\"===t.message?(1e3<(r=parseInt(t.value,10))?r=1e3:~~r<200&&(r=200),s.height=r):\"link\"===t.message&&(r=new URL(s.getAttribute(\"src\")),n=new URL(t.value),c.test(n.protocol))&&n.host===r.host&&l.activeElement===s&&(d.top.location.href=t.value))}},d.addEventListener(\"message\",d.wp.receiveEmbedMessage,!1),l.addEventListener(\"DOMContentLoaded\",function(){for(var e,t,s=l.querySelectorAll(\"iframe.wp-embedded-content\"),r=0;r<s.length;r++)(t=(e=s[r]).getAttribute(\"data-secret\"))||(t=Math.random().toString(36).substring(2,12),e.src+=\"#?secret=\"+t,e.setAttribute(\"data-secret\",t)),e.contentWindow.postMessage({message:\"ready\",secret:t},\"*\")},!1)))}(window,document);\n\/* ]]> *\/\n<\/script>\n","thumbnail_url":"https:\/\/cyclingpro.net\/velopro\/wp-content\/uploads\/2017\/09\/Edoardo-Zardini.jpg","thumbnail_width":1050,"thumbnail_height":522,"description":"Edoardo Zardini poursuit l&rsquo;aventure d\u00e9but\u00e9e en 2018 chez Neri Sottoli-Selle Italia-KTM. Le coureur italien de 29 ans et l&rsquo;\u00e9quipe conti pro sont tomb\u00e9s d&rsquo;accord sur une prolongation de deux saisons, soit jusqu&rsquo;\u00e0 la fin 2021.\u00a0\u00ab Je suis tr\u00e8s content de ce nouveau contrat, se satisfaisait le V\u00e9ronais. Je me suis retrouv\u00e9 dans l&rsquo;\u00e9quipe apr\u00e8s des &hellip;"}

VéloPro.fr

Edoardo Zardini prolonge deux saisons chez Neri Sottoli - VéloPro.fr

<blockquote class="wp-embedded-content" data-secret="IR3NvwBTtW"><a href="https://cyclingpro.net/velopro/mercato/edoardo-zardini-prolonge-deux-saisons-chez-neri-sottoli/">Edoardo Zardini prolonge deux saisons chez Neri Sottoli</a></blockquote><iframe sandbox="allow-scripts" security="restricted" src="https://cyclingpro.net/velopro/mercato/edoardo-zardini-prolonge-deux-saisons-chez-neri-sottoli/embed/#?secret=IR3NvwBTtW" width="600" height="338" title="« Edoardo Zardini prolonge deux saisons chez Neri Sottoli » &#8212; VéloPro.fr" data-secret="IR3NvwBTtW" frameborder="0" marginwidth="0" marginheight="0" scrolling="no" class="wp-embedded-content"></iframe><script type="text/javascript">
/* <![CDATA[ */
/*! This file is auto-generated */
!function(d,l){"use strict";l.querySelector&&d.addEventListener&&"undefined"!=typeof URL&&(d.wp=d.wp||{},d.wp.receiveEmbedMessage||(d.wp.receiveEmbedMessage=function(e){var t=e.data;if((t||t.secret||t.message||t.value)&&!/[^a-zA-Z0-9]/.test(t.secret)){for(var s,r,n,a=l.querySelectorAll('iframe[data-secret="'+t.secret+'"]'),o=l.querySelectorAll('blockquote[data-secret="'+t.secret+'"]'),c=new RegExp("^https?:$","i"),i=0;i<o.length;i++)o[i].style.display="none";for(i=0;i<a.length;i++)s=a[i],e.source===s.contentWindow&&(s.removeAttribute("style"),"height"===t.message?(1e3<(r=parseInt(t.value,10))?r=1e3:~~r<200&&(r=200),s.height=r):"link"===t.message&&(r=new URL(s.getAttribute("src")),n=new URL(t.value),c.test(n.protocol))&&n.host===r.host&&l.activeElement===s&&(d.top.location.href=t.value))}},d.addEventListener("message",d.wp.receiveEmbedMessage,!1),l.addEventListener("DOMContentLoaded",function(){for(var e,t,s=l.querySelectorAll("iframe.wp-embedded-content"),r=0;r<s.length;r++)(t=(e=s[r]).getAttribute("data-secret"))||(t=Math.random().toString(36).substring(2,12),e.src+="#?secret="+t,e.setAttribute("data-secret",t)),e.contentWindow.postMessage({message:"ready",secret:t},"*")},!1)))}(window,document);
/* ]]> */
</script>

Edoardo Zardini poursuit l&rsquo;aventure débutée en 2018 chez Neri Sottoli-Selle Italia-KTM. Le coureur italien de 29 ans et l&rsquo;équipe conti pro sont tombés d&rsquo;accord sur une prolongation de deux saisons, soit jusqu&rsquo;à la fin 2021. « Je suis très content de ce nouveau contrat, se satisfaisait le Véronais. Je me suis retrouvé dans l&rsquo;équipe après des &hellip;
