{"version":"1.0","provider_name":"V\u00e9loPro.fr","provider_url":"https:\/\/cyclingpro.net\/velopro","author_name":"Antoine Plouvin","author_url":"https:\/\/cyclingpro.net\/velopro\/author\/aplouvin\/","title":"David L\u00f3pez au bord de la retraite - V\u00e9loPro.fr","type":"rich","width":600,"height":338,"html":"<blockquote class=\"wp-embedded-content\" data-secret=\"NfCqpVbiCp\"><a href=\"https:\/\/cyclingpro.net\/velopro\/mercato\/david-lopez-au-bord-de-la-retraite\/\">David L\u00f3pez au bord de la retraite<\/a><\/blockquote><iframe sandbox=\"allow-scripts\" security=\"restricted\" src=\"https:\/\/cyclingpro.net\/velopro\/mercato\/david-lopez-au-bord-de-la-retraite\/embed\/#?secret=NfCqpVbiCp\" width=\"600\" height=\"338\" title=\"\u00ab\u00a0David L\u00f3pez au bord de la retraite\u00a0\u00bb &#8212; V\u00e9loPro.fr\" data-secret=\"NfCqpVbiCp\" frameborder=\"0\" marginwidth=\"0\" marginheight=\"0\" scrolling=\"no\" class=\"wp-embedded-content\"><\/iframe><script type=\"text\/javascript\">\n\/* <![CDATA[ *\/\n\/*! This file is auto-generated *\/\n!function(d,l){\"use strict\";l.querySelector&&d.addEventListener&&\"undefined\"!=typeof URL&&(d.wp=d.wp||{},d.wp.receiveEmbedMessage||(d.wp.receiveEmbedMessage=function(e){var t=e.data;if((t||t.secret||t.message||t.value)&&!\/[^a-zA-Z0-9]\/.test(t.secret)){for(var s,r,n,a=l.querySelectorAll('iframe[data-secret=\"'+t.secret+'\"]'),o=l.querySelectorAll('blockquote[data-secret=\"'+t.secret+'\"]'),c=new RegExp(\"^https?:$\",\"i\"),i=0;i<o.length;i++)o[i].style.display=\"none\";for(i=0;i<a.length;i++)s=a[i],e.source===s.contentWindow&&(s.removeAttribute(\"style\"),\"height\"===t.message?(1e3<(r=parseInt(t.value,10))?r=1e3:~~r<200&&(r=200),s.height=r):\"link\"===t.message&&(r=new URL(s.getAttribute(\"src\")),n=new URL(t.value),c.test(n.protocol))&&n.host===r.host&&l.activeElement===s&&(d.top.location.href=t.value))}},d.addEventListener(\"message\",d.wp.receiveEmbedMessage,!1),l.addEventListener(\"DOMContentLoaded\",function(){for(var e,t,s=l.querySelectorAll(\"iframe.wp-embedded-content\"),r=0;r<s.length;r++)(t=(e=s[r]).getAttribute(\"data-secret\"))||(t=Math.random().toString(36).substring(2,12),e.src+=\"#?secret=\"+t,e.setAttribute(\"data-secret\",t)),e.contentWindow.postMessage({message:\"ready\",secret:t},\"*\")},!1)))}(window,document);\n\/* ]]> *\/\n<\/script>\n","thumbnail_url":"https:\/\/cyclingpro.net\/velopro\/wp-content\/uploads\/2017\/10\/David-Lopez.jpg","thumbnail_width":1050,"thumbnail_height":545,"description":"David L\u00f3pez semble r\u00e9sign\u00e9. Non renouvel\u00e9 par le Team Sky (lire ici) avec lequel il \u00e9volue depuis 2014, le coureur de 37 ans un publi\u00e9 un communiqu\u00e9 via son agent annon\u00e7ant qu&rsquo;il commen\u00e7ait \u00e0 regarder ailleurs. \u00ab\u00a0J&rsquo;aime toujours le cyclisme, j&rsquo;aime toujours la comp\u00e9tition mais j&rsquo;ai commenc\u00e9 \u00e0 regarder autour de moi pour essayer de &hellip;"}

VéloPro.fr

David López au bord de la retraite - VéloPro.fr

<blockquote class="wp-embedded-content" data-secret="NfCqpVbiCp"><a href="https://cyclingpro.net/velopro/mercato/david-lopez-au-bord-de-la-retraite/">David López au bord de la retraite</a></blockquote><iframe sandbox="allow-scripts" security="restricted" src="https://cyclingpro.net/velopro/mercato/david-lopez-au-bord-de-la-retraite/embed/#?secret=NfCqpVbiCp" width="600" height="338" title="« David López au bord de la retraite » &#8212; VéloPro.fr" data-secret="NfCqpVbiCp" frameborder="0" marginwidth="0" marginheight="0" scrolling="no" class="wp-embedded-content"></iframe><script type="text/javascript">
/* <![CDATA[ */
/*! This file is auto-generated */
!function(d,l){"use strict";l.querySelector&&d.addEventListener&&"undefined"!=typeof URL&&(d.wp=d.wp||{},d.wp.receiveEmbedMessage||(d.wp.receiveEmbedMessage=function(e){var t=e.data;if((t||t.secret||t.message||t.value)&&!/[^a-zA-Z0-9]/.test(t.secret)){for(var s,r,n,a=l.querySelectorAll('iframe[data-secret="'+t.secret+'"]'),o=l.querySelectorAll('blockquote[data-secret="'+t.secret+'"]'),c=new RegExp("^https?:$","i"),i=0;i<o.length;i++)o[i].style.display="none";for(i=0;i<a.length;i++)s=a[i],e.source===s.contentWindow&&(s.removeAttribute("style"),"height"===t.message?(1e3<(r=parseInt(t.value,10))?r=1e3:~~r<200&&(r=200),s.height=r):"link"===t.message&&(r=new URL(s.getAttribute("src")),n=new URL(t.value),c.test(n.protocol))&&n.host===r.host&&l.activeElement===s&&(d.top.location.href=t.value))}},d.addEventListener("message",d.wp.receiveEmbedMessage,!1),l.addEventListener("DOMContentLoaded",function(){for(var e,t,s=l.querySelectorAll("iframe.wp-embedded-content"),r=0;r<s.length;r++)(t=(e=s[r]).getAttribute("data-secret"))||(t=Math.random().toString(36).substring(2,12),e.src+="#?secret="+t,e.setAttribute("data-secret",t)),e.contentWindow.postMessage({message:"ready",secret:t},"*")},!1)))}(window,document);
/* ]]> */
</script>

David López semble résigné. Non renouvelé par le Team Sky (lire ici) avec lequel il évolue depuis 2014, le coureur de 37 ans un publié un communiqué via son agent annonçant qu&rsquo;il commençait à regarder ailleurs. « J&rsquo;aime toujours le cyclisme, j&rsquo;aime toujours la compétition mais j&rsquo;ai commencé à regarder autour de moi pour essayer de &hellip;
