{"version":"1.0","provider_name":"V\u00e9loPro.fr","provider_url":"https:\/\/cyclingpro.net\/velopro","author_name":"Nicolas Horlait","author_url":"https:\/\/cyclingpro.net\/velopro\/author\/nhorlait\/","title":"Damien Touz\u00e9 officiellement chez Cofidis pour deux saisons - V\u00e9loPro.fr","type":"rich","width":600,"height":338,"html":"<blockquote class=\"wp-embedded-content\" data-secret=\"mkw1Po50A7\"><a href=\"https:\/\/cyclingpro.net\/velopro\/mercato\/damien-touze-officiellement-chez-cofidis-pour-deux-saisons\/\">Damien Touz\u00e9 officiellement chez Cofidis pour deux saisons<\/a><\/blockquote><iframe sandbox=\"allow-scripts\" security=\"restricted\" src=\"https:\/\/cyclingpro.net\/velopro\/mercato\/damien-touze-officiellement-chez-cofidis-pour-deux-saisons\/embed\/#?secret=mkw1Po50A7\" width=\"600\" height=\"338\" title=\"\u00ab\u00a0Damien Touz\u00e9 officiellement chez Cofidis pour deux saisons\u00a0\u00bb &#8212; V\u00e9loPro.fr\" data-secret=\"mkw1Po50A7\" frameborder=\"0\" marginwidth=\"0\" marginheight=\"0\" scrolling=\"no\" class=\"wp-embedded-content\"><\/iframe><script type=\"text\/javascript\">\n\/* <![CDATA[ *\/\n\/*! This file is auto-generated *\/\n!function(d,l){\"use strict\";l.querySelector&&d.addEventListener&&\"undefined\"!=typeof URL&&(d.wp=d.wp||{},d.wp.receiveEmbedMessage||(d.wp.receiveEmbedMessage=function(e){var t=e.data;if((t||t.secret||t.message||t.value)&&!\/[^a-zA-Z0-9]\/.test(t.secret)){for(var s,r,n,a=l.querySelectorAll('iframe[data-secret=\"'+t.secret+'\"]'),o=l.querySelectorAll('blockquote[data-secret=\"'+t.secret+'\"]'),c=new RegExp(\"^https?:$\",\"i\"),i=0;i<o.length;i++)o[i].style.display=\"none\";for(i=0;i<a.length;i++)s=a[i],e.source===s.contentWindow&&(s.removeAttribute(\"style\"),\"height\"===t.message?(1e3<(r=parseInt(t.value,10))?r=1e3:~~r<200&&(r=200),s.height=r):\"link\"===t.message&&(r=new URL(s.getAttribute(\"src\")),n=new URL(t.value),c.test(n.protocol))&&n.host===r.host&&l.activeElement===s&&(d.top.location.href=t.value))}},d.addEventListener(\"message\",d.wp.receiveEmbedMessage,!1),l.addEventListener(\"DOMContentLoaded\",function(){for(var e,t,s=l.querySelectorAll(\"iframe.wp-embedded-content\"),r=0;r<s.length;r++)(t=(e=s[r]).getAttribute(\"data-secret\"))||(t=Math.random().toString(36).substring(2,12),e.src+=\"#?secret=\"+t,e.setAttribute(\"data-secret\",t)),e.contentWindow.postMessage({message:\"ready\",secret:t},\"*\")},!1)))}(window,document);\n\/* ]]> *\/\n<\/script>\n","thumbnail_url":"https:\/\/cyclingpro.net\/velopro\/wp-content\/uploads\/2017\/08\/Damien-Touze.jpg","thumbnail_width":1050,"thumbnail_height":514,"description":"Tout r\u00e9cent vainqueur de la Kreiz Breizh Elites (2.2), Damien Touz\u00e9 a sign\u00e9 jusqu&rsquo;en 2020 chez Cofidis. L&rsquo;officialisation a \u00e9t\u00e9 faite ce vendredi par la formation nordiste. Le coureur de 22 ans retrouvera plusieurs coureurs de sa nouvelle \u00e9quipe dimanche \u00e0 Glasgow, lors de la course en ligne des Championnats d&rsquo;Europe. Il y d\u00e9fendra les &hellip;"}

VéloPro.fr

Damien Touzé officiellement chez Cofidis pour deux saisons - VéloPro.fr

<blockquote class="wp-embedded-content" data-secret="mkw1Po50A7"><a href="https://cyclingpro.net/velopro/mercato/damien-touze-officiellement-chez-cofidis-pour-deux-saisons/">Damien Touzé officiellement chez Cofidis pour deux saisons</a></blockquote><iframe sandbox="allow-scripts" security="restricted" src="https://cyclingpro.net/velopro/mercato/damien-touze-officiellement-chez-cofidis-pour-deux-saisons/embed/#?secret=mkw1Po50A7" width="600" height="338" title="« Damien Touzé officiellement chez Cofidis pour deux saisons » &#8212; VéloPro.fr" data-secret="mkw1Po50A7" frameborder="0" marginwidth="0" marginheight="0" scrolling="no" class="wp-embedded-content"></iframe><script type="text/javascript">
/* <![CDATA[ */
/*! This file is auto-generated */
!function(d,l){"use strict";l.querySelector&&d.addEventListener&&"undefined"!=typeof URL&&(d.wp=d.wp||{},d.wp.receiveEmbedMessage||(d.wp.receiveEmbedMessage=function(e){var t=e.data;if((t||t.secret||t.message||t.value)&&!/[^a-zA-Z0-9]/.test(t.secret)){for(var s,r,n,a=l.querySelectorAll('iframe[data-secret="'+t.secret+'"]'),o=l.querySelectorAll('blockquote[data-secret="'+t.secret+'"]'),c=new RegExp("^https?:$","i"),i=0;i<o.length;i++)o[i].style.display="none";for(i=0;i<a.length;i++)s=a[i],e.source===s.contentWindow&&(s.removeAttribute("style"),"height"===t.message?(1e3<(r=parseInt(t.value,10))?r=1e3:~~r<200&&(r=200),s.height=r):"link"===t.message&&(r=new URL(s.getAttribute("src")),n=new URL(t.value),c.test(n.protocol))&&n.host===r.host&&l.activeElement===s&&(d.top.location.href=t.value))}},d.addEventListener("message",d.wp.receiveEmbedMessage,!1),l.addEventListener("DOMContentLoaded",function(){for(var e,t,s=l.querySelectorAll("iframe.wp-embedded-content"),r=0;r<s.length;r++)(t=(e=s[r]).getAttribute("data-secret"))||(t=Math.random().toString(36).substring(2,12),e.src+="#?secret="+t,e.setAttribute("data-secret",t)),e.contentWindow.postMessage({message:"ready",secret:t},"*")},!1)))}(window,document);
/* ]]> */
</script>

Tout récent vainqueur de la Kreiz Breizh Elites (2.2), Damien Touzé a signé jusqu&rsquo;en 2020 chez Cofidis. L&rsquo;officialisation a été faite ce vendredi par la formation nordiste. Le coureur de 22 ans retrouvera plusieurs coureurs de sa nouvelle équipe dimanche à Glasgow, lors de la course en ligne des Championnats d&rsquo;Europe. Il y défendra les &hellip;
