{"version":"1.0","provider_name":"V\u00e9loPro.fr","provider_url":"https:\/\/cyclingpro.net\/velopro","author_name":"Antoine Plouvin","author_url":"https:\/\/cyclingpro.net\/velopro\/author\/aplouvin\/","title":"Cyril Lemoine prolonge de 2 ans chez Cofidis. - V\u00e9loPro.fr","type":"rich","width":600,"height":338,"html":"<blockquote class=\"wp-embedded-content\" data-secret=\"4o1eOR8Obf\"><a href=\"https:\/\/cyclingpro.net\/velopro\/mercato\/cyril-lemoine-prolonge-de-2-ans-chez-cofidis\/\">Cyril Lemoine prolonge de 2 ans chez Cofidis.<\/a><\/blockquote><iframe sandbox=\"allow-scripts\" security=\"restricted\" src=\"https:\/\/cyclingpro.net\/velopro\/mercato\/cyril-lemoine-prolonge-de-2-ans-chez-cofidis\/embed\/#?secret=4o1eOR8Obf\" width=\"600\" height=\"338\" title=\"\u00ab\u00a0Cyril Lemoine prolonge de 2 ans chez Cofidis.\u00a0\u00bb &#8212; V\u00e9loPro.fr\" data-secret=\"4o1eOR8Obf\" frameborder=\"0\" marginwidth=\"0\" marginheight=\"0\" scrolling=\"no\" class=\"wp-embedded-content\"><\/iframe><script type=\"text\/javascript\">\n\/* <![CDATA[ *\/\n\/*! This file is auto-generated *\/\n!function(d,l){\"use strict\";l.querySelector&&d.addEventListener&&\"undefined\"!=typeof URL&&(d.wp=d.wp||{},d.wp.receiveEmbedMessage||(d.wp.receiveEmbedMessage=function(e){var t=e.data;if((t||t.secret||t.message||t.value)&&!\/[^a-zA-Z0-9]\/.test(t.secret)){for(var s,r,n,a=l.querySelectorAll('iframe[data-secret=\"'+t.secret+'\"]'),o=l.querySelectorAll('blockquote[data-secret=\"'+t.secret+'\"]'),c=new RegExp(\"^https?:$\",\"i\"),i=0;i<o.length;i++)o[i].style.display=\"none\";for(i=0;i<a.length;i++)s=a[i],e.source===s.contentWindow&&(s.removeAttribute(\"style\"),\"height\"===t.message?(1e3<(r=parseInt(t.value,10))?r=1e3:~~r<200&&(r=200),s.height=r):\"link\"===t.message&&(r=new URL(s.getAttribute(\"src\")),n=new URL(t.value),c.test(n.protocol))&&n.host===r.host&&l.activeElement===s&&(d.top.location.href=t.value))}},d.addEventListener(\"message\",d.wp.receiveEmbedMessage,!1),l.addEventListener(\"DOMContentLoaded\",function(){for(var e,t,s=l.querySelectorAll(\"iframe.wp-embedded-content\"),r=0;r<s.length;r++)(t=(e=s[r]).getAttribute(\"data-secret\"))||(t=Math.random().toString(36).substring(2,12),e.src+=\"#?secret=\"+t,e.setAttribute(\"data-secret\",t)),e.contentWindow.postMessage({message:\"ready\",secret:t},\"*\")},!1)))}(window,document);\n\/* ]]> *\/\n<\/script>\n","thumbnail_url":"https:\/\/cyclingpro.net\/velopro\/wp-content\/uploads\/2017\/07\/cyrillemoine-illustr-tourdefrance2017.jpg","thumbnail_width":1050,"thumbnail_height":525,"description":"Apr\u00e8s l\u2019annonce hier de la prolongation de Julien Simon au sein de l\u2019\u00e9quipe Cofidis, c\u2019est d\u00e9sormais Cyril Lemoine qui est officiellement annonc\u00e9 jusque fin 2019 au sein de l\u2019\u00e9quipe nordiste. Le Tourangeau est depuis 2014 chez Cofidis. Il est actuellement \u00e2g\u00e9 de 34 ans."}

VéloPro.fr

Cyril Lemoine prolonge de 2 ans chez Cofidis. - VéloPro.fr

<blockquote class="wp-embedded-content" data-secret="4o1eOR8Obf"><a href="https://cyclingpro.net/velopro/mercato/cyril-lemoine-prolonge-de-2-ans-chez-cofidis/">Cyril Lemoine prolonge de 2 ans chez Cofidis.</a></blockquote><iframe sandbox="allow-scripts" security="restricted" src="https://cyclingpro.net/velopro/mercato/cyril-lemoine-prolonge-de-2-ans-chez-cofidis/embed/#?secret=4o1eOR8Obf" width="600" height="338" title="« Cyril Lemoine prolonge de 2 ans chez Cofidis. » &#8212; VéloPro.fr" data-secret="4o1eOR8Obf" frameborder="0" marginwidth="0" marginheight="0" scrolling="no" class="wp-embedded-content"></iframe><script type="text/javascript">
/* <![CDATA[ */
/*! This file is auto-generated */
!function(d,l){"use strict";l.querySelector&&d.addEventListener&&"undefined"!=typeof URL&&(d.wp=d.wp||{},d.wp.receiveEmbedMessage||(d.wp.receiveEmbedMessage=function(e){var t=e.data;if((t||t.secret||t.message||t.value)&&!/[^a-zA-Z0-9]/.test(t.secret)){for(var s,r,n,a=l.querySelectorAll('iframe[data-secret="'+t.secret+'"]'),o=l.querySelectorAll('blockquote[data-secret="'+t.secret+'"]'),c=new RegExp("^https?:$","i"),i=0;i<o.length;i++)o[i].style.display="none";for(i=0;i<a.length;i++)s=a[i],e.source===s.contentWindow&&(s.removeAttribute("style"),"height"===t.message?(1e3<(r=parseInt(t.value,10))?r=1e3:~~r<200&&(r=200),s.height=r):"link"===t.message&&(r=new URL(s.getAttribute("src")),n=new URL(t.value),c.test(n.protocol))&&n.host===r.host&&l.activeElement===s&&(d.top.location.href=t.value))}},d.addEventListener("message",d.wp.receiveEmbedMessage,!1),l.addEventListener("DOMContentLoaded",function(){for(var e,t,s=l.querySelectorAll("iframe.wp-embedded-content"),r=0;r<s.length;r++)(t=(e=s[r]).getAttribute("data-secret"))||(t=Math.random().toString(36).substring(2,12),e.src+="#?secret="+t,e.setAttribute("data-secret",t)),e.contentWindow.postMessage({message:"ready",secret:t},"*")},!1)))}(window,document);
/* ]]> */
</script>

Après l’annonce hier de la prolongation de Julien Simon au sein de l’équipe Cofidis, c’est désormais Cyril Lemoine qui est officiellement annoncé jusque fin 2019 au sein de l’équipe nordiste. Le Tourangeau est depuis 2014 chez Cofidis. Il est actuellement âgé de 34 ans.
