{"version":"1.0","provider_name":"V\u00e9loPro.fr","provider_url":"https:\/\/cyclingpro.net\/velopro","author_name":"Antoine Plouvin","author_url":"https:\/\/cyclingpro.net\/velopro\/author\/aplouvin\/","title":"Cyril Barthe chez Euskadi Basque Country-Murias - V\u00e9loPro.fr","type":"rich","width":600,"height":338,"html":"<blockquote class=\"wp-embedded-content\" data-secret=\"l3PUU3j4Ug\"><a href=\"https:\/\/cyclingpro.net\/velopro\/mercato\/cyril-barthe-chez-euskadi-basque-country-murias\/\">Cyril Barthe chez Euskadi Basque Country-Murias<\/a><\/blockquote><iframe sandbox=\"allow-scripts\" security=\"restricted\" src=\"https:\/\/cyclingpro.net\/velopro\/mercato\/cyril-barthe-chez-euskadi-basque-country-murias\/embed\/#?secret=l3PUU3j4Ug\" width=\"600\" height=\"338\" title=\"\u00ab\u00a0Cyril Barthe chez Euskadi Basque Country-Murias\u00a0\u00bb &#8212; V\u00e9loPro.fr\" data-secret=\"l3PUU3j4Ug\" frameborder=\"0\" marginwidth=\"0\" marginheight=\"0\" scrolling=\"no\" class=\"wp-embedded-content\"><\/iframe><script type=\"text\/javascript\">\n\/* <![CDATA[ *\/\n\/*! This file is auto-generated *\/\n!function(d,l){\"use strict\";l.querySelector&&d.addEventListener&&\"undefined\"!=typeof URL&&(d.wp=d.wp||{},d.wp.receiveEmbedMessage||(d.wp.receiveEmbedMessage=function(e){var t=e.data;if((t||t.secret||t.message||t.value)&&!\/[^a-zA-Z0-9]\/.test(t.secret)){for(var s,r,n,a=l.querySelectorAll('iframe[data-secret=\"'+t.secret+'\"]'),o=l.querySelectorAll('blockquote[data-secret=\"'+t.secret+'\"]'),c=new RegExp(\"^https?:$\",\"i\"),i=0;i<o.length;i++)o[i].style.display=\"none\";for(i=0;i<a.length;i++)s=a[i],e.source===s.contentWindow&&(s.removeAttribute(\"style\"),\"height\"===t.message?(1e3<(r=parseInt(t.value,10))?r=1e3:~~r<200&&(r=200),s.height=r):\"link\"===t.message&&(r=new URL(s.getAttribute(\"src\")),n=new URL(t.value),c.test(n.protocol))&&n.host===r.host&&l.activeElement===s&&(d.top.location.href=t.value))}},d.addEventListener(\"message\",d.wp.receiveEmbedMessage,!1),l.addEventListener(\"DOMContentLoaded\",function(){for(var e,t,s=l.querySelectorAll(\"iframe.wp-embedded-content\"),r=0;r<s.length;r++)(t=(e=s[r]).getAttribute(\"data-secret\"))||(t=Math.random().toString(36).substring(2,12),e.src+=\"#?secret=\"+t,e.setAttribute(\"data-secret\",t)),e.contentWindow.postMessage({message:\"ready\",secret:t},\"*\")},!1)))}(window,document);\n\/* ]]> *\/\n<\/script>\n","thumbnail_url":"https:\/\/cyclingpro.net\/velopro\/wp-content\/uploads\/2017\/09\/cyrilbarthe.jpg","thumbnail_width":900,"thumbnail_height":500,"description":"Le jeune Espoirs fran\u00e7ais Cyril Barthe va int\u00e9grer l&rsquo;\u00e9quipe Euskadi Basque Country &#8211; Murias Taldea en 2018. Evoluant d\u00e9j\u00e0 au sein de la Fundaci\u00f3n Euskaltel depuis 2015, le\u00a0coureur de 21 ans (il aura 22 ans en octobre)\u00a0va donc passer au rang sup\u00e9rieur et devrait m\u00eame passer deux rangs d&rsquo;un coup puisque Euskadi Basque Country &#8211; &hellip;"}

VéloPro.fr

Cyril Barthe chez Euskadi Basque Country-Murias - VéloPro.fr

<blockquote class="wp-embedded-content" data-secret="l3PUU3j4Ug"><a href="https://cyclingpro.net/velopro/mercato/cyril-barthe-chez-euskadi-basque-country-murias/">Cyril Barthe chez Euskadi Basque Country-Murias</a></blockquote><iframe sandbox="allow-scripts" security="restricted" src="https://cyclingpro.net/velopro/mercato/cyril-barthe-chez-euskadi-basque-country-murias/embed/#?secret=l3PUU3j4Ug" width="600" height="338" title="« Cyril Barthe chez Euskadi Basque Country-Murias » &#8212; VéloPro.fr" data-secret="l3PUU3j4Ug" frameborder="0" marginwidth="0" marginheight="0" scrolling="no" class="wp-embedded-content"></iframe><script type="text/javascript">
/* <![CDATA[ */
/*! This file is auto-generated */
!function(d,l){"use strict";l.querySelector&&d.addEventListener&&"undefined"!=typeof URL&&(d.wp=d.wp||{},d.wp.receiveEmbedMessage||(d.wp.receiveEmbedMessage=function(e){var t=e.data;if((t||t.secret||t.message||t.value)&&!/[^a-zA-Z0-9]/.test(t.secret)){for(var s,r,n,a=l.querySelectorAll('iframe[data-secret="'+t.secret+'"]'),o=l.querySelectorAll('blockquote[data-secret="'+t.secret+'"]'),c=new RegExp("^https?:$","i"),i=0;i<o.length;i++)o[i].style.display="none";for(i=0;i<a.length;i++)s=a[i],e.source===s.contentWindow&&(s.removeAttribute("style"),"height"===t.message?(1e3<(r=parseInt(t.value,10))?r=1e3:~~r<200&&(r=200),s.height=r):"link"===t.message&&(r=new URL(s.getAttribute("src")),n=new URL(t.value),c.test(n.protocol))&&n.host===r.host&&l.activeElement===s&&(d.top.location.href=t.value))}},d.addEventListener("message",d.wp.receiveEmbedMessage,!1),l.addEventListener("DOMContentLoaded",function(){for(var e,t,s=l.querySelectorAll("iframe.wp-embedded-content"),r=0;r<s.length;r++)(t=(e=s[r]).getAttribute("data-secret"))||(t=Math.random().toString(36).substring(2,12),e.src+="#?secret="+t,e.setAttribute("data-secret",t)),e.contentWindow.postMessage({message:"ready",secret:t},"*")},!1)))}(window,document);
/* ]]> */
</script>

Le jeune Espoirs français Cyril Barthe va intégrer l&rsquo;équipe Euskadi Basque Country &#8211; Murias Taldea en 2018. Evoluant déjà au sein de la Fundación Euskaltel depuis 2015, le coureur de 21 ans (il aura 22 ans en octobre) va donc passer au rang supérieur et devrait même passer deux rangs d&rsquo;un coup puisque Euskadi Basque Country &#8211; &hellip;
