{"version":"1.0","provider_name":"V\u00e9loPro.fr","provider_url":"https:\/\/cyclingpro.net\/velopro","author_name":"Antoine Plouvin","author_url":"https:\/\/cyclingpro.net\/velopro\/author\/aplouvin\/","title":"Conor Dunne rebondit chez Israel Cycling Academy - V\u00e9loPro.fr","type":"rich","width":600,"height":338,"html":"<blockquote class=\"wp-embedded-content\" data-secret=\"s6JQamx6rv\"><a href=\"https:\/\/cyclingpro.net\/velopro\/mercato\/conor-dunne-rebondit-chez-israel-cycling-academy\/\">Conor Dunne rebondit chez Israel Cycling Academy<\/a><\/blockquote><iframe sandbox=\"allow-scripts\" security=\"restricted\" src=\"https:\/\/cyclingpro.net\/velopro\/mercato\/conor-dunne-rebondit-chez-israel-cycling-academy\/embed\/#?secret=s6JQamx6rv\" width=\"600\" height=\"338\" title=\"\u00ab\u00a0Conor Dunne rebondit chez Israel Cycling Academy\u00a0\u00bb &#8212; V\u00e9loPro.fr\" data-secret=\"s6JQamx6rv\" frameborder=\"0\" marginwidth=\"0\" marginheight=\"0\" scrolling=\"no\" class=\"wp-embedded-content\"><\/iframe><script type=\"text\/javascript\">\n\/* <![CDATA[ *\/\n\/*! This file is auto-generated *\/\n!function(d,l){\"use strict\";l.querySelector&&d.addEventListener&&\"undefined\"!=typeof URL&&(d.wp=d.wp||{},d.wp.receiveEmbedMessage||(d.wp.receiveEmbedMessage=function(e){var t=e.data;if((t||t.secret||t.message||t.value)&&!\/[^a-zA-Z0-9]\/.test(t.secret)){for(var s,r,n,a=l.querySelectorAll('iframe[data-secret=\"'+t.secret+'\"]'),o=l.querySelectorAll('blockquote[data-secret=\"'+t.secret+'\"]'),c=new RegExp(\"^https?:$\",\"i\"),i=0;i<o.length;i++)o[i].style.display=\"none\";for(i=0;i<a.length;i++)s=a[i],e.source===s.contentWindow&&(s.removeAttribute(\"style\"),\"height\"===t.message?(1e3<(r=parseInt(t.value,10))?r=1e3:~~r<200&&(r=200),s.height=r):\"link\"===t.message&&(r=new URL(s.getAttribute(\"src\")),n=new URL(t.value),c.test(n.protocol))&&n.host===r.host&&l.activeElement===s&&(d.top.location.href=t.value))}},d.addEventListener(\"message\",d.wp.receiveEmbedMessage,!1),l.addEventListener(\"DOMContentLoaded\",function(){for(var e,t,s=l.querySelectorAll(\"iframe.wp-embedded-content\"),r=0;r<s.length;r++)(t=(e=s[r]).getAttribute(\"data-secret\"))||(t=Math.random().toString(36).substring(2,12),e.src+=\"#?secret=\"+t,e.setAttribute(\"data-secret\",t)),e.contentWindow.postMessage({message:\"ready\",secret:t},\"*\")},!1)))}(window,document);\n\/* ]]> *\/\n<\/script>\n","thumbnail_url":"https:\/\/cyclingpro.net\/velopro\/wp-content\/uploads\/2018\/11\/conordunne-innsbruck2018.jpg","thumbnail_width":1050,"thumbnail_height":618,"description":"Laiss\u00e9 sans perspective depuis l&rsquo;arr\u00eat d&rsquo;Aqua Blue Sport, Conor Dunne aurait trouv\u00e9 refuge chez Israel Cycling Academy selon la t\u00e9l\u00e9vision irlandaise RT\u00c9. \u00ab\u00a0Nous avons besoin de coureurs intelligents et suffisamment forts pour supporter nos sprinteurs et grimpeurs. C&rsquo;est exactement pour \u00e7a que nous ne pouvions manquer Conor,\u00a0expliquait Kjell Carlstr\u00f6m, le manageur de l&rsquo;\u00e9quipe isra\u00e9lienne. Il &hellip;"}

VéloPro.fr

Conor Dunne rebondit chez Israel Cycling Academy - VéloPro.fr

<blockquote class="wp-embedded-content" data-secret="s6JQamx6rv"><a href="https://cyclingpro.net/velopro/mercato/conor-dunne-rebondit-chez-israel-cycling-academy/">Conor Dunne rebondit chez Israel Cycling Academy</a></blockquote><iframe sandbox="allow-scripts" security="restricted" src="https://cyclingpro.net/velopro/mercato/conor-dunne-rebondit-chez-israel-cycling-academy/embed/#?secret=s6JQamx6rv" width="600" height="338" title="« Conor Dunne rebondit chez Israel Cycling Academy » &#8212; VéloPro.fr" data-secret="s6JQamx6rv" frameborder="0" marginwidth="0" marginheight="0" scrolling="no" class="wp-embedded-content"></iframe><script type="text/javascript">
/* <![CDATA[ */
/*! This file is auto-generated */
!function(d,l){"use strict";l.querySelector&&d.addEventListener&&"undefined"!=typeof URL&&(d.wp=d.wp||{},d.wp.receiveEmbedMessage||(d.wp.receiveEmbedMessage=function(e){var t=e.data;if((t||t.secret||t.message||t.value)&&!/[^a-zA-Z0-9]/.test(t.secret)){for(var s,r,n,a=l.querySelectorAll('iframe[data-secret="'+t.secret+'"]'),o=l.querySelectorAll('blockquote[data-secret="'+t.secret+'"]'),c=new RegExp("^https?:$","i"),i=0;i<o.length;i++)o[i].style.display="none";for(i=0;i<a.length;i++)s=a[i],e.source===s.contentWindow&&(s.removeAttribute("style"),"height"===t.message?(1e3<(r=parseInt(t.value,10))?r=1e3:~~r<200&&(r=200),s.height=r):"link"===t.message&&(r=new URL(s.getAttribute("src")),n=new URL(t.value),c.test(n.protocol))&&n.host===r.host&&l.activeElement===s&&(d.top.location.href=t.value))}},d.addEventListener("message",d.wp.receiveEmbedMessage,!1),l.addEventListener("DOMContentLoaded",function(){for(var e,t,s=l.querySelectorAll("iframe.wp-embedded-content"),r=0;r<s.length;r++)(t=(e=s[r]).getAttribute("data-secret"))||(t=Math.random().toString(36).substring(2,12),e.src+="#?secret="+t,e.setAttribute("data-secret",t)),e.contentWindow.postMessage({message:"ready",secret:t},"*")},!1)))}(window,document);
/* ]]> */
</script>

Laissé sans perspective depuis l&rsquo;arrêt d&rsquo;Aqua Blue Sport, Conor Dunne aurait trouvé refuge chez Israel Cycling Academy selon la télévision irlandaise RTÉ. « Nous avons besoin de coureurs intelligents et suffisamment forts pour supporter nos sprinteurs et grimpeurs. C&rsquo;est exactement pour ça que nous ne pouvions manquer Conor, expliquait Kjell Carlström, le manageur de l&rsquo;équipe israélienne. Il &hellip;
