{"version":"1.0","provider_name":"V\u00e9loPro.fr","provider_url":"https:\/\/cyclingpro.net\/velopro","author_name":"Alexandre Mignot","author_url":"https:\/\/cyclingpro.net\/velopro\/author\/amignot\/","title":"Bart De Clercq et Kenny Dehaes vont raccrocher - V\u00e9loPro.fr","type":"rich","width":600,"height":338,"html":"<blockquote class=\"wp-embedded-content\" data-secret=\"cSpRzt5GMV\"><a href=\"https:\/\/cyclingpro.net\/velopro\/mercato\/bart-de-clercq-et-kenny-dehaes-vont-raccrocher\/\">Bart De Clercq et Kenny Dehaes vont raccrocher<\/a><\/blockquote><iframe sandbox=\"allow-scripts\" security=\"restricted\" src=\"https:\/\/cyclingpro.net\/velopro\/mercato\/bart-de-clercq-et-kenny-dehaes-vont-raccrocher\/embed\/#?secret=cSpRzt5GMV\" width=\"600\" height=\"338\" title=\"\u00ab\u00a0Bart De Clercq et Kenny Dehaes vont raccrocher\u00a0\u00bb &#8212; V\u00e9loPro.fr\" data-secret=\"cSpRzt5GMV\" frameborder=\"0\" marginwidth=\"0\" marginheight=\"0\" scrolling=\"no\" class=\"wp-embedded-content\"><\/iframe><script type=\"text\/javascript\">\n\/* <![CDATA[ *\/\n\/*! This file is auto-generated *\/\n!function(d,l){\"use strict\";l.querySelector&&d.addEventListener&&\"undefined\"!=typeof URL&&(d.wp=d.wp||{},d.wp.receiveEmbedMessage||(d.wp.receiveEmbedMessage=function(e){var t=e.data;if((t||t.secret||t.message||t.value)&&!\/[^a-zA-Z0-9]\/.test(t.secret)){for(var s,r,n,a=l.querySelectorAll('iframe[data-secret=\"'+t.secret+'\"]'),o=l.querySelectorAll('blockquote[data-secret=\"'+t.secret+'\"]'),c=new RegExp(\"^https?:$\",\"i\"),i=0;i<o.length;i++)o[i].style.display=\"none\";for(i=0;i<a.length;i++)s=a[i],e.source===s.contentWindow&&(s.removeAttribute(\"style\"),\"height\"===t.message?(1e3<(r=parseInt(t.value,10))?r=1e3:~~r<200&&(r=200),s.height=r):\"link\"===t.message&&(r=new URL(s.getAttribute(\"src\")),n=new URL(t.value),c.test(n.protocol))&&n.host===r.host&&l.activeElement===s&&(d.top.location.href=t.value))}},d.addEventListener(\"message\",d.wp.receiveEmbedMessage,!1),l.addEventListener(\"DOMContentLoaded\",function(){for(var e,t,s=l.querySelectorAll(\"iframe.wp-embedded-content\"),r=0;r<s.length;r++)(t=(e=s[r]).getAttribute(\"data-secret\"))||(t=Math.random().toString(36).substring(2,12),e.src+=\"#?secret=\"+t,e.setAttribute(\"data-secret\",t)),e.contentWindow.postMessage({message:\"ready\",secret:t},\"*\")},!1)))}(window,document);\n\/* ]]> *\/\n<\/script>\n","thumbnail_url":"https:\/\/cyclingpro.net\/velopro\/wp-content\/uploads\/2019\/09\/De-Clercq.jpg","thumbnail_width":3186,"thumbnail_height":1671,"description":"\u00c0 l&rsquo;instar de leur compatriote Maxime Monfort, Bart De Clercq et Kenny Dehaes ont pris la d\u00e9cision de mettre un terme \u00e0 leur carri\u00e8re professionnelle \u00e0 la fin de la saison 2019 comme le r\u00e9v\u00e8le le Het Nieuwsblad ce samedi. \u00c2g\u00e9 de 33 ans, De Clercq est entr\u00e9 dans l&rsquo;\u00e9lite en 2011 au sein de &hellip;"}

VéloPro.fr

Bart De Clercq et Kenny Dehaes vont raccrocher - VéloPro.fr

<blockquote class="wp-embedded-content" data-secret="cSpRzt5GMV"><a href="https://cyclingpro.net/velopro/mercato/bart-de-clercq-et-kenny-dehaes-vont-raccrocher/">Bart De Clercq et Kenny Dehaes vont raccrocher</a></blockquote><iframe sandbox="allow-scripts" security="restricted" src="https://cyclingpro.net/velopro/mercato/bart-de-clercq-et-kenny-dehaes-vont-raccrocher/embed/#?secret=cSpRzt5GMV" width="600" height="338" title="« Bart De Clercq et Kenny Dehaes vont raccrocher » &#8212; VéloPro.fr" data-secret="cSpRzt5GMV" frameborder="0" marginwidth="0" marginheight="0" scrolling="no" class="wp-embedded-content"></iframe><script type="text/javascript">
/* <![CDATA[ */
/*! This file is auto-generated */
!function(d,l){"use strict";l.querySelector&&d.addEventListener&&"undefined"!=typeof URL&&(d.wp=d.wp||{},d.wp.receiveEmbedMessage||(d.wp.receiveEmbedMessage=function(e){var t=e.data;if((t||t.secret||t.message||t.value)&&!/[^a-zA-Z0-9]/.test(t.secret)){for(var s,r,n,a=l.querySelectorAll('iframe[data-secret="'+t.secret+'"]'),o=l.querySelectorAll('blockquote[data-secret="'+t.secret+'"]'),c=new RegExp("^https?:$","i"),i=0;i<o.length;i++)o[i].style.display="none";for(i=0;i<a.length;i++)s=a[i],e.source===s.contentWindow&&(s.removeAttribute("style"),"height"===t.message?(1e3<(r=parseInt(t.value,10))?r=1e3:~~r<200&&(r=200),s.height=r):"link"===t.message&&(r=new URL(s.getAttribute("src")),n=new URL(t.value),c.test(n.protocol))&&n.host===r.host&&l.activeElement===s&&(d.top.location.href=t.value))}},d.addEventListener("message",d.wp.receiveEmbedMessage,!1),l.addEventListener("DOMContentLoaded",function(){for(var e,t,s=l.querySelectorAll("iframe.wp-embedded-content"),r=0;r<s.length;r++)(t=(e=s[r]).getAttribute("data-secret"))||(t=Math.random().toString(36).substring(2,12),e.src+="#?secret="+t,e.setAttribute("data-secret",t)),e.contentWindow.postMessage({message:"ready",secret:t},"*")},!1)))}(window,document);
/* ]]> */
</script>

À l&rsquo;instar de leur compatriote Maxime Monfort, Bart De Clercq et Kenny Dehaes ont pris la décision de mettre un terme à leur carrière professionnelle à la fin de la saison 2019 comme le révèle le Het Nieuwsblad ce samedi. Âgé de 33 ans, De Clercq est entré dans l&rsquo;élite en 2011 au sein de &hellip;
