{"version":"1.0","provider_name":"V\u00e9loPro.fr","provider_url":"https:\/\/cyclingpro.net\/velopro","author_name":"Alexandre Mignot","author_url":"https:\/\/cyclingpro.net\/velopro\/author\/amignot\/","title":"Le maillot de Fabio Aru d\u00e9j\u00e0 refa\u00e7onn\u00e9 - V\u00e9loPro.fr","type":"rich","width":600,"height":338,"html":"<blockquote class=\"wp-embedded-content\" data-secret=\"EhDrEN3PTN\"><a href=\"https:\/\/cyclingpro.net\/velopro\/maillot\/maillot-de-fabio-aru-deja-refaconne\/\">Le maillot de Fabio Aru d\u00e9j\u00e0 refa\u00e7onn\u00e9<\/a><\/blockquote><iframe sandbox=\"allow-scripts\" security=\"restricted\" src=\"https:\/\/cyclingpro.net\/velopro\/maillot\/maillot-de-fabio-aru-deja-refaconne\/embed\/#?secret=EhDrEN3PTN\" width=\"600\" height=\"338\" title=\"\u00ab\u00a0Le maillot de Fabio Aru d\u00e9j\u00e0 refa\u00e7onn\u00e9\u00a0\u00bb &#8212; V\u00e9loPro.fr\" data-secret=\"EhDrEN3PTN\" frameborder=\"0\" marginwidth=\"0\" marginheight=\"0\" scrolling=\"no\" class=\"wp-embedded-content\"><\/iframe><script type=\"text\/javascript\">\n\/* <![CDATA[ *\/\n\/*! This file is auto-generated *\/\n!function(d,l){\"use strict\";l.querySelector&&d.addEventListener&&\"undefined\"!=typeof URL&&(d.wp=d.wp||{},d.wp.receiveEmbedMessage||(d.wp.receiveEmbedMessage=function(e){var t=e.data;if((t||t.secret||t.message||t.value)&&!\/[^a-zA-Z0-9]\/.test(t.secret)){for(var s,r,n,a=l.querySelectorAll('iframe[data-secret=\"'+t.secret+'\"]'),o=l.querySelectorAll('blockquote[data-secret=\"'+t.secret+'\"]'),c=new RegExp(\"^https?:$\",\"i\"),i=0;i<o.length;i++)o[i].style.display=\"none\";for(i=0;i<a.length;i++)s=a[i],e.source===s.contentWindow&&(s.removeAttribute(\"style\"),\"height\"===t.message?(1e3<(r=parseInt(t.value,10))?r=1e3:~~r<200&&(r=200),s.height=r):\"link\"===t.message&&(r=new URL(s.getAttribute(\"src\")),n=new URL(t.value),c.test(n.protocol))&&n.host===r.host&&l.activeElement===s&&(d.top.location.href=t.value))}},d.addEventListener(\"message\",d.wp.receiveEmbedMessage,!1),l.addEventListener(\"DOMContentLoaded\",function(){for(var e,t,s=l.querySelectorAll(\"iframe.wp-embedded-content\"),r=0;r<s.length;r++)(t=(e=s[r]).getAttribute(\"data-secret\"))||(t=Math.random().toString(36).substring(2,12),e.src+=\"#?secret=\"+t,e.setAttribute(\"data-secret\",t)),e.contentWindow.postMessage({message:\"ready\",secret:t},\"*\")},!1)))}(window,document);\n\/* ]]> *\/\n<\/script>\n","thumbnail_url":"https:\/\/cyclingpro.net\/velopro\/wp-content\/uploads\/2018\/01\/fabioaru-littlepic-jersey-1050x525-1.jpg","thumbnail_width":1050,"thumbnail_height":525,"description":"La gronde aura donc \u00e9t\u00e9 entendue. Imm\u00e9diatement apr\u00e8s l&rsquo;annonce du maillot de champion d&rsquo;Italie de Fabio Aru pour la saison 2018, le 1er janvier, les tifosi et fans en tous genre avaient fait naitre une pol\u00e9mique, un toll\u00e9, en raison de la place marginale octroy\u00e9e au drapeau vert-blanc-rouge transalpin sur la tunique UAE Team Emirates. &hellip;"}

VéloPro.fr

Le maillot de Fabio Aru déjà refaçonné - VéloPro.fr

<blockquote class="wp-embedded-content" data-secret="EhDrEN3PTN"><a href="https://cyclingpro.net/velopro/maillot/maillot-de-fabio-aru-deja-refaconne/">Le maillot de Fabio Aru déjà refaçonné</a></blockquote><iframe sandbox="allow-scripts" security="restricted" src="https://cyclingpro.net/velopro/maillot/maillot-de-fabio-aru-deja-refaconne/embed/#?secret=EhDrEN3PTN" width="600" height="338" title="« Le maillot de Fabio Aru déjà refaçonné » &#8212; VéloPro.fr" data-secret="EhDrEN3PTN" frameborder="0" marginwidth="0" marginheight="0" scrolling="no" class="wp-embedded-content"></iframe><script type="text/javascript">
/* <![CDATA[ */
/*! This file is auto-generated */
!function(d,l){"use strict";l.querySelector&&d.addEventListener&&"undefined"!=typeof URL&&(d.wp=d.wp||{},d.wp.receiveEmbedMessage||(d.wp.receiveEmbedMessage=function(e){var t=e.data;if((t||t.secret||t.message||t.value)&&!/[^a-zA-Z0-9]/.test(t.secret)){for(var s,r,n,a=l.querySelectorAll('iframe[data-secret="'+t.secret+'"]'),o=l.querySelectorAll('blockquote[data-secret="'+t.secret+'"]'),c=new RegExp("^https?:$","i"),i=0;i<o.length;i++)o[i].style.display="none";for(i=0;i<a.length;i++)s=a[i],e.source===s.contentWindow&&(s.removeAttribute("style"),"height"===t.message?(1e3<(r=parseInt(t.value,10))?r=1e3:~~r<200&&(r=200),s.height=r):"link"===t.message&&(r=new URL(s.getAttribute("src")),n=new URL(t.value),c.test(n.protocol))&&n.host===r.host&&l.activeElement===s&&(d.top.location.href=t.value))}},d.addEventListener("message",d.wp.receiveEmbedMessage,!1),l.addEventListener("DOMContentLoaded",function(){for(var e,t,s=l.querySelectorAll("iframe.wp-embedded-content"),r=0;r<s.length;r++)(t=(e=s[r]).getAttribute("data-secret"))||(t=Math.random().toString(36).substring(2,12),e.src+="#?secret="+t,e.setAttribute("data-secret",t)),e.contentWindow.postMessage({message:"ready",secret:t},"*")},!1)))}(window,document);
/* ]]> */
</script>

La gronde aura donc été entendue. Immédiatement après l&rsquo;annonce du maillot de champion d&rsquo;Italie de Fabio Aru pour la saison 2018, le 1er janvier, les tifosi et fans en tous genre avaient fait naitre une polémique, un tollé, en raison de la place marginale octroyée au drapeau vert-blanc-rouge transalpin sur la tunique UAE Team Emirates. &hellip;
