{"version":"1.0","provider_name":"V\u00e9loPro.fr","provider_url":"https:\/\/cyclingpro.net\/velopro","author_name":"Antoine Plouvin","author_url":"https:\/\/cyclingpro.net\/velopro\/author\/aplouvin\/","title":"Fabio Aru va changer de maillot - V\u00e9loPro.fr","type":"rich","width":600,"height":338,"html":"<blockquote class=\"wp-embedded-content\" data-secret=\"UKHAeaecgi\"><a href=\"https:\/\/cyclingpro.net\/velopro\/maillot\/fabio-aru-va-changer-de-maillot\/\">Fabio Aru va changer de maillot<\/a><\/blockquote><iframe sandbox=\"allow-scripts\" security=\"restricted\" src=\"https:\/\/cyclingpro.net\/velopro\/maillot\/fabio-aru-va-changer-de-maillot\/embed\/#?secret=UKHAeaecgi\" width=\"600\" height=\"338\" title=\"\u00ab\u00a0Fabio Aru va changer de maillot\u00a0\u00bb &#8212; V\u00e9loPro.fr\" data-secret=\"UKHAeaecgi\" frameborder=\"0\" marginwidth=\"0\" marginheight=\"0\" scrolling=\"no\" class=\"wp-embedded-content\"><\/iframe><script type=\"text\/javascript\">\n\/* <![CDATA[ *\/\n\/*! This file is auto-generated *\/\n!function(d,l){\"use strict\";l.querySelector&&d.addEventListener&&\"undefined\"!=typeof URL&&(d.wp=d.wp||{},d.wp.receiveEmbedMessage||(d.wp.receiveEmbedMessage=function(e){var t=e.data;if((t||t.secret||t.message||t.value)&&!\/[^a-zA-Z0-9]\/.test(t.secret)){for(var s,r,n,a=l.querySelectorAll('iframe[data-secret=\"'+t.secret+'\"]'),o=l.querySelectorAll('blockquote[data-secret=\"'+t.secret+'\"]'),c=new RegExp(\"^https?:$\",\"i\"),i=0;i<o.length;i++)o[i].style.display=\"none\";for(i=0;i<a.length;i++)s=a[i],e.source===s.contentWindow&&(s.removeAttribute(\"style\"),\"height\"===t.message?(1e3<(r=parseInt(t.value,10))?r=1e3:~~r<200&&(r=200),s.height=r):\"link\"===t.message&&(r=new URL(s.getAttribute(\"src\")),n=new URL(t.value),c.test(n.protocol))&&n.host===r.host&&l.activeElement===s&&(d.top.location.href=t.value))}},d.addEventListener(\"message\",d.wp.receiveEmbedMessage,!1),l.addEventListener(\"DOMContentLoaded\",function(){for(var e,t,s=l.querySelectorAll(\"iframe.wp-embedded-content\"),r=0;r<s.length;r++)(t=(e=s[r]).getAttribute(\"data-secret\"))||(t=Math.random().toString(36).substring(2,12),e.src+=\"#?secret=\"+t,e.setAttribute(\"data-secret\",t)),e.contentWindow.postMessage({message:\"ready\",secret:t},\"*\")},!1)))}(window,document);\n\/* ]]> *\/\n<\/script>\n","thumbnail_url":"https:\/\/cyclingpro.net\/velopro\/wp-content\/uploads\/2018\/01\/MagliaFabio-Aru.jpg","thumbnail_width":795,"thumbnail_height":399,"description":"La pol\u00e9mique a enfl\u00e9 hier en Italie au sujet du maillot de Champion d&rsquo;Italie de Fabio Aru (lire ici). Alors Giuseppe Saronni, le manager d&rsquo;UAE Team Emirates, a tenu \u00e0 calmer les choses. A la Gazzetta dello Sport il a d\u00e9clar\u00e9 que le maillot d\u00e9voil\u00e9 hier n&rsquo;\u00e9tait qu&rsquo;une \u00e9bauche et que la version d\u00e9finitive offrira &hellip;"}

VéloPro.fr

Fabio Aru va changer de maillot - VéloPro.fr

<blockquote class="wp-embedded-content" data-secret="UKHAeaecgi"><a href="https://cyclingpro.net/velopro/maillot/fabio-aru-va-changer-de-maillot/">Fabio Aru va changer de maillot</a></blockquote><iframe sandbox="allow-scripts" security="restricted" src="https://cyclingpro.net/velopro/maillot/fabio-aru-va-changer-de-maillot/embed/#?secret=UKHAeaecgi" width="600" height="338" title="« Fabio Aru va changer de maillot » &#8212; VéloPro.fr" data-secret="UKHAeaecgi" frameborder="0" marginwidth="0" marginheight="0" scrolling="no" class="wp-embedded-content"></iframe><script type="text/javascript">
/* <![CDATA[ */
/*! This file is auto-generated */
!function(d,l){"use strict";l.querySelector&&d.addEventListener&&"undefined"!=typeof URL&&(d.wp=d.wp||{},d.wp.receiveEmbedMessage||(d.wp.receiveEmbedMessage=function(e){var t=e.data;if((t||t.secret||t.message||t.value)&&!/[^a-zA-Z0-9]/.test(t.secret)){for(var s,r,n,a=l.querySelectorAll('iframe[data-secret="'+t.secret+'"]'),o=l.querySelectorAll('blockquote[data-secret="'+t.secret+'"]'),c=new RegExp("^https?:$","i"),i=0;i<o.length;i++)o[i].style.display="none";for(i=0;i<a.length;i++)s=a[i],e.source===s.contentWindow&&(s.removeAttribute("style"),"height"===t.message?(1e3<(r=parseInt(t.value,10))?r=1e3:~~r<200&&(r=200),s.height=r):"link"===t.message&&(r=new URL(s.getAttribute("src")),n=new URL(t.value),c.test(n.protocol))&&n.host===r.host&&l.activeElement===s&&(d.top.location.href=t.value))}},d.addEventListener("message",d.wp.receiveEmbedMessage,!1),l.addEventListener("DOMContentLoaded",function(){for(var e,t,s=l.querySelectorAll("iframe.wp-embedded-content"),r=0;r<s.length;r++)(t=(e=s[r]).getAttribute("data-secret"))||(t=Math.random().toString(36).substring(2,12),e.src+="#?secret="+t,e.setAttribute("data-secret",t)),e.contentWindow.postMessage({message:"ready",secret:t},"*")},!1)))}(window,document);
/* ]]> */
</script>

La polémique a enflé hier en Italie au sujet du maillot de Champion d&rsquo;Italie de Fabio Aru (lire ici). Alors Giuseppe Saronni, le manager d&rsquo;UAE Team Emirates, a tenu à calmer les choses. A la Gazzetta dello Sport il a déclaré que le maillot dévoilé hier n&rsquo;était qu&rsquo;une ébauche et que la version définitive offrira &hellip;
