{"version":"1.0","provider_name":"V\u00e9loPro.fr","provider_url":"https:\/\/cyclingpro.net\/velopro","author_name":"Antoine Plouvin","author_url":"https:\/\/cyclingpro.net\/velopro\/author\/aplouvin\/","title":"Simone Petilli est sorti de l'h\u00f4pital - V\u00e9loPro.fr","type":"rich","width":600,"height":338,"html":"<blockquote class=\"wp-embedded-content\" data-secret=\"IgVrtyVDQb\"><a href=\"https:\/\/cyclingpro.net\/velopro\/infirmerie\/simone-petilli-sorti-de-lhopital\/\">Simone Petilli est sorti de l&rsquo;h\u00f4pital<\/a><\/blockquote><iframe sandbox=\"allow-scripts\" security=\"restricted\" src=\"https:\/\/cyclingpro.net\/velopro\/infirmerie\/simone-petilli-sorti-de-lhopital\/embed\/#?secret=IgVrtyVDQb\" width=\"600\" height=\"338\" title=\"\u00ab\u00a0Simone Petilli est sorti de l&rsquo;h\u00f4pital\u00a0\u00bb &#8212; V\u00e9loPro.fr\" data-secret=\"IgVrtyVDQb\" frameborder=\"0\" marginwidth=\"0\" marginheight=\"0\" scrolling=\"no\" class=\"wp-embedded-content\"><\/iframe><script type=\"text\/javascript\">\n\/* <![CDATA[ *\/\n\/*! This file is auto-generated *\/\n!function(d,l){\"use strict\";l.querySelector&&d.addEventListener&&\"undefined\"!=typeof URL&&(d.wp=d.wp||{},d.wp.receiveEmbedMessage||(d.wp.receiveEmbedMessage=function(e){var t=e.data;if((t||t.secret||t.message||t.value)&&!\/[^a-zA-Z0-9]\/.test(t.secret)){for(var s,r,n,a=l.querySelectorAll('iframe[data-secret=\"'+t.secret+'\"]'),o=l.querySelectorAll('blockquote[data-secret=\"'+t.secret+'\"]'),c=new RegExp(\"^https?:$\",\"i\"),i=0;i<o.length;i++)o[i].style.display=\"none\";for(i=0;i<a.length;i++)s=a[i],e.source===s.contentWindow&&(s.removeAttribute(\"style\"),\"height\"===t.message?(1e3<(r=parseInt(t.value,10))?r=1e3:~~r<200&&(r=200),s.height=r):\"link\"===t.message&&(r=new URL(s.getAttribute(\"src\")),n=new URL(t.value),c.test(n.protocol))&&n.host===r.host&&l.activeElement===s&&(d.top.location.href=t.value))}},d.addEventListener(\"message\",d.wp.receiveEmbedMessage,!1),l.addEventListener(\"DOMContentLoaded\",function(){for(var e,t,s=l.querySelectorAll(\"iframe.wp-embedded-content\"),r=0;r<s.length;r++)(t=(e=s[r]).getAttribute(\"data-secret\"))||(t=Math.random().toString(36).substring(2,12),e.src+=\"#?secret=\"+t,e.setAttribute(\"data-secret\",t)),e.contentWindow.postMessage({message:\"ready\",secret:t},\"*\")},!1)))}(window,document);\n\/* ]]> *\/\n<\/script>\n","thumbnail_url":"https:\/\/cyclingpro.net\/velopro\/wp-content\/uploads\/2017\/10\/petilli-afterhospital-illombardia2017.jpg","thumbnail_width":1050,"thumbnail_height":524,"description":"Tomb\u00e9 au m\u00eame endroit que Laurens De Plus (Quick Step) et le durement touch\u00e9 Jan Bakelants (AG2R La Mondiale), Simone Petilli (UAE Team Emirates) ressortait du ravin dans lequel il avait atterri, lui aussi avec un lourd bilan m\u00e9dical : une\u00a0fracture du\u00a0condyle\u00a0occipital (niveau haut du cou), une fracture d\u2019une vert\u00e8bre (D1), une fracture de la &hellip;"}

VéloPro.fr

Simone Petilli est sorti de l'hôpital - VéloPro.fr

<blockquote class="wp-embedded-content" data-secret="IgVrtyVDQb"><a href="https://cyclingpro.net/velopro/infirmerie/simone-petilli-sorti-de-lhopital/">Simone Petilli est sorti de l&rsquo;hôpital</a></blockquote><iframe sandbox="allow-scripts" security="restricted" src="https://cyclingpro.net/velopro/infirmerie/simone-petilli-sorti-de-lhopital/embed/#?secret=IgVrtyVDQb" width="600" height="338" title="« Simone Petilli est sorti de l&rsquo;hôpital » &#8212; VéloPro.fr" data-secret="IgVrtyVDQb" frameborder="0" marginwidth="0" marginheight="0" scrolling="no" class="wp-embedded-content"></iframe><script type="text/javascript">
/* <![CDATA[ */
/*! This file is auto-generated */
!function(d,l){"use strict";l.querySelector&&d.addEventListener&&"undefined"!=typeof URL&&(d.wp=d.wp||{},d.wp.receiveEmbedMessage||(d.wp.receiveEmbedMessage=function(e){var t=e.data;if((t||t.secret||t.message||t.value)&&!/[^a-zA-Z0-9]/.test(t.secret)){for(var s,r,n,a=l.querySelectorAll('iframe[data-secret="'+t.secret+'"]'),o=l.querySelectorAll('blockquote[data-secret="'+t.secret+'"]'),c=new RegExp("^https?:$","i"),i=0;i<o.length;i++)o[i].style.display="none";for(i=0;i<a.length;i++)s=a[i],e.source===s.contentWindow&&(s.removeAttribute("style"),"height"===t.message?(1e3<(r=parseInt(t.value,10))?r=1e3:~~r<200&&(r=200),s.height=r):"link"===t.message&&(r=new URL(s.getAttribute("src")),n=new URL(t.value),c.test(n.protocol))&&n.host===r.host&&l.activeElement===s&&(d.top.location.href=t.value))}},d.addEventListener("message",d.wp.receiveEmbedMessage,!1),l.addEventListener("DOMContentLoaded",function(){for(var e,t,s=l.querySelectorAll("iframe.wp-embedded-content"),r=0;r<s.length;r++)(t=(e=s[r]).getAttribute("data-secret"))||(t=Math.random().toString(36).substring(2,12),e.src+="#?secret="+t,e.setAttribute("data-secret",t)),e.contentWindow.postMessage({message:"ready",secret:t},"*")},!1)))}(window,document);
/* ]]> */
</script>

Tombé au même endroit que Laurens De Plus (Quick Step) et le durement touché Jan Bakelants (AG2R La Mondiale), Simone Petilli (UAE Team Emirates) ressortait du ravin dans lequel il avait atterri, lui aussi avec un lourd bilan médical : une fracture du condyle occipital (niveau haut du cou), une fracture d’une vertèbre (D1), une fracture de la &hellip;
