{"version":"1.0","provider_name":"V\u00e9loPro.fr","provider_url":"https:\/\/cyclingpro.net\/velopro","author_name":"J\u00e9r\u00e9my Blais","author_url":"https:\/\/cyclingpro.net\/velopro\/author\/jblais\/","title":"Encore du progr\u00e8s pour Stig Broeckx - V\u00e9loPro.fr","type":"rich","width":600,"height":338,"html":"<blockquote class=\"wp-embedded-content\" data-secret=\"04uSUTVIjo\"><a href=\"https:\/\/cyclingpro.net\/velopro\/infirmerie\/progres-stig-broeckx\/\">Encore du progr\u00e8s pour Stig Broeckx<\/a><\/blockquote><iframe sandbox=\"allow-scripts\" security=\"restricted\" src=\"https:\/\/cyclingpro.net\/velopro\/infirmerie\/progres-stig-broeckx\/embed\/#?secret=04uSUTVIjo\" width=\"600\" height=\"338\" title=\"\u00ab\u00a0Encore du progr\u00e8s pour Stig Broeckx\u00a0\u00bb &#8212; V\u00e9loPro.fr\" data-secret=\"04uSUTVIjo\" frameborder=\"0\" marginwidth=\"0\" marginheight=\"0\" scrolling=\"no\" class=\"wp-embedded-content\"><\/iframe><script type=\"text\/javascript\">\n\/* <![CDATA[ *\/\n\/*! This file is auto-generated *\/\n!function(d,l){\"use strict\";l.querySelector&&d.addEventListener&&\"undefined\"!=typeof URL&&(d.wp=d.wp||{},d.wp.receiveEmbedMessage||(d.wp.receiveEmbedMessage=function(e){var t=e.data;if((t||t.secret||t.message||t.value)&&!\/[^a-zA-Z0-9]\/.test(t.secret)){for(var s,r,n,a=l.querySelectorAll('iframe[data-secret=\"'+t.secret+'\"]'),o=l.querySelectorAll('blockquote[data-secret=\"'+t.secret+'\"]'),c=new RegExp(\"^https?:$\",\"i\"),i=0;i<o.length;i++)o[i].style.display=\"none\";for(i=0;i<a.length;i++)s=a[i],e.source===s.contentWindow&&(s.removeAttribute(\"style\"),\"height\"===t.message?(1e3<(r=parseInt(t.value,10))?r=1e3:~~r<200&&(r=200),s.height=r):\"link\"===t.message&&(r=new URL(s.getAttribute(\"src\")),n=new URL(t.value),c.test(n.protocol))&&n.host===r.host&&l.activeElement===s&&(d.top.location.href=t.value))}},d.addEventListener(\"message\",d.wp.receiveEmbedMessage,!1),l.addEventListener(\"DOMContentLoaded\",function(){for(var e,t,s=l.querySelectorAll(\"iframe.wp-embedded-content\"),r=0;r<s.length;r++)(t=(e=s[r]).getAttribute(\"data-secret\"))||(t=Math.random().toString(36).substring(2,12),e.src+=\"#?secret=\"+t,e.setAttribute(\"data-secret\",t)),e.contentWindow.postMessage({message:\"ready\",secret:t},\"*\")},!1)))}(window,document);\n\/* ]]> *\/\n<\/script>\n","thumbnail_url":"https:\/\/cyclingpro.net\/velopro\/wp-content\/uploads\/2017\/02\/20165532-316833.jpg","thumbnail_width":1050,"thumbnail_height":591,"description":"L&rsquo;\u00e9volution de l&rsquo;\u00e9tat de Stig Broeckx d\u00e9passe presque les meilleurs pr\u00e9visions. Deux mois apr\u00e8s \u00eatre sorti du coma, le Belge continue de progresser est comprend d\u00e9sormais les diff\u00e9rentes discussions. Pris dans une chute massive lors du dernier Tour de Belgique, suite \u00e0 la collision de deux motos, le coureur de Lotto Soudal avait \u00e9t\u00e9 gravement &hellip;"}

VéloPro.fr

Jérémy Blais

Encore du progrès pour Stig Broeckx - VéloPro.fr

<blockquote class="wp-embedded-content" data-secret="04uSUTVIjo"><a href="https://cyclingpro.net/velopro/infirmerie/progres-stig-broeckx/">Encore du progrès pour Stig Broeckx</a></blockquote><iframe sandbox="allow-scripts" security="restricted" src="https://cyclingpro.net/velopro/infirmerie/progres-stig-broeckx/embed/#?secret=04uSUTVIjo" width="600" height="338" title="« Encore du progrès pour Stig Broeckx » &#8212; VéloPro.fr" data-secret="04uSUTVIjo" frameborder="0" marginwidth="0" marginheight="0" scrolling="no" class="wp-embedded-content"></iframe><script type="text/javascript">
/* <![CDATA[ */
/*! This file is auto-generated */
!function(d,l){"use strict";l.querySelector&&d.addEventListener&&"undefined"!=typeof URL&&(d.wp=d.wp||{},d.wp.receiveEmbedMessage||(d.wp.receiveEmbedMessage=function(e){var t=e.data;if((t||t.secret||t.message||t.value)&&!/[^a-zA-Z0-9]/.test(t.secret)){for(var s,r,n,a=l.querySelectorAll('iframe[data-secret="'+t.secret+'"]'),o=l.querySelectorAll('blockquote[data-secret="'+t.secret+'"]'),c=new RegExp("^https?:$","i"),i=0;i<o.length;i++)o[i].style.display="none";for(i=0;i<a.length;i++)s=a[i],e.source===s.contentWindow&&(s.removeAttribute("style"),"height"===t.message?(1e3<(r=parseInt(t.value,10))?r=1e3:~~r<200&&(r=200),s.height=r):"link"===t.message&&(r=new URL(s.getAttribute("src")),n=new URL(t.value),c.test(n.protocol))&&n.host===r.host&&l.activeElement===s&&(d.top.location.href=t.value))}},d.addEventListener("message",d.wp.receiveEmbedMessage,!1),l.addEventListener("DOMContentLoaded",function(){for(var e,t,s=l.querySelectorAll("iframe.wp-embedded-content"),r=0;r<s.length;r++)(t=(e=s[r]).getAttribute("data-secret"))||(t=Math.random().toString(36).substring(2,12),e.src+="#?secret="+t,e.setAttribute("data-secret",t)),e.contentWindow.postMessage({message:"ready",secret:t},"*")},!1)))}(window,document);
/* ]]> */
</script>

L&rsquo;évolution de l&rsquo;état de Stig Broeckx dépasse presque les meilleurs prévisions. Deux mois après être sorti du coma, le Belge continue de progresser est comprend désormais les différentes discussions. Pris dans une chute massive lors du dernier Tour de Belgique, suite à la collision de deux motos, le coureur de Lotto Soudal avait été gravement &hellip;
