{"version":"1.0","provider_name":"V\u00e9loPro.fr","provider_url":"https:\/\/cyclingpro.net\/velopro","author_name":"Alexandre Mignot","author_url":"https:\/\/cyclingpro.net\/velopro\/author\/amignot\/","title":"Pas de fracture pour Maxime Bouet - V\u00e9loPro.fr","type":"rich","width":600,"height":338,"html":"<blockquote class=\"wp-embedded-content\" data-secret=\"uGLtxBzVUv\"><a href=\"https:\/\/cyclingpro.net\/velopro\/infirmerie\/pas-de-fracture-pour-maxime-bouet\/\">Pas de fracture pour Maxime Bouet<\/a><\/blockquote><iframe sandbox=\"allow-scripts\" security=\"restricted\" src=\"https:\/\/cyclingpro.net\/velopro\/infirmerie\/pas-de-fracture-pour-maxime-bouet\/embed\/#?secret=uGLtxBzVUv\" width=\"600\" height=\"338\" title=\"\u00ab\u00a0Pas de fracture pour Maxime Bouet\u00a0\u00bb &#8212; V\u00e9loPro.fr\" data-secret=\"uGLtxBzVUv\" frameborder=\"0\" marginwidth=\"0\" marginheight=\"0\" scrolling=\"no\" class=\"wp-embedded-content\"><\/iframe><script type=\"text\/javascript\">\n\/* <![CDATA[ *\/\n\/*! This file is auto-generated *\/\n!function(d,l){\"use strict\";l.querySelector&&d.addEventListener&&\"undefined\"!=typeof URL&&(d.wp=d.wp||{},d.wp.receiveEmbedMessage||(d.wp.receiveEmbedMessage=function(e){var t=e.data;if((t||t.secret||t.message||t.value)&&!\/[^a-zA-Z0-9]\/.test(t.secret)){for(var s,r,n,a=l.querySelectorAll('iframe[data-secret=\"'+t.secret+'\"]'),o=l.querySelectorAll('blockquote[data-secret=\"'+t.secret+'\"]'),c=new RegExp(\"^https?:$\",\"i\"),i=0;i<o.length;i++)o[i].style.display=\"none\";for(i=0;i<a.length;i++)s=a[i],e.source===s.contentWindow&&(s.removeAttribute(\"style\"),\"height\"===t.message?(1e3<(r=parseInt(t.value,10))?r=1e3:~~r<200&&(r=200),s.height=r):\"link\"===t.message&&(r=new URL(s.getAttribute(\"src\")),n=new URL(t.value),c.test(n.protocol))&&n.host===r.host&&l.activeElement===s&&(d.top.location.href=t.value))}},d.addEventListener(\"message\",d.wp.receiveEmbedMessage,!1),l.addEventListener(\"DOMContentLoaded\",function(){for(var e,t,s=l.querySelectorAll(\"iframe.wp-embedded-content\"),r=0;r<s.length;r++)(t=(e=s[r]).getAttribute(\"data-secret\"))||(t=Math.random().toString(36).substring(2,12),e.src+=\"#?secret=\"+t,e.setAttribute(\"data-secret\",t)),e.contentWindow.postMessage({message:\"ready\",secret:t},\"*\")},!1)))}(window,document);\n\/* ]]> *\/\n<\/script>\n","thumbnail_url":"https:\/\/cyclingpro.net\/velopro\/wp-content\/uploads\/2019\/03\/maximebouet-stage1-parisnice2019.jpg","thumbnail_width":1958,"thumbnail_height":1141,"description":"Victime d&rsquo;une chute lors de la deuxi\u00e8me \u00e9tape de Paris-Nice, comme son comp\u00e8re Warren Barguil, Maxime Bouet \u00e9chappe finalement \u00e0 une fracture. On craignait une rotule cass\u00e9e pour le coureur de 32 ans, mais de des examens compl\u00e9mentaires effectu\u00e9s mercredi ont finalement \u00e9cart\u00e9 cette hypoth\u00e8se. Le diagnostic final est le suivant : des l\u00e9sions ligamentaires, &hellip;"}

VéloPro.fr

Pas de fracture pour Maxime Bouet - VéloPro.fr

<blockquote class="wp-embedded-content" data-secret="uGLtxBzVUv"><a href="https://cyclingpro.net/velopro/infirmerie/pas-de-fracture-pour-maxime-bouet/">Pas de fracture pour Maxime Bouet</a></blockquote><iframe sandbox="allow-scripts" security="restricted" src="https://cyclingpro.net/velopro/infirmerie/pas-de-fracture-pour-maxime-bouet/embed/#?secret=uGLtxBzVUv" width="600" height="338" title="« Pas de fracture pour Maxime Bouet » &#8212; VéloPro.fr" data-secret="uGLtxBzVUv" frameborder="0" marginwidth="0" marginheight="0" scrolling="no" class="wp-embedded-content"></iframe><script type="text/javascript">
/* <![CDATA[ */
/*! This file is auto-generated */
!function(d,l){"use strict";l.querySelector&&d.addEventListener&&"undefined"!=typeof URL&&(d.wp=d.wp||{},d.wp.receiveEmbedMessage||(d.wp.receiveEmbedMessage=function(e){var t=e.data;if((t||t.secret||t.message||t.value)&&!/[^a-zA-Z0-9]/.test(t.secret)){for(var s,r,n,a=l.querySelectorAll('iframe[data-secret="'+t.secret+'"]'),o=l.querySelectorAll('blockquote[data-secret="'+t.secret+'"]'),c=new RegExp("^https?:$","i"),i=0;i<o.length;i++)o[i].style.display="none";for(i=0;i<a.length;i++)s=a[i],e.source===s.contentWindow&&(s.removeAttribute("style"),"height"===t.message?(1e3<(r=parseInt(t.value,10))?r=1e3:~~r<200&&(r=200),s.height=r):"link"===t.message&&(r=new URL(s.getAttribute("src")),n=new URL(t.value),c.test(n.protocol))&&n.host===r.host&&l.activeElement===s&&(d.top.location.href=t.value))}},d.addEventListener("message",d.wp.receiveEmbedMessage,!1),l.addEventListener("DOMContentLoaded",function(){for(var e,t,s=l.querySelectorAll("iframe.wp-embedded-content"),r=0;r<s.length;r++)(t=(e=s[r]).getAttribute("data-secret"))||(t=Math.random().toString(36).substring(2,12),e.src+="#?secret="+t,e.setAttribute("data-secret",t)),e.contentWindow.postMessage({message:"ready",secret:t},"*")},!1)))}(window,document);
/* ]]> */
</script>

Victime d&rsquo;une chute lors de la deuxième étape de Paris-Nice, comme son compère Warren Barguil, Maxime Bouet échappe finalement à une fracture. On craignait une rotule cassée pour le coureur de 32 ans, mais de des examens complémentaires effectués mercredi ont finalement écarté cette hypothèse. Le diagnostic final est le suivant : des lésions ligamentaires, &hellip;
