{"version":"1.0","provider_name":"V\u00e9loPro.fr","provider_url":"https:\/\/cyclingpro.net\/velopro","author_name":"Alexandre Mignot","author_url":"https:\/\/cyclingpro.net\/velopro\/author\/amignot\/","title":"Wout Van Aert : \u00ab\u00a0\u00c7a fait partie du cyclo-cross\u00a0\u00bb - V\u00e9loPro.fr","type":"rich","width":600,"height":338,"html":"<blockquote class=\"wp-embedded-content\" data-secret=\"gcuz0uJtDT\"><a href=\"https:\/\/cyclingpro.net\/velopro\/cyclocross\/superprestige\/wout-van-aert-ca-partie-cyclo-cross\/\">Wout Van Aert : \u00ab\u00a0\u00c7a fait partie du cyclo-cross\u00a0\u00bb<\/a><\/blockquote><iframe sandbox=\"allow-scripts\" security=\"restricted\" src=\"https:\/\/cyclingpro.net\/velopro\/cyclocross\/superprestige\/wout-van-aert-ca-partie-cyclo-cross\/embed\/#?secret=gcuz0uJtDT\" width=\"600\" height=\"338\" title=\"\u00ab\u00a0Wout Van Aert : \u00ab\u00a0\u00c7a fait partie du cyclo-cross\u00a0\u00bb\u00a0\u00bb &#8212; V\u00e9loPro.fr\" data-secret=\"gcuz0uJtDT\" frameborder=\"0\" marginwidth=\"0\" marginheight=\"0\" scrolling=\"no\" class=\"wp-embedded-content\"><\/iframe><script type=\"text\/javascript\">\n\/* <![CDATA[ *\/\n\/*! This file is auto-generated *\/\n!function(d,l){\"use strict\";l.querySelector&&d.addEventListener&&\"undefined\"!=typeof URL&&(d.wp=d.wp||{},d.wp.receiveEmbedMessage||(d.wp.receiveEmbedMessage=function(e){var t=e.data;if((t||t.secret||t.message||t.value)&&!\/[^a-zA-Z0-9]\/.test(t.secret)){for(var s,r,n,a=l.querySelectorAll('iframe[data-secret=\"'+t.secret+'\"]'),o=l.querySelectorAll('blockquote[data-secret=\"'+t.secret+'\"]'),c=new RegExp(\"^https?:$\",\"i\"),i=0;i<o.length;i++)o[i].style.display=\"none\";for(i=0;i<a.length;i++)s=a[i],e.source===s.contentWindow&&(s.removeAttribute(\"style\"),\"height\"===t.message?(1e3<(r=parseInt(t.value,10))?r=1e3:~~r<200&&(r=200),s.height=r):\"link\"===t.message&&(r=new URL(s.getAttribute(\"src\")),n=new URL(t.value),c.test(n.protocol))&&n.host===r.host&&l.activeElement===s&&(d.top.location.href=t.value))}},d.addEventListener(\"message\",d.wp.receiveEmbedMessage,!1),l.addEventListener(\"DOMContentLoaded\",function(){for(var e,t,s=l.querySelectorAll(\"iframe.wp-embedded-content\"),r=0;r<s.length;r++)(t=(e=s[r]).getAttribute(\"data-secret\"))||(t=Math.random().toString(36).substring(2,12),e.src+=\"#?secret=\"+t,e.setAttribute(\"data-secret\",t)),e.contentWindow.postMessage({message:\"ready\",secret:t},\"*\")},!1)))}(window,document);\n\/* ]]> *\/\n<\/script>\n","description":"La r\u00e9ussie \u00e9tait du c\u00f4t\u00e9 de Wout Van Aert, dimanche, dans le cinqui\u00e8me round du Telenet Superprestige \u00e0 Gavere.\u00a0Le champion du monde est all\u00e9 cueillir son troisi\u00e8me succ\u00e8s de la saison, en solitaire,\u00a0apr\u00e8s un fin de course totalement renversante, qui a vu Mathieu van der Poel, alors solidement install\u00e9 en t\u00eate, \u00eatre victime d&rsquo;un probl\u00e8me &hellip;"}

VéloPro.fr

Wout Van Aert : « Ça fait partie du cyclo-cross » - VéloPro.fr

<blockquote class="wp-embedded-content" data-secret="gcuz0uJtDT"><a href="https://cyclingpro.net/velopro/cyclocross/superprestige/wout-van-aert-ca-partie-cyclo-cross/">Wout Van Aert : « Ça fait partie du cyclo-cross »</a></blockquote><iframe sandbox="allow-scripts" security="restricted" src="https://cyclingpro.net/velopro/cyclocross/superprestige/wout-van-aert-ca-partie-cyclo-cross/embed/#?secret=gcuz0uJtDT" width="600" height="338" title="« Wout Van Aert : « Ça fait partie du cyclo-cross » » &#8212; VéloPro.fr" data-secret="gcuz0uJtDT" frameborder="0" marginwidth="0" marginheight="0" scrolling="no" class="wp-embedded-content"></iframe><script type="text/javascript">
/* <![CDATA[ */
/*! This file is auto-generated */
!function(d,l){"use strict";l.querySelector&&d.addEventListener&&"undefined"!=typeof URL&&(d.wp=d.wp||{},d.wp.receiveEmbedMessage||(d.wp.receiveEmbedMessage=function(e){var t=e.data;if((t||t.secret||t.message||t.value)&&!/[^a-zA-Z0-9]/.test(t.secret)){for(var s,r,n,a=l.querySelectorAll('iframe[data-secret="'+t.secret+'"]'),o=l.querySelectorAll('blockquote[data-secret="'+t.secret+'"]'),c=new RegExp("^https?:$","i"),i=0;i<o.length;i++)o[i].style.display="none";for(i=0;i<a.length;i++)s=a[i],e.source===s.contentWindow&&(s.removeAttribute("style"),"height"===t.message?(1e3<(r=parseInt(t.value,10))?r=1e3:~~r<200&&(r=200),s.height=r):"link"===t.message&&(r=new URL(s.getAttribute("src")),n=new URL(t.value),c.test(n.protocol))&&n.host===r.host&&l.activeElement===s&&(d.top.location.href=t.value))}},d.addEventListener("message",d.wp.receiveEmbedMessage,!1),l.addEventListener("DOMContentLoaded",function(){for(var e,t,s=l.querySelectorAll("iframe.wp-embedded-content"),r=0;r<s.length;r++)(t=(e=s[r]).getAttribute("data-secret"))||(t=Math.random().toString(36).substring(2,12),e.src+="#?secret="+t,e.setAttribute("data-secret",t)),e.contentWindow.postMessage({message:"ready",secret:t},"*")},!1)))}(window,document);
/* ]]> */
</script>

La réussie était du côté de Wout Van Aert, dimanche, dans le cinquième round du Telenet Superprestige à Gavere. Le champion du monde est allé cueillir son troisième succès de la saison, en solitaire, après un fin de course totalement renversante, qui a vu Mathieu van der Poel, alors solidement installé en tête, être victime d&rsquo;un problème &hellip;
