{"version":"1.0","provider_name":"V\u00e9loPro.fr","provider_url":"https:\/\/cyclingpro.net\/velopro","author_name":"Alexandre Mignot","author_url":"https:\/\/cyclingpro.net\/velopro\/author\/amignot\/","title":"Abu Dhabi Tour : LottoNL-Jumbo avec Kruijswijk et Gesink - V\u00e9loPro.fr","type":"rich","width":600,"height":338,"html":"<blockquote class=\"wp-embedded-content\" data-secret=\"maIWrCYhiF\"><a href=\"https:\/\/cyclingpro.net\/velopro\/course\/uae-tour\/abu-dhabi-tour-lottonl-jumbo-kruijswijk-gesink\/\">Abu Dhabi Tour : LottoNL-Jumbo avec Kruijswijk et Gesink<\/a><\/blockquote><iframe sandbox=\"allow-scripts\" security=\"restricted\" src=\"https:\/\/cyclingpro.net\/velopro\/course\/uae-tour\/abu-dhabi-tour-lottonl-jumbo-kruijswijk-gesink\/embed\/#?secret=maIWrCYhiF\" width=\"600\" height=\"338\" title=\"\u00ab\u00a0Abu Dhabi Tour : LottoNL-Jumbo avec Kruijswijk et Gesink\u00a0\u00bb &#8212; V\u00e9loPro.fr\" data-secret=\"maIWrCYhiF\" frameborder=\"0\" marginwidth=\"0\" marginheight=\"0\" scrolling=\"no\" class=\"wp-embedded-content\"><\/iframe><script type=\"text\/javascript\">\n\/* <![CDATA[ *\/\n\/*! This file is auto-generated *\/\n!function(d,l){\"use strict\";l.querySelector&&d.addEventListener&&\"undefined\"!=typeof URL&&(d.wp=d.wp||{},d.wp.receiveEmbedMessage||(d.wp.receiveEmbedMessage=function(e){var t=e.data;if((t||t.secret||t.message||t.value)&&!\/[^a-zA-Z0-9]\/.test(t.secret)){for(var s,r,n,a=l.querySelectorAll('iframe[data-secret=\"'+t.secret+'\"]'),o=l.querySelectorAll('blockquote[data-secret=\"'+t.secret+'\"]'),c=new RegExp(\"^https?:$\",\"i\"),i=0;i<o.length;i++)o[i].style.display=\"none\";for(i=0;i<a.length;i++)s=a[i],e.source===s.contentWindow&&(s.removeAttribute(\"style\"),\"height\"===t.message?(1e3<(r=parseInt(t.value,10))?r=1e3:~~r<200&&(r=200),s.height=r):\"link\"===t.message&&(r=new URL(s.getAttribute(\"src\")),n=new URL(t.value),c.test(n.protocol))&&n.host===r.host&&l.activeElement===s&&(d.top.location.href=t.value))}},d.addEventListener(\"message\",d.wp.receiveEmbedMessage,!1),l.addEventListener(\"DOMContentLoaded\",function(){for(var e,t,s=l.querySelectorAll(\"iframe.wp-embedded-content\"),r=0;r<s.length;r++)(t=(e=s[r]).getAttribute(\"data-secret\"))||(t=Math.random().toString(36).substring(2,12),e.src+=\"#?secret=\"+t,e.setAttribute(\"data-secret\",t)),e.contentWindow.postMessage({message:\"ready\",secret:t},\"*\")},!1)))}(window,document);\n\/* ]]> *\/\n<\/script>\n","thumbnail_url":"https:\/\/cyclingpro.net\/velopro\/wp-content\/uploads\/2017\/02\/Gesink.jpg","thumbnail_width":1050,"thumbnail_height":543,"description":"Steven Kruisjwijk et Robert Gesink ont d\u00e9but\u00e9 l&rsquo;ann\u00e9e 2017 de la m\u00eame mani\u00e8re.\u00a0Les deux N\u00e9erlandais ont pris la huiti\u00e8me place du classement g\u00e9n\u00e9ral de leur premi\u00e8re course par \u00e9tapes de la saison. \u00c0 Valence pour Kruijswijk, au Tour Down Under pour Gesink. Ils se retrouveront en tous les cas associ\u00e9s cette semaine \u00e0 l&rsquo;occasion du &hellip;"}

VéloPro.fr

Abu Dhabi Tour : LottoNL-Jumbo avec Kruijswijk et Gesink - VéloPro.fr

<blockquote class="wp-embedded-content" data-secret="maIWrCYhiF"><a href="https://cyclingpro.net/velopro/course/uae-tour/abu-dhabi-tour-lottonl-jumbo-kruijswijk-gesink/">Abu Dhabi Tour : LottoNL-Jumbo avec Kruijswijk et Gesink</a></blockquote><iframe sandbox="allow-scripts" security="restricted" src="https://cyclingpro.net/velopro/course/uae-tour/abu-dhabi-tour-lottonl-jumbo-kruijswijk-gesink/embed/#?secret=maIWrCYhiF" width="600" height="338" title="« Abu Dhabi Tour : LottoNL-Jumbo avec Kruijswijk et Gesink » &#8212; VéloPro.fr" data-secret="maIWrCYhiF" frameborder="0" marginwidth="0" marginheight="0" scrolling="no" class="wp-embedded-content"></iframe><script type="text/javascript">
/* <![CDATA[ */
/*! This file is auto-generated */
!function(d,l){"use strict";l.querySelector&&d.addEventListener&&"undefined"!=typeof URL&&(d.wp=d.wp||{},d.wp.receiveEmbedMessage||(d.wp.receiveEmbedMessage=function(e){var t=e.data;if((t||t.secret||t.message||t.value)&&!/[^a-zA-Z0-9]/.test(t.secret)){for(var s,r,n,a=l.querySelectorAll('iframe[data-secret="'+t.secret+'"]'),o=l.querySelectorAll('blockquote[data-secret="'+t.secret+'"]'),c=new RegExp("^https?:$","i"),i=0;i<o.length;i++)o[i].style.display="none";for(i=0;i<a.length;i++)s=a[i],e.source===s.contentWindow&&(s.removeAttribute("style"),"height"===t.message?(1e3<(r=parseInt(t.value,10))?r=1e3:~~r<200&&(r=200),s.height=r):"link"===t.message&&(r=new URL(s.getAttribute("src")),n=new URL(t.value),c.test(n.protocol))&&n.host===r.host&&l.activeElement===s&&(d.top.location.href=t.value))}},d.addEventListener("message",d.wp.receiveEmbedMessage,!1),l.addEventListener("DOMContentLoaded",function(){for(var e,t,s=l.querySelectorAll("iframe.wp-embedded-content"),r=0;r<s.length;r++)(t=(e=s[r]).getAttribute("data-secret"))||(t=Math.random().toString(36).substring(2,12),e.src+="#?secret="+t,e.setAttribute("data-secret",t)),e.contentWindow.postMessage({message:"ready",secret:t},"*")},!1)))}(window,document);
/* ]]> */
</script>

Steven Kruisjwijk et Robert Gesink ont débuté l&rsquo;année 2017 de la même manière. Les deux Néerlandais ont pris la huitième place du classement général de leur première course par étapes de la saison. À Valence pour Kruijswijk, au Tour Down Under pour Gesink. Ils se retrouveront en tous les cas associés cette semaine à l&rsquo;occasion du &hellip;
