{"version":"1.0","provider_name":"V\u00e9loPro.fr","provider_url":"https:\/\/cyclingpro.net\/velopro","author_name":"Alexandre Mignot","author_url":"https:\/\/cyclingpro.net\/velopro\/author\/amignot\/","title":"Laurent Pichon : \u00ab\u00a0J\u2019esp\u00e9rais mieux\u00a0\u00bb - V\u00e9loPro.fr","type":"rich","width":600,"height":338,"html":"<blockquote class=\"wp-embedded-content\" data-secret=\"jIB2PrEiix\"><a href=\"https:\/\/cyclingpro.net\/velopro\/course\/tro-bro-leon\/laurent-pichon-jesperais-mieux\/\">Laurent Pichon : \u00ab\u00a0J\u2019esp\u00e9rais mieux\u00a0\u00bb<\/a><\/blockquote><iframe sandbox=\"allow-scripts\" security=\"restricted\" src=\"https:\/\/cyclingpro.net\/velopro\/course\/tro-bro-leon\/laurent-pichon-jesperais-mieux\/embed\/#?secret=jIB2PrEiix\" width=\"600\" height=\"338\" title=\"\u00ab\u00a0Laurent Pichon : \u00ab\u00a0J\u2019esp\u00e9rais mieux\u00a0\u00bb\u00a0\u00bb &#8212; V\u00e9loPro.fr\" data-secret=\"jIB2PrEiix\" frameborder=\"0\" marginwidth=\"0\" marginheight=\"0\" scrolling=\"no\" class=\"wp-embedded-content\"><\/iframe><script type=\"text\/javascript\">\n\/* <![CDATA[ *\/\n\/*! This file is auto-generated *\/\n!function(d,l){\"use strict\";l.querySelector&&d.addEventListener&&\"undefined\"!=typeof URL&&(d.wp=d.wp||{},d.wp.receiveEmbedMessage||(d.wp.receiveEmbedMessage=function(e){var t=e.data;if((t||t.secret||t.message||t.value)&&!\/[^a-zA-Z0-9]\/.test(t.secret)){for(var s,r,n,a=l.querySelectorAll('iframe[data-secret=\"'+t.secret+'\"]'),o=l.querySelectorAll('blockquote[data-secret=\"'+t.secret+'\"]'),c=new RegExp(\"^https?:$\",\"i\"),i=0;i<o.length;i++)o[i].style.display=\"none\";for(i=0;i<a.length;i++)s=a[i],e.source===s.contentWindow&&(s.removeAttribute(\"style\"),\"height\"===t.message?(1e3<(r=parseInt(t.value,10))?r=1e3:~~r<200&&(r=200),s.height=r):\"link\"===t.message&&(r=new URL(s.getAttribute(\"src\")),n=new URL(t.value),c.test(n.protocol))&&n.host===r.host&&l.activeElement===s&&(d.top.location.href=t.value))}},d.addEventListener(\"message\",d.wp.receiveEmbedMessage,!1),l.addEventListener(\"DOMContentLoaded\",function(){for(var e,t,s=l.querySelectorAll(\"iframe.wp-embedded-content\"),r=0;r<s.length;r++)(t=(e=s[r]).getAttribute(\"data-secret\"))||(t=Math.random().toString(36).substring(2,12),e.src+=\"#?secret=\"+t,e.setAttribute(\"data-secret\",t)),e.contentWindow.postMessage({message:\"ready\",secret:t},\"*\")},!1)))}(window,document);\n\/* ]]> *\/\n<\/script>\n","thumbnail_url":"https:\/\/cyclingpro.net\/velopro\/wp-content\/uploads\/2017\/04\/Laurent-Pichon-1.jpg","thumbnail_width":"1022","thumbnail_height":"565","description":"Sur ses terres bretonnes, la formation Fortuneo-Vital Concept attend toujours un succ\u00e8s sur la plus atypique des courses de la r\u00e9gion, le Tro Bro Leon. Il faudra patienter au moins une ann\u00e9e de plus. Lundi,\u00a0son meilleur repr\u00e9sentant, Laurent Pichon, n&rsquo;a pu prendre \u00ab\u00a0que\u00a0\u00bb la quatri\u00e8me place \u00e0 Lannilis. Le leader de la Coupe de France &hellip;"}

VéloPro.fr

Laurent Pichon : « J’espérais mieux » - VéloPro.fr

<blockquote class="wp-embedded-content" data-secret="jIB2PrEiix"><a href="https://cyclingpro.net/velopro/course/tro-bro-leon/laurent-pichon-jesperais-mieux/">Laurent Pichon : « J’espérais mieux »</a></blockquote><iframe sandbox="allow-scripts" security="restricted" src="https://cyclingpro.net/velopro/course/tro-bro-leon/laurent-pichon-jesperais-mieux/embed/#?secret=jIB2PrEiix" width="600" height="338" title="« Laurent Pichon : « J’espérais mieux » » &#8212; VéloPro.fr" data-secret="jIB2PrEiix" frameborder="0" marginwidth="0" marginheight="0" scrolling="no" class="wp-embedded-content"></iframe><script type="text/javascript">
/* <![CDATA[ */
/*! This file is auto-generated */
!function(d,l){"use strict";l.querySelector&&d.addEventListener&&"undefined"!=typeof URL&&(d.wp=d.wp||{},d.wp.receiveEmbedMessage||(d.wp.receiveEmbedMessage=function(e){var t=e.data;if((t||t.secret||t.message||t.value)&&!/[^a-zA-Z0-9]/.test(t.secret)){for(var s,r,n,a=l.querySelectorAll('iframe[data-secret="'+t.secret+'"]'),o=l.querySelectorAll('blockquote[data-secret="'+t.secret+'"]'),c=new RegExp("^https?:$","i"),i=0;i<o.length;i++)o[i].style.display="none";for(i=0;i<a.length;i++)s=a[i],e.source===s.contentWindow&&(s.removeAttribute("style"),"height"===t.message?(1e3<(r=parseInt(t.value,10))?r=1e3:~~r<200&&(r=200),s.height=r):"link"===t.message&&(r=new URL(s.getAttribute("src")),n=new URL(t.value),c.test(n.protocol))&&n.host===r.host&&l.activeElement===s&&(d.top.location.href=t.value))}},d.addEventListener("message",d.wp.receiveEmbedMessage,!1),l.addEventListener("DOMContentLoaded",function(){for(var e,t,s=l.querySelectorAll("iframe.wp-embedded-content"),r=0;r<s.length;r++)(t=(e=s[r]).getAttribute("data-secret"))||(t=Math.random().toString(36).substring(2,12),e.src+="#?secret="+t,e.setAttribute("data-secret",t)),e.contentWindow.postMessage({message:"ready",secret:t},"*")},!1)))}(window,document);
/* ]]> */
</script>

Sur ses terres bretonnes, la formation Fortuneo-Vital Concept attend toujours un succès sur la plus atypique des courses de la région, le Tro Bro Leon. Il faudra patienter au moins une année de plus. Lundi, son meilleur représentant, Laurent Pichon, n&rsquo;a pu prendre « que » la quatrième place à Lannilis. Le leader de la Coupe de France &hellip;
