{"version":"1.0","provider_name":"V\u00e9loPro.fr","provider_url":"https:\/\/cyclingpro.net\/velopro","author_name":"Alexandre Mignot","author_url":"https:\/\/cyclingpro.net\/velopro\/author\/amignot\/","title":"Damien Gaudin : \u00ab\u00a0J'avais encore des choses \u00e0 prouver\u00a0\u00bb - V\u00e9loPro.fr","type":"rich","width":600,"height":338,"html":"<blockquote class=\"wp-embedded-content\" data-secret=\"0evNsZ00DE\"><a href=\"https:\/\/cyclingpro.net\/velopro\/course\/tro-bro-leon\/damien-gaudin-javais-choses-a-prouver\/\">Damien Gaudin : \u00ab\u00a0J&rsquo;avais encore des choses \u00e0 prouver\u00a0\u00bb<\/a><\/blockquote><iframe sandbox=\"allow-scripts\" security=\"restricted\" src=\"https:\/\/cyclingpro.net\/velopro\/course\/tro-bro-leon\/damien-gaudin-javais-choses-a-prouver\/embed\/#?secret=0evNsZ00DE\" width=\"600\" height=\"338\" title=\"\u00ab\u00a0Damien Gaudin : \u00ab\u00a0J&rsquo;avais encore des choses \u00e0 prouver\u00a0\u00bb\u00a0\u00bb &#8212; V\u00e9loPro.fr\" data-secret=\"0evNsZ00DE\" frameborder=\"0\" marginwidth=\"0\" marginheight=\"0\" scrolling=\"no\" class=\"wp-embedded-content\"><\/iframe><script type=\"text\/javascript\">\n\/* <![CDATA[ *\/\n\/*! This file is auto-generated *\/\n!function(d,l){\"use strict\";l.querySelector&&d.addEventListener&&\"undefined\"!=typeof URL&&(d.wp=d.wp||{},d.wp.receiveEmbedMessage||(d.wp.receiveEmbedMessage=function(e){var t=e.data;if((t||t.secret||t.message||t.value)&&!\/[^a-zA-Z0-9]\/.test(t.secret)){for(var s,r,n,a=l.querySelectorAll('iframe[data-secret=\"'+t.secret+'\"]'),o=l.querySelectorAll('blockquote[data-secret=\"'+t.secret+'\"]'),c=new RegExp(\"^https?:$\",\"i\"),i=0;i<o.length;i++)o[i].style.display=\"none\";for(i=0;i<a.length;i++)s=a[i],e.source===s.contentWindow&&(s.removeAttribute(\"style\"),\"height\"===t.message?(1e3<(r=parseInt(t.value,10))?r=1e3:~~r<200&&(r=200),s.height=r):\"link\"===t.message&&(r=new URL(s.getAttribute(\"src\")),n=new URL(t.value),c.test(n.protocol))&&n.host===r.host&&l.activeElement===s&&(d.top.location.href=t.value))}},d.addEventListener(\"message\",d.wp.receiveEmbedMessage,!1),l.addEventListener(\"DOMContentLoaded\",function(){for(var e,t,s=l.querySelectorAll(\"iframe.wp-embedded-content\"),r=0;r<s.length;r++)(t=(e=s[r]).getAttribute(\"data-secret\"))||(t=Math.random().toString(36).substring(2,12),e.src+=\"#?secret=\"+t,e.setAttribute(\"data-secret\",t)),e.contentWindow.postMessage({message:\"ready\",secret:t},\"*\")},!1)))}(window,document);\n\/* ]]> *\/\n<\/script>\n","thumbnail_url":"https:\/\/cyclingpro.net\/velopro\/wp-content\/uploads\/2017\/04\/Damien-Gaudin.jpg","thumbnail_width":1050,"thumbnail_height":504,"description":"Le Damien Gaudin surpuissant, capable de remporter un prologue de Paris-Nice et de terminer cinqui\u00e8me de Paris-Roubaix,\u00a0n&rsquo;a pas disparu. L&rsquo;ancien coureur d&rsquo;Europcar et d&rsquo;AG2R-La Mondiale en a fait la plus d\u00e9monstration la plus concr\u00e8te et claire qui soit\u00a0ce lundi \u00e0 l&rsquo;occasion du Tro Bro Leon. Et ce n&rsquo;est pas un hasard si le d\u00e9sormais soci\u00e9taire &hellip;"}

VéloPro.fr

Damien Gaudin : « J'avais encore des choses à prouver » - VéloPro.fr

<blockquote class="wp-embedded-content" data-secret="0evNsZ00DE"><a href="https://cyclingpro.net/velopro/course/tro-bro-leon/damien-gaudin-javais-choses-a-prouver/">Damien Gaudin : « J&rsquo;avais encore des choses à prouver »</a></blockquote><iframe sandbox="allow-scripts" security="restricted" src="https://cyclingpro.net/velopro/course/tro-bro-leon/damien-gaudin-javais-choses-a-prouver/embed/#?secret=0evNsZ00DE" width="600" height="338" title="« Damien Gaudin : « J&rsquo;avais encore des choses à prouver » » &#8212; VéloPro.fr" data-secret="0evNsZ00DE" frameborder="0" marginwidth="0" marginheight="0" scrolling="no" class="wp-embedded-content"></iframe><script type="text/javascript">
/* <![CDATA[ */
/*! This file is auto-generated */
!function(d,l){"use strict";l.querySelector&&d.addEventListener&&"undefined"!=typeof URL&&(d.wp=d.wp||{},d.wp.receiveEmbedMessage||(d.wp.receiveEmbedMessage=function(e){var t=e.data;if((t||t.secret||t.message||t.value)&&!/[^a-zA-Z0-9]/.test(t.secret)){for(var s,r,n,a=l.querySelectorAll('iframe[data-secret="'+t.secret+'"]'),o=l.querySelectorAll('blockquote[data-secret="'+t.secret+'"]'),c=new RegExp("^https?:$","i"),i=0;i<o.length;i++)o[i].style.display="none";for(i=0;i<a.length;i++)s=a[i],e.source===s.contentWindow&&(s.removeAttribute("style"),"height"===t.message?(1e3<(r=parseInt(t.value,10))?r=1e3:~~r<200&&(r=200),s.height=r):"link"===t.message&&(r=new URL(s.getAttribute("src")),n=new URL(t.value),c.test(n.protocol))&&n.host===r.host&&l.activeElement===s&&(d.top.location.href=t.value))}},d.addEventListener("message",d.wp.receiveEmbedMessage,!1),l.addEventListener("DOMContentLoaded",function(){for(var e,t,s=l.querySelectorAll("iframe.wp-embedded-content"),r=0;r<s.length;r++)(t=(e=s[r]).getAttribute("data-secret"))||(t=Math.random().toString(36).substring(2,12),e.src+="#?secret="+t,e.setAttribute("data-secret",t)),e.contentWindow.postMessage({message:"ready",secret:t},"*")},!1)))}(window,document);
/* ]]> */
</script>

Le Damien Gaudin surpuissant, capable de remporter un prologue de Paris-Nice et de terminer cinquième de Paris-Roubaix, n&rsquo;a pas disparu. L&rsquo;ancien coureur d&rsquo;Europcar et d&rsquo;AG2R-La Mondiale en a fait la plus démonstration la plus concrète et claire qui soit ce lundi à l&rsquo;occasion du Tro Bro Leon. Et ce n&rsquo;est pas un hasard si le désormais sociétaire &hellip;
