{"version":"1.0","provider_name":"V\u00e9loPro.fr","provider_url":"https:\/\/cyclingpro.net\/velopro","author_name":"J\u00e9r\u00e9my Blais","author_url":"https:\/\/cyclingpro.net\/velopro\/author\/jblais\/","title":"Tour des Alpes\u00a0: La s\u00e9lection Ag2r - La Mondiale - V\u00e9loPro.fr","type":"rich","width":600,"height":338,"html":"<blockquote class=\"wp-embedded-content\" data-secret=\"vaSqAO2Eeq\"><a href=\"https:\/\/cyclingpro.net\/velopro\/course\/tour-of-the-alps\/tour-alpes-selection-ag2r-mondiale\/\">Tour des Alpes\u00a0: La s\u00e9lection Ag2r &#8211; La Mondiale<\/a><\/blockquote><iframe sandbox=\"allow-scripts\" security=\"restricted\" src=\"https:\/\/cyclingpro.net\/velopro\/course\/tour-of-the-alps\/tour-alpes-selection-ag2r-mondiale\/embed\/#?secret=vaSqAO2Eeq\" width=\"600\" height=\"338\" title=\"\u00ab\u00a0Tour des Alpes\u00a0: La s\u00e9lection Ag2r &#8211; La Mondiale\u00a0\u00bb &#8212; V\u00e9loPro.fr\" data-secret=\"vaSqAO2Eeq\" frameborder=\"0\" marginwidth=\"0\" marginheight=\"0\" scrolling=\"no\" class=\"wp-embedded-content\"><\/iframe><script type=\"text\/javascript\">\n\/* <![CDATA[ *\/\n\/*! This file is auto-generated *\/\n!function(d,l){\"use strict\";l.querySelector&&d.addEventListener&&\"undefined\"!=typeof URL&&(d.wp=d.wp||{},d.wp.receiveEmbedMessage||(d.wp.receiveEmbedMessage=function(e){var t=e.data;if((t||t.secret||t.message||t.value)&&!\/[^a-zA-Z0-9]\/.test(t.secret)){for(var s,r,n,a=l.querySelectorAll('iframe[data-secret=\"'+t.secret+'\"]'),o=l.querySelectorAll('blockquote[data-secret=\"'+t.secret+'\"]'),c=new RegExp(\"^https?:$\",\"i\"),i=0;i<o.length;i++)o[i].style.display=\"none\";for(i=0;i<a.length;i++)s=a[i],e.source===s.contentWindow&&(s.removeAttribute(\"style\"),\"height\"===t.message?(1e3<(r=parseInt(t.value,10))?r=1e3:~~r<200&&(r=200),s.height=r):\"link\"===t.message&&(r=new URL(s.getAttribute(\"src\")),n=new URL(t.value),c.test(n.protocol))&&n.host===r.host&&l.activeElement===s&&(d.top.location.href=t.value))}},d.addEventListener(\"message\",d.wp.receiveEmbedMessage,!1),l.addEventListener(\"DOMContentLoaded\",function(){for(var e,t,s=l.querySelectorAll(\"iframe.wp-embedded-content\"),r=0;r<s.length;r++)(t=(e=s[r]).getAttribute(\"data-secret\"))||(t=Math.random().toString(36).substring(2,12),e.src+=\"#?secret=\"+t,e.setAttribute(\"data-secret\",t)),e.contentWindow.postMessage({message:\"ready\",secret:t},\"*\")},!1)))}(window,document);\n\/* ]]> *\/\n<\/script>\n","thumbnail_url":"https:\/\/cyclingpro.net\/velopro\/wp-content\/uploads\/2017\/03\/20175886-350933.jpg","thumbnail_width":1050,"thumbnail_height":591,"description":"La formation Ag2r \u2013 La Mondiale participera comme \u00e0 son habitude au Tour des Alpes, anciennement le Tour du Trentin, la semaine prochaine. Elle alignera plusieurs grimpeurs avec entre autres Domenico Pozzovivo, le leader, Alexandre Geniez mais aussi Hubert Dupont, habitu\u00e9 des \u00e9preuves italiennes et septi\u00e8me de l&rsquo;\u00e9preuve en 2012. \u00ab\u00a0M\u00eame si l\u2019\u00e9preuve a chang\u00e9 &hellip;"}

VéloPro.fr

Jérémy Blais

Tour des Alpes : La sélection Ag2r - La Mondiale - VéloPro.fr

<blockquote class="wp-embedded-content" data-secret="vaSqAO2Eeq"><a href="https://cyclingpro.net/velopro/course/tour-of-the-alps/tour-alpes-selection-ag2r-mondiale/">Tour des Alpes : La sélection Ag2r &#8211; La Mondiale</a></blockquote><iframe sandbox="allow-scripts" security="restricted" src="https://cyclingpro.net/velopro/course/tour-of-the-alps/tour-alpes-selection-ag2r-mondiale/embed/#?secret=vaSqAO2Eeq" width="600" height="338" title="« Tour des Alpes : La sélection Ag2r &#8211; La Mondiale » &#8212; VéloPro.fr" data-secret="vaSqAO2Eeq" frameborder="0" marginwidth="0" marginheight="0" scrolling="no" class="wp-embedded-content"></iframe><script type="text/javascript">
/* <![CDATA[ */
/*! This file is auto-generated */
!function(d,l){"use strict";l.querySelector&&d.addEventListener&&"undefined"!=typeof URL&&(d.wp=d.wp||{},d.wp.receiveEmbedMessage||(d.wp.receiveEmbedMessage=function(e){var t=e.data;if((t||t.secret||t.message||t.value)&&!/[^a-zA-Z0-9]/.test(t.secret)){for(var s,r,n,a=l.querySelectorAll('iframe[data-secret="'+t.secret+'"]'),o=l.querySelectorAll('blockquote[data-secret="'+t.secret+'"]'),c=new RegExp("^https?:$","i"),i=0;i<o.length;i++)o[i].style.display="none";for(i=0;i<a.length;i++)s=a[i],e.source===s.contentWindow&&(s.removeAttribute("style"),"height"===t.message?(1e3<(r=parseInt(t.value,10))?r=1e3:~~r<200&&(r=200),s.height=r):"link"===t.message&&(r=new URL(s.getAttribute("src")),n=new URL(t.value),c.test(n.protocol))&&n.host===r.host&&l.activeElement===s&&(d.top.location.href=t.value))}},d.addEventListener("message",d.wp.receiveEmbedMessage,!1),l.addEventListener("DOMContentLoaded",function(){for(var e,t,s=l.querySelectorAll("iframe.wp-embedded-content"),r=0;r<s.length;r++)(t=(e=s[r]).getAttribute("data-secret"))||(t=Math.random().toString(36).substring(2,12),e.src+="#?secret="+t,e.setAttribute("data-secret",t)),e.contentWindow.postMessage({message:"ready",secret:t},"*")},!1)))}(window,document);
/* ]]> */
</script>

La formation Ag2r – La Mondiale participera comme à son habitude au Tour des Alpes, anciennement le Tour du Trentin, la semaine prochaine. Elle alignera plusieurs grimpeurs avec entre autres Domenico Pozzovivo, le leader, Alexandre Geniez mais aussi Hubert Dupont, habitué des épreuves italiennes et septième de l&rsquo;épreuve en 2012. « Même si l’épreuve a changé &hellip;
