{"version":"1.0","provider_name":"V\u00e9loPro.fr","provider_url":"https:\/\/cyclingpro.net\/velopro","author_name":"Alexandre Mignot","author_url":"https:\/\/cyclingpro.net\/velopro\/author\/amignot\/","title":"Tour de Hainan : Jakub Mareczko bisse - V\u00e9loPro.fr","type":"rich","width":600,"height":338,"html":"<blockquote class=\"wp-embedded-content\" data-secret=\"cEAkL7vbE1\"><a href=\"https:\/\/cyclingpro.net\/velopro\/course\/tour-of-hainan\/tour-de-hainan-jakub-mareczko-bisse\/\">Tour de Hainan : Jakub Mareczko bisse<\/a><\/blockquote><iframe sandbox=\"allow-scripts\" security=\"restricted\" src=\"https:\/\/cyclingpro.net\/velopro\/course\/tour-of-hainan\/tour-de-hainan-jakub-mareczko-bisse\/embed\/#?secret=cEAkL7vbE1\" width=\"600\" height=\"338\" title=\"\u00ab\u00a0Tour de Hainan : Jakub Mareczko bisse\u00a0\u00bb &#8212; V\u00e9loPro.fr\" data-secret=\"cEAkL7vbE1\" frameborder=\"0\" marginwidth=\"0\" marginheight=\"0\" scrolling=\"no\" class=\"wp-embedded-content\"><\/iframe><script type=\"text\/javascript\">\n\/* <![CDATA[ *\/\n\/*! This file is auto-generated *\/\n!function(d,l){\"use strict\";l.querySelector&&d.addEventListener&&\"undefined\"!=typeof URL&&(d.wp=d.wp||{},d.wp.receiveEmbedMessage||(d.wp.receiveEmbedMessage=function(e){var t=e.data;if((t||t.secret||t.message||t.value)&&!\/[^a-zA-Z0-9]\/.test(t.secret)){for(var s,r,n,a=l.querySelectorAll('iframe[data-secret=\"'+t.secret+'\"]'),o=l.querySelectorAll('blockquote[data-secret=\"'+t.secret+'\"]'),c=new RegExp(\"^https?:$\",\"i\"),i=0;i<o.length;i++)o[i].style.display=\"none\";for(i=0;i<a.length;i++)s=a[i],e.source===s.contentWindow&&(s.removeAttribute(\"style\"),\"height\"===t.message?(1e3<(r=parseInt(t.value,10))?r=1e3:~~r<200&&(r=200),s.height=r):\"link\"===t.message&&(r=new URL(s.getAttribute(\"src\")),n=new URL(t.value),c.test(n.protocol))&&n.host===r.host&&l.activeElement===s&&(d.top.location.href=t.value))}},d.addEventListener(\"message\",d.wp.receiveEmbedMessage,!1),l.addEventListener(\"DOMContentLoaded\",function(){for(var e,t,s=l.querySelectorAll(\"iframe.wp-embedded-content\"),r=0;r<s.length;r++)(t=(e=s[r]).getAttribute(\"data-secret\"))||(t=Math.random().toString(36).substring(2,12),e.src+=\"#?secret=\"+t,e.setAttribute(\"data-secret\",t)),e.contentWindow.postMessage({message:\"ready\",secret:t},\"*\")},!1)))}(window,document);\n\/* ]]> *\/\n<\/script>\n","thumbnail_url":"https:\/\/cyclingpro.net\/velopro\/wp-content\/uploads\/2017\/10\/Jakub-Mareczko.jpg","thumbnail_width":1024,"thumbnail_height":511,"description":"Jakub Mareczko est lanc\u00e9. Au lendemain de sa premi\u00e8re victoire sur le Tour de Hainan, le coureur transalpin a ajout\u00e9 un second succ\u00e8s \u00e0 sa besace ce lundi, lors de la troisi\u00e8me \u00e9tape, en allant r\u00e9gler le sprint massif \u00e0 Chengmai apr\u00e8s 155 kilom\u00e8tres de course. Le pensionnaire de la Wilier Triestina-Selle Italia a devanc\u00e9 &hellip;"}

VéloPro.fr

Tour de Hainan : Jakub Mareczko bisse - VéloPro.fr

<blockquote class="wp-embedded-content" data-secret="cEAkL7vbE1"><a href="https://cyclingpro.net/velopro/course/tour-of-hainan/tour-de-hainan-jakub-mareczko-bisse/">Tour de Hainan : Jakub Mareczko bisse</a></blockquote><iframe sandbox="allow-scripts" security="restricted" src="https://cyclingpro.net/velopro/course/tour-of-hainan/tour-de-hainan-jakub-mareczko-bisse/embed/#?secret=cEAkL7vbE1" width="600" height="338" title="« Tour de Hainan : Jakub Mareczko bisse » &#8212; VéloPro.fr" data-secret="cEAkL7vbE1" frameborder="0" marginwidth="0" marginheight="0" scrolling="no" class="wp-embedded-content"></iframe><script type="text/javascript">
/* <![CDATA[ */
/*! This file is auto-generated */
!function(d,l){"use strict";l.querySelector&&d.addEventListener&&"undefined"!=typeof URL&&(d.wp=d.wp||{},d.wp.receiveEmbedMessage||(d.wp.receiveEmbedMessage=function(e){var t=e.data;if((t||t.secret||t.message||t.value)&&!/[^a-zA-Z0-9]/.test(t.secret)){for(var s,r,n,a=l.querySelectorAll('iframe[data-secret="'+t.secret+'"]'),o=l.querySelectorAll('blockquote[data-secret="'+t.secret+'"]'),c=new RegExp("^https?:$","i"),i=0;i<o.length;i++)o[i].style.display="none";for(i=0;i<a.length;i++)s=a[i],e.source===s.contentWindow&&(s.removeAttribute("style"),"height"===t.message?(1e3<(r=parseInt(t.value,10))?r=1e3:~~r<200&&(r=200),s.height=r):"link"===t.message&&(r=new URL(s.getAttribute("src")),n=new URL(t.value),c.test(n.protocol))&&n.host===r.host&&l.activeElement===s&&(d.top.location.href=t.value))}},d.addEventListener("message",d.wp.receiveEmbedMessage,!1),l.addEventListener("DOMContentLoaded",function(){for(var e,t,s=l.querySelectorAll("iframe.wp-embedded-content"),r=0;r<s.length;r++)(t=(e=s[r]).getAttribute("data-secret"))||(t=Math.random().toString(36).substring(2,12),e.src+="#?secret="+t,e.setAttribute("data-secret",t)),e.contentWindow.postMessage({message:"ready",secret:t},"*")},!1)))}(window,document);
/* ]]> */
</script>

Jakub Mareczko est lancé. Au lendemain de sa première victoire sur le Tour de Hainan, le coureur transalpin a ajouté un second succès à sa besace ce lundi, lors de la troisième étape, en allant régler le sprint massif à Chengmai après 155 kilomètres de course. Le pensionnaire de la Wilier Triestina-Selle Italia a devancé &hellip;
