{"version":"1.0","provider_name":"V\u00e9loPro.fr","provider_url":"https:\/\/cyclingpro.net\/velopro","author_name":"J\u00e9r\u00e9my Blais","author_url":"https:\/\/cyclingpro.net\/velopro\/author\/jblais\/","title":"Le premier succ\u00e8s de Rafal Majka avec Bora - V\u00e9loPro.fr","type":"rich","width":600,"height":338,"html":"<blockquote class=\"wp-embedded-content\" data-secret=\"DAhWYqCoEZ\"><a href=\"https:\/\/cyclingpro.net\/velopro\/course\/tour-of-california\/premier-succes-de-rafal-majka-bora\/\">Le premier succ\u00e8s de Rafal Majka avec Bora<\/a><\/blockquote><iframe sandbox=\"allow-scripts\" security=\"restricted\" src=\"https:\/\/cyclingpro.net\/velopro\/course\/tour-of-california\/premier-succes-de-rafal-majka-bora\/embed\/#?secret=DAhWYqCoEZ\" width=\"600\" height=\"338\" title=\"\u00ab\u00a0Le premier succ\u00e8s de Rafal Majka avec Bora\u00a0\u00bb &#8212; V\u00e9loPro.fr\" data-secret=\"DAhWYqCoEZ\" frameborder=\"0\" marginwidth=\"0\" marginheight=\"0\" scrolling=\"no\" class=\"wp-embedded-content\"><\/iframe><script type=\"text\/javascript\">\n\/* <![CDATA[ *\/\n\/*! This file is auto-generated *\/\n!function(d,l){\"use strict\";l.querySelector&&d.addEventListener&&\"undefined\"!=typeof URL&&(d.wp=d.wp||{},d.wp.receiveEmbedMessage||(d.wp.receiveEmbedMessage=function(e){var t=e.data;if((t||t.secret||t.message||t.value)&&!\/[^a-zA-Z0-9]\/.test(t.secret)){for(var s,r,n,a=l.querySelectorAll('iframe[data-secret=\"'+t.secret+'\"]'),o=l.querySelectorAll('blockquote[data-secret=\"'+t.secret+'\"]'),c=new RegExp(\"^https?:$\",\"i\"),i=0;i<o.length;i++)o[i].style.display=\"none\";for(i=0;i<a.length;i++)s=a[i],e.source===s.contentWindow&&(s.removeAttribute(\"style\"),\"height\"===t.message?(1e3<(r=parseInt(t.value,10))?r=1e3:~~r<200&&(r=200),s.height=r):\"link\"===t.message&&(r=new URL(s.getAttribute(\"src\")),n=new URL(t.value),c.test(n.protocol))&&n.host===r.host&&l.activeElement===s&&(d.top.location.href=t.value))}},d.addEventListener(\"message\",d.wp.receiveEmbedMessage,!1),l.addEventListener(\"DOMContentLoaded\",function(){for(var e,t,s=l.querySelectorAll(\"iframe.wp-embedded-content\"),r=0;r<s.length;r++)(t=(e=s[r]).getAttribute(\"data-secret\"))||(t=Math.random().toString(36).substring(2,12),e.src+=\"#?secret=\"+t,e.setAttribute(\"data-secret\",t)),e.contentWindow.postMessage({message:\"ready\",secret:t},\"*\")},!1)))}(window,document);\n\/* ]]> *\/\n<\/script>\n","thumbnail_url":"https:\/\/cyclingpro.net\/velopro\/wp-content\/uploads\/2017\/05\/645975521.jpg","thumbnail_width":1050,"thumbnail_height":591,"description":"Rafal Majka a pris une petite option en Californie cette nuit. A l&rsquo;occasion de la deuxi\u00e8me \u00e9tape qui arrivait \u00e0 San Jose, le Polonais avait fait la diff\u00e9rence avant, notamment dans le Mont Hamilton, pour cr\u00e9er des \u00e9carts avec la grande majorit\u00e9 de ses rivaux. Il a finalement r\u00e9gl\u00e9 George Bennett au sprint pour d\u00e9crocher &hellip;"}

VéloPro.fr

Jérémy Blais

Le premier succès de Rafal Majka avec Bora - VéloPro.fr

<blockquote class="wp-embedded-content" data-secret="DAhWYqCoEZ"><a href="https://cyclingpro.net/velopro/course/tour-of-california/premier-succes-de-rafal-majka-bora/">Le premier succès de Rafal Majka avec Bora</a></blockquote><iframe sandbox="allow-scripts" security="restricted" src="https://cyclingpro.net/velopro/course/tour-of-california/premier-succes-de-rafal-majka-bora/embed/#?secret=DAhWYqCoEZ" width="600" height="338" title="« Le premier succès de Rafal Majka avec Bora » &#8212; VéloPro.fr" data-secret="DAhWYqCoEZ" frameborder="0" marginwidth="0" marginheight="0" scrolling="no" class="wp-embedded-content"></iframe><script type="text/javascript">
/* <![CDATA[ */
/*! This file is auto-generated */
!function(d,l){"use strict";l.querySelector&&d.addEventListener&&"undefined"!=typeof URL&&(d.wp=d.wp||{},d.wp.receiveEmbedMessage||(d.wp.receiveEmbedMessage=function(e){var t=e.data;if((t||t.secret||t.message||t.value)&&!/[^a-zA-Z0-9]/.test(t.secret)){for(var s,r,n,a=l.querySelectorAll('iframe[data-secret="'+t.secret+'"]'),o=l.querySelectorAll('blockquote[data-secret="'+t.secret+'"]'),c=new RegExp("^https?:$","i"),i=0;i<o.length;i++)o[i].style.display="none";for(i=0;i<a.length;i++)s=a[i],e.source===s.contentWindow&&(s.removeAttribute("style"),"height"===t.message?(1e3<(r=parseInt(t.value,10))?r=1e3:~~r<200&&(r=200),s.height=r):"link"===t.message&&(r=new URL(s.getAttribute("src")),n=new URL(t.value),c.test(n.protocol))&&n.host===r.host&&l.activeElement===s&&(d.top.location.href=t.value))}},d.addEventListener("message",d.wp.receiveEmbedMessage,!1),l.addEventListener("DOMContentLoaded",function(){for(var e,t,s=l.querySelectorAll("iframe.wp-embedded-content"),r=0;r<s.length;r++)(t=(e=s[r]).getAttribute("data-secret"))||(t=Math.random().toString(36).substring(2,12),e.src+="#?secret="+t,e.setAttribute("data-secret",t)),e.contentWindow.postMessage({message:"ready",secret:t},"*")},!1)))}(window,document);
/* ]]> */
</script>

Rafal Majka a pris une petite option en Californie cette nuit. A l&rsquo;occasion de la deuxième étape qui arrivait à San Jose, le Polonais avait fait la différence avant, notamment dans le Mont Hamilton, pour créer des écarts avec la grande majorité de ses rivaux. Il a finalement réglé George Bennett au sprint pour décrocher &hellip;
