{"version":"1.0","provider_name":"V\u00e9loPro.fr","provider_url":"https:\/\/cyclingpro.net\/velopro","author_name":"James Odvart","author_url":"https:\/\/cyclingpro.net\/velopro\/author\/jodvart\/","title":"My World, l'autobiographie de Peter Sagan - V\u00e9loPro.fr","type":"rich","width":600,"height":338,"html":"<blockquote class=\"wp-embedded-content\" data-secret=\"CDdXCLVNAS\"><a href=\"https:\/\/cyclingpro.net\/velopro\/course\/tour-of-california\/my-world-lautobiographie-de-peter-sagan\/\">My World, l&rsquo;autobiographie de Peter Sagan<\/a><\/blockquote><iframe sandbox=\"allow-scripts\" security=\"restricted\" src=\"https:\/\/cyclingpro.net\/velopro\/course\/tour-of-california\/my-world-lautobiographie-de-peter-sagan\/embed\/#?secret=CDdXCLVNAS\" width=\"600\" height=\"338\" title=\"\u00ab\u00a0My World, l&rsquo;autobiographie de Peter Sagan\u00a0\u00bb &#8212; V\u00e9loPro.fr\" data-secret=\"CDdXCLVNAS\" frameborder=\"0\" marginwidth=\"0\" marginheight=\"0\" scrolling=\"no\" class=\"wp-embedded-content\"><\/iframe><script type=\"text\/javascript\">\n\/* <![CDATA[ *\/\n\/*! This file is auto-generated *\/\n!function(d,l){\"use strict\";l.querySelector&&d.addEventListener&&\"undefined\"!=typeof URL&&(d.wp=d.wp||{},d.wp.receiveEmbedMessage||(d.wp.receiveEmbedMessage=function(e){var t=e.data;if((t||t.secret||t.message||t.value)&&!\/[^a-zA-Z0-9]\/.test(t.secret)){for(var s,r,n,a=l.querySelectorAll('iframe[data-secret=\"'+t.secret+'\"]'),o=l.querySelectorAll('blockquote[data-secret=\"'+t.secret+'\"]'),c=new RegExp(\"^https?:$\",\"i\"),i=0;i<o.length;i++)o[i].style.display=\"none\";for(i=0;i<a.length;i++)s=a[i],e.source===s.contentWindow&&(s.removeAttribute(\"style\"),\"height\"===t.message?(1e3<(r=parseInt(t.value,10))?r=1e3:~~r<200&&(r=200),s.height=r):\"link\"===t.message&&(r=new URL(s.getAttribute(\"src\")),n=new URL(t.value),c.test(n.protocol))&&n.host===r.host&&l.activeElement===s&&(d.top.location.href=t.value))}},d.addEventListener(\"message\",d.wp.receiveEmbedMessage,!1),l.addEventListener(\"DOMContentLoaded\",function(){for(var e,t,s=l.querySelectorAll(\"iframe.wp-embedded-content\"),r=0;r<s.length;r++)(t=(e=s[r]).getAttribute(\"data-secret\"))||(t=Math.random().toString(36).substring(2,12),e.src+=\"#?secret=\"+t,e.setAttribute(\"data-secret\",t)),e.contentWindow.postMessage({message:\"ready\",secret:t},\"*\")},!1)))}(window,document);\n\/* ]]> *\/\n<\/script>\n","thumbnail_url":"https:\/\/cyclingpro.net\/velopro\/wp-content\/uploads\/2018\/03\/Gand-Wevelgem-2018-Peter-Sagan.jpg","thumbnail_width":"660","thumbnail_height":"330","description":"Voici d\u00e9j\u00e0 une id\u00e9e de cadeaux pour les f\u00eates d&rsquo;ann\u00e9e avec la sortie, fin d\u00e9cembre, du livre \u00ab My World \u00bb consacr\u00e9 au triple champion du monde Peter Sagan. Cet ouvrage autobiographique, \u00e9dit\u00e9 par Yellow Jersey, montrera le vainqueur de Paris-Roubaix 2018 sous un autre jour. \u00ab\u00a0My World\u00a0\u00bb ira dans les coulisses de la carri\u00e8re &hellip;"}

VéloPro.fr

My World, l'autobiographie de Peter Sagan - VéloPro.fr

<blockquote class="wp-embedded-content" data-secret="CDdXCLVNAS"><a href="https://cyclingpro.net/velopro/course/tour-of-california/my-world-lautobiographie-de-peter-sagan/">My World, l&rsquo;autobiographie de Peter Sagan</a></blockquote><iframe sandbox="allow-scripts" security="restricted" src="https://cyclingpro.net/velopro/course/tour-of-california/my-world-lautobiographie-de-peter-sagan/embed/#?secret=CDdXCLVNAS" width="600" height="338" title="« My World, l&rsquo;autobiographie de Peter Sagan » &#8212; VéloPro.fr" data-secret="CDdXCLVNAS" frameborder="0" marginwidth="0" marginheight="0" scrolling="no" class="wp-embedded-content"></iframe><script type="text/javascript">
/* <![CDATA[ */
/*! This file is auto-generated */
!function(d,l){"use strict";l.querySelector&&d.addEventListener&&"undefined"!=typeof URL&&(d.wp=d.wp||{},d.wp.receiveEmbedMessage||(d.wp.receiveEmbedMessage=function(e){var t=e.data;if((t||t.secret||t.message||t.value)&&!/[^a-zA-Z0-9]/.test(t.secret)){for(var s,r,n,a=l.querySelectorAll('iframe[data-secret="'+t.secret+'"]'),o=l.querySelectorAll('blockquote[data-secret="'+t.secret+'"]'),c=new RegExp("^https?:$","i"),i=0;i<o.length;i++)o[i].style.display="none";for(i=0;i<a.length;i++)s=a[i],e.source===s.contentWindow&&(s.removeAttribute("style"),"height"===t.message?(1e3<(r=parseInt(t.value,10))?r=1e3:~~r<200&&(r=200),s.height=r):"link"===t.message&&(r=new URL(s.getAttribute("src")),n=new URL(t.value),c.test(n.protocol))&&n.host===r.host&&l.activeElement===s&&(d.top.location.href=t.value))}},d.addEventListener("message",d.wp.receiveEmbedMessage,!1),l.addEventListener("DOMContentLoaded",function(){for(var e,t,s=l.querySelectorAll("iframe.wp-embedded-content"),r=0;r<s.length;r++)(t=(e=s[r]).getAttribute("data-secret"))||(t=Math.random().toString(36).substring(2,12),e.src+="#?secret="+t,e.setAttribute("data-secret",t)),e.contentWindow.postMessage({message:"ready",secret:t},"*")},!1)))}(window,document);
/* ]]> */
</script>

Voici déjà une idée de cadeaux pour les fêtes d&rsquo;année avec la sortie, fin décembre, du livre « My World » consacré au triple champion du monde Peter Sagan. Cet ouvrage autobiographique, édité par Yellow Jersey, montrera le vainqueur de Paris-Roubaix 2018 sous un autre jour. « My World » ira dans les coulisses de la carrière &hellip;
