{"version":"1.0","provider_name":"V\u00e9loPro.fr","provider_url":"https:\/\/cyclingpro.net\/velopro","author_name":"Alexandre Mignot","author_url":"https:\/\/cyclingpro.net\/velopro\/author\/amignot\/","title":"Tour de Suisse : Rohan Dennis imp\u00e9rial dans le prologue - V\u00e9loPro.fr","type":"rich","width":600,"height":338,"html":"<blockquote class=\"wp-embedded-content\" data-secret=\"j0lDqqjysl\"><a href=\"https:\/\/cyclingpro.net\/velopro\/course\/tour-de-suisse\/tour-de-suisse-rohan-dennis-imperial\/\">Tour de Suisse : Rohan Dennis imp\u00e9rial dans le prologue<\/a><\/blockquote><iframe sandbox=\"allow-scripts\" security=\"restricted\" src=\"https:\/\/cyclingpro.net\/velopro\/course\/tour-de-suisse\/tour-de-suisse-rohan-dennis-imperial\/embed\/#?secret=j0lDqqjysl\" width=\"600\" height=\"338\" title=\"\u00ab\u00a0Tour de Suisse : Rohan Dennis imp\u00e9rial dans le prologue\u00a0\u00bb &#8212; V\u00e9loPro.fr\" data-secret=\"j0lDqqjysl\" frameborder=\"0\" marginwidth=\"0\" marginheight=\"0\" scrolling=\"no\" class=\"wp-embedded-content\"><\/iframe><script type=\"text\/javascript\">\n\/* <![CDATA[ *\/\n\/*! This file is auto-generated *\/\n!function(d,l){\"use strict\";l.querySelector&&d.addEventListener&&\"undefined\"!=typeof URL&&(d.wp=d.wp||{},d.wp.receiveEmbedMessage||(d.wp.receiveEmbedMessage=function(e){var t=e.data;if((t||t.secret||t.message||t.value)&&!\/[^a-zA-Z0-9]\/.test(t.secret)){for(var s,r,n,a=l.querySelectorAll('iframe[data-secret=\"'+t.secret+'\"]'),o=l.querySelectorAll('blockquote[data-secret=\"'+t.secret+'\"]'),c=new RegExp(\"^https?:$\",\"i\"),i=0;i<o.length;i++)o[i].style.display=\"none\";for(i=0;i<a.length;i++)s=a[i],e.source===s.contentWindow&&(s.removeAttribute(\"style\"),\"height\"===t.message?(1e3<(r=parseInt(t.value,10))?r=1e3:~~r<200&&(r=200),s.height=r):\"link\"===t.message&&(r=new URL(s.getAttribute(\"src\")),n=new URL(t.value),c.test(n.protocol))&&n.host===r.host&&l.activeElement===s&&(d.top.location.href=t.value))}},d.addEventListener(\"message\",d.wp.receiveEmbedMessage,!1),l.addEventListener(\"DOMContentLoaded\",function(){for(var e,t,s=l.querySelectorAll(\"iframe.wp-embedded-content\"),r=0;r<s.length;r++)(t=(e=s[r]).getAttribute(\"data-secret\"))||(t=Math.random().toString(36).substring(2,12),e.src+=\"#?secret=\"+t,e.setAttribute(\"data-secret\",t)),e.contentWindow.postMessage({message:\"ready\",secret:t},\"*\")},!1)))}(window,document);\n\/* ]]> *\/\n<\/script>\n","thumbnail_url":"https:\/\/cyclingpro.net\/velopro\/wp-content\/uploads\/2017\/06\/Rohan-Dennis.jpg","thumbnail_width":1050,"thumbnail_height":538,"description":"Rohan Dennis n&rsquo;a pas fait dans le d\u00e9tail ce samedi lors du prologue du Tour de Suisse. Alors que ses principaux rivaux se sont tenus en une poign\u00e9e de secondes sur les six kilom\u00e8tres autour de Cham, l&rsquo;Australien a lui repouss\u00e9 son plus proche concurrent \u00e0 huit secondes ! Le coureur de la BMC devance &hellip;"}

VéloPro.fr

Tour de Suisse : Rohan Dennis impérial dans le prologue - VéloPro.fr

<blockquote class="wp-embedded-content" data-secret="j0lDqqjysl"><a href="https://cyclingpro.net/velopro/course/tour-de-suisse/tour-de-suisse-rohan-dennis-imperial/">Tour de Suisse : Rohan Dennis impérial dans le prologue</a></blockquote><iframe sandbox="allow-scripts" security="restricted" src="https://cyclingpro.net/velopro/course/tour-de-suisse/tour-de-suisse-rohan-dennis-imperial/embed/#?secret=j0lDqqjysl" width="600" height="338" title="« Tour de Suisse : Rohan Dennis impérial dans le prologue » &#8212; VéloPro.fr" data-secret="j0lDqqjysl" frameborder="0" marginwidth="0" marginheight="0" scrolling="no" class="wp-embedded-content"></iframe><script type="text/javascript">
/* <![CDATA[ */
/*! This file is auto-generated */
!function(d,l){"use strict";l.querySelector&&d.addEventListener&&"undefined"!=typeof URL&&(d.wp=d.wp||{},d.wp.receiveEmbedMessage||(d.wp.receiveEmbedMessage=function(e){var t=e.data;if((t||t.secret||t.message||t.value)&&!/[^a-zA-Z0-9]/.test(t.secret)){for(var s,r,n,a=l.querySelectorAll('iframe[data-secret="'+t.secret+'"]'),o=l.querySelectorAll('blockquote[data-secret="'+t.secret+'"]'),c=new RegExp("^https?:$","i"),i=0;i<o.length;i++)o[i].style.display="none";for(i=0;i<a.length;i++)s=a[i],e.source===s.contentWindow&&(s.removeAttribute("style"),"height"===t.message?(1e3<(r=parseInt(t.value,10))?r=1e3:~~r<200&&(r=200),s.height=r):"link"===t.message&&(r=new URL(s.getAttribute("src")),n=new URL(t.value),c.test(n.protocol))&&n.host===r.host&&l.activeElement===s&&(d.top.location.href=t.value))}},d.addEventListener("message",d.wp.receiveEmbedMessage,!1),l.addEventListener("DOMContentLoaded",function(){for(var e,t,s=l.querySelectorAll("iframe.wp-embedded-content"),r=0;r<s.length;r++)(t=(e=s[r]).getAttribute("data-secret"))||(t=Math.random().toString(36).substring(2,12),e.src+="#?secret="+t,e.setAttribute("data-secret",t)),e.contentWindow.postMessage({message:"ready",secret:t},"*")},!1)))}(window,document);
/* ]]> */
</script>

Rohan Dennis n&rsquo;a pas fait dans le détail ce samedi lors du prologue du Tour de Suisse. Alors que ses principaux rivaux se sont tenus en une poignée de secondes sur les six kilomètres autour de Cham, l&rsquo;Australien a lui repoussé son plus proche concurrent à huit secondes ! Le coureur de la BMC devance &hellip;
