{"version":"1.0","provider_name":"V\u00e9loPro.fr","provider_url":"https:\/\/cyclingpro.net\/velopro","author_name":"Antoine Plouvin","author_url":"https:\/\/cyclingpro.net\/velopro\/author\/aplouvin\/","title":"Domenico Pozzovivo : \u00ab\u00a0Une longue attente\u00a0\u00bb - V\u00e9loPro.fr","type":"rich","width":600,"height":338,"html":"<blockquote class=\"wp-embedded-content\" data-secret=\"fe1kyhZYR0\"><a href=\"https:\/\/cyclingpro.net\/velopro\/course\/tour-de-suisse\/domenico-pozzovivo-longue-attente\/\">Domenico Pozzovivo : \u00ab\u00a0Une longue attente\u00a0\u00bb<\/a><\/blockquote><iframe sandbox=\"allow-scripts\" security=\"restricted\" src=\"https:\/\/cyclingpro.net\/velopro\/course\/tour-de-suisse\/domenico-pozzovivo-longue-attente\/embed\/#?secret=fe1kyhZYR0\" width=\"600\" height=\"338\" title=\"\u00ab\u00a0Domenico Pozzovivo : \u00ab\u00a0Une longue attente\u00a0\u00bb\u00a0\u00bb &#8212; V\u00e9loPro.fr\" data-secret=\"fe1kyhZYR0\" frameborder=\"0\" marginwidth=\"0\" marginheight=\"0\" scrolling=\"no\" class=\"wp-embedded-content\"><\/iframe><script type=\"text\/javascript\">\n\/* <![CDATA[ *\/\n\/*! This file is auto-generated *\/\n!function(d,l){\"use strict\";l.querySelector&&d.addEventListener&&\"undefined\"!=typeof URL&&(d.wp=d.wp||{},d.wp.receiveEmbedMessage||(d.wp.receiveEmbedMessage=function(e){var t=e.data;if((t||t.secret||t.message||t.value)&&!\/[^a-zA-Z0-9]\/.test(t.secret)){for(var s,r,n,a=l.querySelectorAll('iframe[data-secret=\"'+t.secret+'\"]'),o=l.querySelectorAll('blockquote[data-secret=\"'+t.secret+'\"]'),c=new RegExp(\"^https?:$\",\"i\"),i=0;i<o.length;i++)o[i].style.display=\"none\";for(i=0;i<a.length;i++)s=a[i],e.source===s.contentWindow&&(s.removeAttribute(\"style\"),\"height\"===t.message?(1e3<(r=parseInt(t.value,10))?r=1e3:~~r<200&&(r=200),s.height=r):\"link\"===t.message&&(r=new URL(s.getAttribute(\"src\")),n=new URL(t.value),c.test(n.protocol))&&n.host===r.host&&l.activeElement===s&&(d.top.location.href=t.value))}},d.addEventListener(\"message\",d.wp.receiveEmbedMessage,!1),l.addEventListener(\"DOMContentLoaded\",function(){for(var e,t,s=l.querySelectorAll(\"iframe.wp-embedded-content\"),r=0;r<s.length;r++)(t=(e=s[r]).getAttribute(\"data-secret\"))||(t=Math.random().toString(36).substring(2,12),e.src+=\"#?secret=\"+t,e.setAttribute(\"data-secret\",t)),e.contentWindow.postMessage({message:\"ready\",secret:t},\"*\")},!1)))}(window,document);\n\/* ]]> *\/\n<\/script>\n","thumbnail_url":"https:\/\/cyclingpro.net\/velopro\/wp-content\/uploads\/2017\/06\/domenicopozzovivo-podiumyellowjersey-stage6-tourdesuisse2017.jpg","thumbnail_width":1050,"thumbnail_height":525,"description":"Cela faisait longtemps qu\u2019il l\u2019attendait. Domenico Pozzovivo n\u2019avait plus gagn\u00e9 depuis deux ans et une \u00e9tape du Tour de Trention (quelques semaines apr\u00e8s une \u00e9tape sur le Tour de Catalogne). Le coureur italien d\u2019AG2R La Mondiale s\u2019impose aujourd\u2019hui \u00e0 La Punt apr\u00e8s une v\u00e9ritable explication entre leaders sur l\u2019Albulapass et ses 2300 m\u00e8tres d\u2019altitude. Apr\u00e8s &hellip;"}

VéloPro.fr

Domenico Pozzovivo : « Une longue attente » - VéloPro.fr

<blockquote class="wp-embedded-content" data-secret="fe1kyhZYR0"><a href="https://cyclingpro.net/velopro/course/tour-de-suisse/domenico-pozzovivo-longue-attente/">Domenico Pozzovivo : « Une longue attente »</a></blockquote><iframe sandbox="allow-scripts" security="restricted" src="https://cyclingpro.net/velopro/course/tour-de-suisse/domenico-pozzovivo-longue-attente/embed/#?secret=fe1kyhZYR0" width="600" height="338" title="« Domenico Pozzovivo : « Une longue attente » » &#8212; VéloPro.fr" data-secret="fe1kyhZYR0" frameborder="0" marginwidth="0" marginheight="0" scrolling="no" class="wp-embedded-content"></iframe><script type="text/javascript">
/* <![CDATA[ */
/*! This file is auto-generated */
!function(d,l){"use strict";l.querySelector&&d.addEventListener&&"undefined"!=typeof URL&&(d.wp=d.wp||{},d.wp.receiveEmbedMessage||(d.wp.receiveEmbedMessage=function(e){var t=e.data;if((t||t.secret||t.message||t.value)&&!/[^a-zA-Z0-9]/.test(t.secret)){for(var s,r,n,a=l.querySelectorAll('iframe[data-secret="'+t.secret+'"]'),o=l.querySelectorAll('blockquote[data-secret="'+t.secret+'"]'),c=new RegExp("^https?:$","i"),i=0;i<o.length;i++)o[i].style.display="none";for(i=0;i<a.length;i++)s=a[i],e.source===s.contentWindow&&(s.removeAttribute("style"),"height"===t.message?(1e3<(r=parseInt(t.value,10))?r=1e3:~~r<200&&(r=200),s.height=r):"link"===t.message&&(r=new URL(s.getAttribute("src")),n=new URL(t.value),c.test(n.protocol))&&n.host===r.host&&l.activeElement===s&&(d.top.location.href=t.value))}},d.addEventListener("message",d.wp.receiveEmbedMessage,!1),l.addEventListener("DOMContentLoaded",function(){for(var e,t,s=l.querySelectorAll("iframe.wp-embedded-content"),r=0;r<s.length;r++)(t=(e=s[r]).getAttribute("data-secret"))||(t=Math.random().toString(36).substring(2,12),e.src+="#?secret="+t,e.setAttribute("data-secret",t)),e.contentWindow.postMessage({message:"ready",secret:t},"*")},!1)))}(window,document);
/* ]]> */
</script>

Cela faisait longtemps qu’il l’attendait. Domenico Pozzovivo n’avait plus gagné depuis deux ans et une étape du Tour de Trention (quelques semaines après une étape sur le Tour de Catalogne). Le coureur italien d’AG2R La Mondiale s’impose aujourd’hui à La Punt après une véritable explication entre leaders sur l’Albulapass et ses 2300 mètres d’altitude. Après &hellip;
